000
CXUS56 KPDT 271832
CF6RDM
PRELIMINARY LOCAL CLIMATOLOGICAL DATA (WS FORM: F-6)

                                          STATION:   REDMOND OR
                                          MONTH:     JANUARY
                                          YEAR:      2015
                                          LATITUDE:   44 16 N
                                          LONGITUDE: 121  9 W

  TEMPERATURE IN F:       :PCPN:    SNOW:  WIND      :SUNSHINE: SKY     :PK WND
================================================================================
1   2   3   4   5  6A  6B    7    8   9   10  11  12  13   14  15   16   17  18
                                     12Z  AVG MX 2MIN
DY MAX MIN AVG DEP HDD CDD  WTR  SNW DPTH SPD SPD DIR MIN PSBL S-S WX    SPD DR
================================================================================

 1  25  -2  12 -19  53   0 0.00  0.0    0  2.0  8 310   M    M   0         9 310
 2  41   3  22  -9  43   0 0.00  0.0    0  2.3  9 120   M    M   1        12 160
 3  45  20  33   2  32   0 0.00  0.0    0  3.1  8 170   M    M   2         9 160
 4  48  27  38   7  27   0 0.00  0.0    0  4.6 16 220   M    M   9        23 200
 5  53  37  45  13  20   0 0.00  0.0    0  4.7 17 210   M    M   5        25 220
 6  56  30  43  11  22   0 0.00  0.0    0  4.5 13 160   M    M   0        17 160
 7  59  27  43  11  22   0 0.00  0.0    0  2.7  9 160   M    M   0        12 180
 8  34  29  32   0  33   0    T  0.2    0  4.9 12 300   M    M   8 12     13 290
 9  35  30  33   1  32   0    T    T    0  1.3  6 100   M    M  10 12      7 180
10  48  28  38   6  27   0 0.00  0.0    0  0.9  6  90   M    M   7 12      8 110
11  42  30  36   4  29   0 0.10    T    0  2.9  8 290   M    M   8 12     10 290
12  40  32  36   4  29   0    T  0.0    0  3.2  8 330   M    M  10 12     10 320
13  45  31  38   5  27   0 0.00  0.0    0  2.9 12 330   M    M   7 1      14 330
14  39  27  33   0  32   0 0.00  0.0    0  2.3 10 330   M    M   8 1      13 330
15  44  26  35   2  30   0    T  0.0    0  5.7 15 160   M    M  10 12     21 150
16  52  30  41   8  24   0    T  0.0    0  7.0 17 190   M    M   4        22 210
17  56  32  44  11  21   0 0.11  0.0    0  9.3 24 200   M    M   8 1      32 190
18  53  27  40   7  25   0 0.06  0.0    0  7.6 24 290   M    M   3 1      28 280
19  48  26  37   4  28   0 0.00  0.0    0  2.6  9 300   M    M   4        11 340
20  46  21  34   1  31   0 0.00  0.0    0  3.5  9 330   M    M   1         M  M
21  50  24  37   4  28   0 0.00  0.0    0  1.6  9 140   M    M  10 12     12 170
22  47  30  39   5  26   0 0.00  0.0    0  2.6  9 120   M    M   M        14 130
23  51  27  39   5  26   0 0.01  0.0    0  3.6 12 120   M    M   M        15 120
24  67  33  50  16  15   0 0.00  0.0    M  4.3 14 180   M    M   M        17 190
25  69  34  52  18  13   0 0.00  0.0    M  6.6 15 180   M    M   M        19 180
26  66  34  50  16  15   0 0.00  0.0    0  4.5 14 150   M    M   0        18 150
================================================================================
SM 1259  693       710   0  0.28     0.2 101.2          M      115
================================================================================
AV 48.4 26.7                               3.9 FASTST   M    M   5    MAX(MPH)
                                 MISC ---->  # 24 200               # 32  190
================================================================================
NOTES:
# LAST OF SEVERAL OCCURRENCES

COLUMN 17 PEAK WIND IN M.P.H.

PRELIMINARY LOCAL CLIMATOLOGICAL DATA (WS FORM: F-6) , PAGE 2

                                          STATION:  REDMOND OR
                                          MONTH:    JANUARY
                                          YEAR:     2015
                                          LATITUDE:   44 16 N
                                          LONGITUDE: 121  9 W

[TEMPERATURE DATA]      [PRECIPITATION DATA]       SYMBOLS USED IN COLUMN 16

AVERAGE MONTHLY: 37.5   TOTAL FOR MONTH:   0.28    1 = FOG OR MIST
DPTR FM NORMAL:   5.0   DPTR FM NORMAL:   -0.56    2 = FOG REDUCING VISIBILITY
HIGHEST:    69 ON 25    GRTST 24HR  0.17 ON 17-18      TO 1/4 MILE OR LESS
LOWEST:     -2 ON  1                               3 = THUNDER
                        SNOW, ICE PELLETS, HAIL    4 = ICE PELLETS
                        TOTAL MONTH:   0.2 INCH    5 = HAIL
                        GRTST 24HR   0.2 ON   M    6 = FREEZING RAIN OR DRIZZLE
                        GRTST DEPTH:   0           7 = DUSTSTORM OR SANDSTORM:
                                                       VSBY 1/2 MILE OR LESS
                                                   8 = SMOKE OR HAZE
[NO. OF DAYS WITH]      [WEATHER - DAYS WITH]      9 = BLOWING SNOW
                                                   X = TORNADO
MAX 32 OR BELOW:   1    0.01 INCH OR MORE:   4
MAX 90 OR ABOVE:   0    0.10 INCH OR MORE:   2
MIN 32 OR BELOW:  22    0.50 INCH OR MORE:   0
MIN  0 OR BELOW:   1    1.00 INCH OR MORE:   0

[HDD (BASE 65) ]
TOTAL THIS MO.   710    CLEAR  (SCALE 0-3)   8
DPTR FM NORMAL  -134    PTCLDY (SCALE 4-7)   9
TOTAL FM JUL 1  3219    CLOUDY (SCALE 8-10)  5
DPTR FM NORMAL  -465

[CDD (BASE 65) ]
TOTAL THIS MO.     0
DPTR FM NORMAL     0    [PRESSURE DATA]
TOTAL FM JAN 1     0    HIGHEST SLP 30.58 ON 23
DPTR FM NORMAL     0    LOWEST  SLP 29.77 ON 18

[REMARKS]
