000
CXUS52 KRAH 301345
CF6RDU
PRELIMINARY LOCAL CLIMATOLOGICAL DATA (WS FORM: F-6)

                                          STATION:   RALEIGH-DURHAM INTL AIRPORT NC
                                          MONTH:     MARCH
                                          YEAR:      2017
                                          LATITUDE:   35 52 N
                                          LONGITUDE:  78 47 W

  TEMPERATURE IN F:       :PCPN:    SNOW:  WIND      :SUNSHINE: SKY     :PK WND
================================================================================
1   2   3   4   5  6A  6B    7    8   9   10  11  12  13   14  15   16   17  18
                                     12Z  AVG MX 2MIN
DY MAX MIN AVG DEP HDD CDD  WTR  SNW DPTH SPD SPD DIR MIN PSBL S-S WX    SPD DR
================================================================================

 1  79  59  69  21   0   4 0.97  0.0    0 17.2 35 230   M    M   8 13     44 230
 2  62  39  51   3  14   0    T  0.0    0  8.1 18 290   M    M   5        30 300
 3  54  31  43  -5  22   0 0.00  0.0    0  6.6 21 280   M    M   2        33 300
 4  54  25  40  -8  25   0 0.00  0.0    0  2.5 13 270   M    M   2        17 280
 5  53  30  42  -6  23   0 0.00  0.0    0  6.2 17  70   M    M   1        24  80
 6  65  34  50   1  15   0 0.00  0.0    0  6.6 17 220   M    M   5        21 220
 7  74  49  62  13   3   0    T  0.0    0 13.8 23 230   M    M   7        33 230
 8  69  46  58   9   7   0 0.05  0.0    0  8.4 23 220   M    M   4 1      32 210
 9  75  37  56   6   9   0 0.00  0.0    0  6.0 23 230   M    M   2        28 240
10  69  41  55   5  10   0    T  0.0    0 10.7 23 300   M    M   6        37 310
11  50  31  41  -9  24   0 0.00  0.0    0  4.4 14 280   M    M   5        24 270
12  48  30  39 -11  26   0 0.03  0.3    0  5.0 16  40   M    M   6 12     21  20
13  42  26  34 -17  31   0 0.56  0.0    0  8.2 18  80   M    M   7 1      23  40
14  54  30  42  -9  23   0 0.25  0.0    0 10.6 23 290   M    M   8 1      41 270
15  40  24  32 -19  33   0 0.00  0.0    0 10.4 24 290   M    M   1        35 260
16  50  24  37 -15  28   0 0.00  0.0    0  6.1 17 280   M    M   1        25 250
17  58  23  41 -11  24   0 0.03  0.0    0  5.0 16 230   M    M   4 1      20 230
18  64  44  54   2  11   0 0.50    T    0  7.8 24 300   M    M   8 1358   35 300
19  57  36  47  -5  18   0 0.00  0.0    0  7.2 21  30   M    M   4        30  40
20  66  30  48  -5  17   0 0.00  0.0    0  3.6 13 240   M    M   4 1      17 230
21  82  50  66  13   0   1 0.20  0.0    0  5.8 15 250   M    M   6 13     22 270
22  64  39  52  -1  13   0 0.00  0.0    0  8.3 21  50   M    M   5        28  40
23  56  31  44 -10  21   0 0.00  0.0    0  7.3 14  50   M    M   2        18  50
24  71  37  54   0  11   0 0.00  0.0    0  9.6 23 230   M    M   3        27 230
25  76  52  64  10   1   0 0.00  0.0    0 10.7 21 240   M    M   8        27 240
26  77  52  65  11   0   0 0.00  0.0    0  7.0 16 180   M    M   7        22 200
27  79  59  69  14   0   4 0.06  0.0    0  9.2 18 230   M    M   8 1      21 230
28  80  60  70  15   0   5 0.06  0.0    0  7.5 16 230   M    M   6 13     22 220
29  73  55  64   9   1   0 0.00  0.0    0  5.0 16  50   M    M   4        21  80
================================================================================
SM 1841 1124       410  14  2.71     0.3 224.8          M      139
================================================================================
AV 63.5 38.8                               7.8 FASTST   M    M   5    MAX(MPH)
                                 MISC ---->  # 35 230               # 44  230
================================================================================
NOTES:
# LAST OF SEVERAL OCCURRENCES

COLUMN 17 PEAK WIND IN M.P.H.

PRELIMINARY LOCAL CLIMATOLOGICAL DATA (WS FORM: F-6) , PAGE 2

                                          STATION:  RALEIGH-DURHAM INTL AIRPORT NC
                                          MONTH:    MARCH
                                          YEAR:     2017
                                          LATITUDE:   35 52 N
                                          LONGITUDE:  78 47 W

[TEMPERATURE DATA]      [PRECIPITATION DATA]       SYMBOLS USED IN COLUMN 16

AVERAGE MONTHLY: 51.1   TOTAL FOR MONTH:   2.71    1 = FOG OR MIST
DPTR FM NORMAL:  -0.2   DPTR FM NORMAL:   -1.15    2 = FOG REDUCING VISIBILITY
HIGHEST:    82 ON 21    GRTST 24HR  0.97 ON  1- 1      TO 1/4 MILE OR LESS
LOWEST:     23 ON 17                               3 = THUNDER
                        SNOW, ICE PELLETS, HAIL    4 = ICE PELLETS
                        TOTAL MONTH:   0.3 INCH    5 = HAIL
                        GRTST 24HR   0.3 ON   M    6 = FREEZING RAIN OR DRIZZLE
                        GRTST DEPTH:   0           7 = DUSTSTORM OR SANDSTORM:
                                                       VSBY 1/2 MILE OR LESS
                                                   8 = SMOKE OR HAZE
[NO. OF DAYS WITH]      [WEATHER - DAYS WITH]      9 = BLOWING SNOW
                                                   X = TORNADO
MAX 32 OR BELOW:   0    0.01 INCH OR MORE:  10
MAX 90 OR ABOVE:   0    0.10 INCH OR MORE:   5
MIN 32 OR BELOW:  12    0.50 INCH OR MORE:   3
MIN  0 OR BELOW:   0    1.00 INCH OR MORE:   0

[HDD (BASE 65) ]
TOTAL THIS MO.   410    CLEAR  (SCALE 0-3)   8
DPTR FM NORMAL     5    PTCLDY (SCALE 4-7)  18
TOTAL FM JUL 1  2383    CLOUDY (SCALE 8-10)  3
DPTR FM NORMAL  -594

[CDD (BASE 65) ]
TOTAL THIS MO.    14
DPTR FM NORMAL    13    [PRESSURE DATA]
TOTAL FM JAN 1    22    HIGHEST SLP  0.00 ON  7
DPTR FM NORMAL    20    LOWEST  SLP  0.00 ON  7

[REMARKS]
