000
CXUS52 KRAH 241345
CF6RDU
PRELIMINARY LOCAL CLIMATOLOGICAL DATA (WS FORM: F-6)

                                          STATION:   RALEIGH-DURHAM INTL AIRPORT NC
                                          MONTH:     NOVEMBER
                                          YEAR:      2017
                                          LATITUDE:   35 52 N
                                          LONGITUDE:  78 47 W

  TEMPERATURE IN F:       :PCPN:    SNOW:  WIND      :SUNSHINE: SKY     :PK WND
================================================================================
1   2   3   4   5  6A  6B    7    8   9   10  11  12  13   14  15   16   17  18
                                     12Z  AVG MX 2MIN
DY MAX MIN AVG DEP HDD CDD  WTR  SNW DPTH SPD SPD DIR MIN PSBL S-S WX    SPD DR
================================================================================

 1  73  46  60   4   5   0 0.00  0.0    0  4.3 12 170   M    M   7        16 170
 2  78  55  67  11   0   2 0.00  0.0    0  2.1 10 240   M    M   6        13 230
 3  81  52  67  11   0   2 0.00  0.0    0  2.1 13 230   M    M   2 1      15 230
 4  64  56  60   4   5   0 0.00  0.0    0  8.3 16  40   M    M   9        23  80
 5  70  51  61   6   4   0 0.00  0.0    0  2.5  8  40   M    M   8 1      13 170
 6  76  53  65  10   0   0 0.00  0.0    0  4.7 18 240   M    M   8 12     23 240
 7  63  44  54  -1  11   0 0.10  0.0    0  6.5 16  30   M    M  10 1      23  30
 8  45  43  44 -10  21   0 0.13  0.0    0  8.2 16  40   M    M   9 1      19  40
 9  50  45  48  -6  17   0 0.27  0.0    0  4.1 12  40   M    M  10 1      15  30
10  58  35  47  -7  18   0 0.00  0.0    0  6.6 22  50   M    M   4 1      28  60
11  46  28  37 -17  28   0 0.00  0.0    0  5.2 16  60   M    M   6        24  50
12  49  28  39 -14  26   0 0.03  0.0    0  1.6 12  50   M    M   9 1      15  40
13  60  42  51  -2  14   0 0.64  0.0    0  4.3 12 360   M    M   7 1      17 340
14  52  43  48  -5  17   0 0.00  0.0    0  8.8 17  30   M    M   9        21  50
15  54  33  44  -8  21   0 0.00  0.0    0  3.5 13  40   M    M   5        16  50
16  67  36  52   0  13   0 0.00  0.0    0  3.2 13 300   M    M   3 1      19 280
17  57  34  46  -6  19   0 0.00  0.0    0  2.8  8  20   M    M   3        13  30
18  67  33  50  -2  15   0 0.00  0.0    0 11.5 29 230   M    M   7        36 240
19  64  34  49  -2  16   0 0.08  0.0    0  9.2 26 220   M    M   4 1      37 230
20  57  28  43  -8  22   0 0.00  0.0    0  1.9 10 340   M    M   3        17 350
21  64  30  47  -4  18   0 0.00  0.0    0  2.8 13 140   M    M   7        17 170
22  62  42  52   2  13   0 0.03  0.0    0  4.7 14  10   M    M   7        22 320
23  50  29  40 -10  25   0 0.00  0.0    0  2.6  9  70   M    M   7        16 110
================================================================================
SM 1407  920       328   4  1.28     0.0 111.5          M      150
================================================================================
AV 61.2 40.0                               4.8 FASTST   M    M   7    MAX(MPH)
                                 MISC ---->  # 29 230               # 37  230
================================================================================
NOTES:
# LAST OF SEVERAL OCCURRENCES

COLUMN 17 PEAK WIND IN M.P.H.

PRELIMINARY LOCAL CLIMATOLOGICAL DATA (WS FORM: F-6) , PAGE 2

                                          STATION:  RALEIGH-DURHAM INTL AIRPORT NC
                                          MONTH:    NOVEMBER
                                          YEAR:     2017
                                          LATITUDE:   35 52 N
                                          LONGITUDE:  78 47 W

[TEMPERATURE DATA]      [PRECIPITATION DATA]       SYMBOLS USED IN COLUMN 16

AVERAGE MONTHLY: 50.6   TOTAL FOR MONTH:   1.28    1 = FOG OR MIST
DPTR FM NORMAL:  -2.7   DPTR FM NORMAL:   -1.11    2 = FOG REDUCING VISIBILITY
HIGHEST:    81 ON  3    GRTST 24HR  0.64 ON 13-13      TO 1/4 MILE OR LESS
LOWEST:     28 ON 20,12                            3 = THUNDER
                        SNOW, ICE PELLETS, HAIL    4 = ICE PELLETS
                        TOTAL MONTH:   0.0 INCH    5 = HAIL
                        GRTST 24HR     0.0         6 = FREEZING RAIN OR DRIZZLE
                        GRTST DEPTH:   0           7 = DUSTSTORM OR SANDSTORM:
                                                       VSBY 1/2 MILE OR LESS
                                                   8 = SMOKE OR HAZE
[NO. OF DAYS WITH]      [WEATHER - DAYS WITH]      9 = BLOWING SNOW
                                                   X = TORNADO
MAX 32 OR BELOW:   0    0.01 INCH OR MORE:   7
MAX 90 OR ABOVE:   0    0.10 INCH OR MORE:   4
MIN 32 OR BELOW:   5    0.50 INCH OR MORE:   1
MIN  0 OR BELOW:   0    1.00 INCH OR MORE:   0

[HDD (BASE 65) ]
TOTAL THIS MO.   328    CLEAR  (SCALE 0-3)   4
DPTR FM NORMAL    51    PTCLDY (SCALE 4-7)  13
TOTAL FM JUL 1   463    CLOUDY (SCALE 8-10)  6
DPTR FM NORMAL    -3

[CDD (BASE 65) ]
TOTAL THIS MO.     4
DPTR FM NORMAL     3    [PRESSURE DATA]
TOTAL FM JAN 1  1968    HIGHEST SLP M ON M
DPTR FM NORMAL   247    LOWEST  SLP 29.48 ON 19

[REMARKS]
