000
CXUS53 KGRB 200659
CF6RHI
PRELIMINARY LOCAL CLIMATOLOGICAL DATA (WS FORM: F-6)

                                          STATION:   RHINELANDER WI
                                          MONTH:     OCTOBER
                                          YEAR:      2017
                                          LATITUDE:   45 37 N
                                          LONGITUDE:  89 27 W

  TEMPERATURE IN F:       :PCPN:    SNOW:  WIND      :SUNSHINE: SKY     :PK WND
================================================================================
1   2   3   4   5  6A  6B    7    8   9   10  11  12  13   14  15   16   17  18
                                     12Z  AVG MX 2MIN
DY MAX MIN AVG DEP HDD CDD  WTR  SNW DPTH SPD SPD DIR MIN PSBL S-S WX    SPD DR
================================================================================

 1  68  47  58   9   7   0    T  0.0    0  8.6 18 160   M    M   3        25 150
 2  73  52  63  14   2   0 0.03  0.0    0  9.7 17 170   M    M   6        26 170
 3  73  54  64  16   1   0 0.62  0.0    0  9.8 21 220   M    M   6 1      29 220
 4  59  39  49   1  16   0 0.00  0.0    0  8.7 23 260   M    M   3 1      28 260
 5  58  36  47  -1  18   0 0.00  0.0    0  5.6 13 260   M    M   7 1      16 260
 6  62  43  53   6  12   0 0.88  0.0    0  3.7 12  80   M    M   9 123    15  70
 7  65  50  58  11   7   0 1.30  0.0    0  7.4 18 190   M    M  10 1      25 180
 8  73  43  58  12   7   0 0.00  0.0    0  6.8 21 210   M    M   1 12     29 190
 9  62  45  54   8  11   0 0.00  0.0    0  4.8 12 340   M    M   5        18 320
10  51  31  41  -5  24   0 0.00  0.0    0  3.4 10  30   M    M   1        15  40
11  61  33  47   1  18   0 0.00  0.0    0  7.2 16 110   M    M   1        24  80
12  53  48  51   6  14   0    T  0.0    0  6.3 13 140   M    M  10 1      19 160
13  59  31  45   0  20   0 0.00  0.0    0  5.2 15 210   M    M   6 1      20 210
14  53  30  42  -2  23   0 0.30  0.0    0  6.9 17  70   M    M   5 18     24  60
15  49  32  41  -3  24   0 0.35  0.0    0  6.7 16  10   M    M   7 18     25 360
16  57  27  42  -2  23   0 0.00  0.0    0  8.5 18 260   M    M   0        25 230
17  69  37  53   9  12   0 0.00  0.0    0  6.4 14 230   M    M   0        19 220
18  70  48  59  16   6   0 0.00  0.0    0 12.6 24 210   M    M   0        33 220
19  67  36  52   9  13   0 0.00  0.0    0  9.7 20 270   M    M   0        24 260
================================================================================
SM 1182  762       258   0  3.48     0.0 138.0          M       80
================================================================================
AV 62.2 40.1                               7.3 FASTST   M    M   4    MAX(MPH)
                                 MISC ---->  # 24 210               # 33  220
================================================================================
NOTES:
# LAST OF SEVERAL OCCURRENCES

COLUMN 17 PEAK WIND IN M.P.H.

PRELIMINARY LOCAL CLIMATOLOGICAL DATA (WS FORM: F-6) , PAGE 2

                                          STATION:  RHINELANDER WI
                                          MONTH:    OCTOBER
                                          YEAR:     2017
                                          LATITUDE:   45 37 N
                                          LONGITUDE:  89 27 W

[TEMPERATURE DATA]      [PRECIPITATION DATA]       SYMBOLS USED IN COLUMN 16

AVERAGE MONTHLY: 51.2   TOTAL FOR MONTH:   3.48    1 = FOG OR MIST
DPTR FM NORMAL:   5.3   DPTR FM NORMAL:    1.38    2 = FOG REDUCING VISIBILITY
HIGHEST:    73 ON  8, 3 GRTST 24HR  1.30 ON  7- 7      TO 1/4 MILE OR LESS
LOWEST:     27 ON 16                               3 = THUNDER
                        SNOW, ICE PELLETS, HAIL    4 = ICE PELLETS
                        TOTAL MONTH:   0.0 INCH    5 = HAIL
                        GRTST 24HR     0.0         6 = FREEZING RAIN OR DRIZZLE
                        GRTST DEPTH:   0           7 = DUSTSTORM OR SANDSTORM:
                                                       VSBY 1/2 MILE OR LESS
                                                   8 = SMOKE OR HAZE
[NO. OF DAYS WITH]      [WEATHER - DAYS WITH]      9 = BLOWING SNOW
                                                   X = TORNADO
MAX 32 OR BELOW:   0    0.01 INCH OR MORE:   6
MAX 90 OR ABOVE:   0    0.10 INCH OR MORE:   5
MIN 32 OR BELOW:   5    0.50 INCH OR MORE:   3
MIN  0 OR BELOW:   0    1.00 INCH OR MORE:   1

[HDD (BASE 65) ]
TOTAL THIS MO.   258    CLEAR  (SCALE 0-3)   9
DPTR FM NORMAL  -108    PTCLDY (SCALE 4-7)   7
TOTAL FM JUL 1   631    CLOUDY (SCALE 8-10)  3
DPTR FM NORMAL  -167

[CDD (BASE 65) ]
TOTAL THIS MO.     0
DPTR FM NORMAL     0    [PRESSURE DATA]
TOTAL FM JAN 1   215    HIGHEST SLP M ON M
DPTR FM NORMAL   -44    LOWEST  SLP 29.35 ON  7

[REMARKS]
