000
CXUS55 KGJT 251000
CF6RIL
PRELIMINARY LOCAL CLIMATOLOGICAL DATA (WS FORM: F-6)

                                          STATION:   RIFLE CO
                                          MONTH:     JULY
                                          YEAR:      2017
                                          LATITUDE:   39 31 N
                                          LONGITUDE: 107 43 W

  TEMPERATURE IN F:       :PCPN:    SNOW:  WIND      :SUNSHINE: SKY     :PK WND
================================================================================
1   2   3   4   5  6A  6B    7    8   9   10  11  12  13   14  15   16   17  18
                                     12Z  AVG MX 2MIN
DY MAX MIN AVG DEP HDD CDD  WTR  SNW DPTH SPD SPD DIR MIN PSBL S-S WX    SPD DR
================================================================================

 1  93  48  71   0   0   6 0.00    M    M  6.0 23 280   M    M   0        29 270
 2  96  50  73   2   0   8 0.00    M    M  9.9 33 250   M    M   0        41 250
 3  91  55  73   2   0   8 0.00    M    M  8.1 35 250   M    M   0        46 250
 4  96  55  76   4   0  11 0.00    M    M  4.7 17 130   M    M   0        23 360
 5 100  57  79   7   0  14    T    M    M  5.9 28  50   M    M   0 3      34  50
 6  96  57  77   5   0  12 0.00    M    M  6.9 25 240   M    M   0        31 250
 7  98  57  78   6   0  13    T    M    M  4.6 32 310   M    M   0 3      44 260
 8  97  54  76   4   0  11    T    M    M  5.1 22  10   M    M   0        36  20
 9  98  58  78   6   0  13 0.00    M    M  5.2 21 320   M    M   0        24 320
10  96  63  80   7   0  15 0.11    M    M  7.2 25 160   M    M   1 3      30 170
11  90  61  76   3   0  11 0.41    M    M  6.3 22 130   M    M   3 13     28 140
12  86  61  74   1   0   9    T    M    M  5.6 30 270   M    M   4 3      39 270
13  91  59  75   2   0  10 0.07    M    M  4.3 26 140   M    M   1 3      32 140
14  93  58  76   3   0  11 0.00    M    M  4.6 25 140   M    M   0        31 140
15  94  59  77   4   0  12 0.00    M    M  7.0 20 270   M    M   0        22 280
16  94  60  77   4   0  12 0.00    M    M  7.3 26 100   M    M   0 3      33  80
17  95  64  80   7   0  15    T    M    M  6.3 24 320   M    M   1 3      30 320
18  96  65  81   8   0  16 0.00    M    M  6.4 25 150   M    M   0        30 160
19  94  64  79   6   0  14 0.02    M    M  7.0 30 270   M    M   1 3      35 260
20  92  62  77   4   0  12    T    M    M  5.8 41 140   M    M   1 3      47 140
21  90  63  77   4   0  12 0.02    M    M  4.7 25 360   M    M   3 38     39  10
22  94  59  77   4   0  12 0.00    M    M  4.6 16 320   M    M   0        21 320
23  96  56  76   3   0  11 0.00    M    M  6.3 29 160   M    M   0        33 170
24  96  60  78   5   0  13 0.01    M    M  7.9 35 160   M    M   1 3      40 160
================================================================================
SM 2262 1405         0 281  0.64    M    147.7          M       16
================================================================================
AV 94.3 58.5                               6.2 FASTST   M    M   1    MAX(MPH)
                                 MISC ---->  # 41 140               # 47  140
================================================================================
NOTES:
# LAST OF SEVERAL OCCURRENCES

COLUMN 17 PEAK WIND IN M.P.H.

PRELIMINARY LOCAL CLIMATOLOGICAL DATA (WS FORM: F-6) , PAGE 2

                                          STATION:  RIFLE CO
                                          MONTH:    JULY
                                          YEAR:     2017
                                          LATITUDE:   39 31 N
                                          LONGITUDE: 107 43 W

[TEMPERATURE DATA]      [PRECIPITATION DATA]       SYMBOLS USED IN COLUMN 16

AVERAGE MONTHLY: 76.4   TOTAL FOR MONTH:   0.64    1 = FOG OR MIST
DPTR FM NORMAL:   3.9   DPTR FM NORMAL:   -0.10    2 = FOG REDUCING VISIBILITY
HIGHEST:   100 ON  5    GRTST 24HR  0.41 ON 11-11      TO 1/4 MILE OR LESS
LOWEST:     48 ON  1                               3 = THUNDER
                        SNOW, ICE PELLETS, HAIL    4 = ICE PELLETS
                        TOTAL MONTH:    M          5 = HAIL
                        GRTST 24HR    M  ON   M    6 = FREEZING RAIN OR DRIZZLE
                        GRTST DEPTH:  M  ON   M    7 = DUSTSTORM OR SANDSTORM:
                                                       VSBY 1/2 MILE OR LESS
                                                   8 = SMOKE OR HAZE
[NO. OF DAYS WITH]      [WEATHER - DAYS WITH]      9 = BLOWING SNOW
                                                   X = TORNADO
MAX 32 OR BELOW:   0    0.01 INCH OR MORE:   6
MAX 90 OR ABOVE:  23    0.10 INCH OR MORE:   2
MIN 32 OR BELOW:   0    0.50 INCH OR MORE:   0
MIN  0 OR BELOW:   0    1.00 INCH OR MORE:   0

[HDD (BASE 65) ]
TOTAL THIS MO.     0    CLEAR  (SCALE 0-3)  22
DPTR FM NORMAL     0    PTCLDY (SCALE 4-7)   2
TOTAL FM JUL 1     0    CLOUDY (SCALE 8-10)  0
DPTR FM NORMAL     0

[CDD (BASE 65) ]
TOTAL THIS MO.   281
DPTR FM NORMAL   101    [PRESSURE DATA]
TOTAL FM JAN 1   497    HIGHEST SLP M ON M
DPTR FM NORMAL   215    LOWEST  SLP 29.75 ON 10

[REMARKS]
