000
CXUS55 KGJT 221000
CF6RIL
PRELIMINARY LOCAL CLIMATOLOGICAL DATA (WS FORM: F-6)

                                          STATION:   RIFLE CO
                                          MONTH:     FEBRUARY
                                          YEAR:      2018
                                          LATITUDE:   39 31 N
                                          LONGITUDE: 107 43 W

  TEMPERATURE IN F:       :PCPN:    SNOW:  WIND      :SUNSHINE: SKY     :PK WND
================================================================================
1   2   3   4   5  6A  6B    7    8   9   10  11  12  13   14  15   16   17  18
                                     12Z  AVG MX 2MIN
DY MAX MIN AVG DEP HDD CDD  WTR  SNW DPTH SPD SPD DIR MIN PSBL S-S WX    SPD DR
================================================================================

 1  54  28  41  14  24   0 0.00    M    M  1.5  8 150   M    M   6         9 350
 2  56  29  43  16  22   0 0.00    M    M  3.9 15 260   M    M   7        18 270
 3  55  29  42  15  23   0    T    M    M  6.2 22 280   M    M   2        27 280
 4  51  27  39  11  26   0 0.00    M    M  3.7 15 240   M    M   2        18 240
 5  55  34  45  17  20   0    T    M    M  7.3 22 260   M    M   7        28 230
 6  45  24  35   7  30   0    T    M    M  6.0 25 320   M    M   6 18     32 320
 7  49  19  34   6  31   0 0.00    M    M  4.3 14 250   M    M   1        18 240
 8  51  20  36   7  29   0 0.00    M    M  4.1 15 270   M    M   0        18 260
 9  56  26  41  12  24   0 0.00    M    M  4.4 25 270   M    M   0        30 260
10  42  19  31   2  34   0    T    M    M  5.7 22 320   M    M   6 18     30 320
11  36  13  25  -5  40   0 0.00    M    M  3.9 10 170   M    M   0        15 280
12  36  23  30   0  35   0 0.54    M    M  3.5  9 110   M    M   8 126    11 140
13  42  31  37   7  28   0 0.08    M    M  2.6 13 270   M    M   9 126    16 270
14  47  32  40  10  25   0    T    M    M  5.3 25 250   M    M   7 128    32 250
15  42  26  34   3  31   0 0.06    M    M  5.8 29 320   M    M   8 18     36 320
16  39  11  25  -6  40   0 0.00    M    M  4.6 18 250   M    M   2        24 280
17  44  17  31   0  34   0 0.00    M    M  3.5  9 130   M    M   1        12 150
18  55  20  38   6  27   0 0.00    M    M 12.2 32 220   M    M   0        43 220
19  50  14  32   0  33   0    M    M    M 18.0 43 200   M    M   9 12689  61 200
20  27   8  18 -14  47   0    M    M    M  5.0 18 260   M    M   5 19     21 260
21  33   4  19 -14  46   0    T    M    M  2.1  8 120   M    M   4 1       9 170
================================================================================
SM  965  454       649   0  0.68    M    113.6          M       90
================================================================================
AV 46.0 21.6                               5.4 FASTST   M    M   4    MAX(MPH)
                                 MISC ---->  # 43 200               # 61  200
================================================================================
NOTES:
# LAST OF SEVERAL OCCURRENCES

COLUMN 17 PEAK WIND IN M.P.H.

PRELIMINARY LOCAL CLIMATOLOGICAL DATA (WS FORM: F-6) , PAGE 2

                                          STATION:  RIFLE CO
                                          MONTH:    FEBRUARY
                                          YEAR:     2018
                                          LATITUDE:   39 31 N
                                          LONGITUDE: 107 43 W

[TEMPERATURE DATA]      [PRECIPITATION DATA]       SYMBOLS USED IN COLUMN 16

AVERAGE MONTHLY: 33.8   TOTAL FOR MONTH:   0.68    1 = FOG OR MIST
DPTR FM NORMAL:   4.2   DPTR FM NORMAL:    0.12    2 = FOG REDUCING VISIBILITY
HIGHEST:    56 ON  9, 2 GRTST 24HR  0.54 ON 12-12      TO 1/4 MILE OR LESS
LOWEST:      4 ON 21                               3 = THUNDER
                        SNOW, ICE PELLETS, HAIL    4 = ICE PELLETS
                        TOTAL MONTH:    M          5 = HAIL
                        GRTST 24HR    M  ON   M    6 = FREEZING RAIN OR DRIZZLE
                        GRTST DEPTH:  M  ON   M    7 = DUSTSTORM OR SANDSTORM:
                                                       VSBY 1/2 MILE OR LESS
                                                   8 = SMOKE OR HAZE
[NO. OF DAYS WITH]      [WEATHER - DAYS WITH]      9 = BLOWING SNOW
                                                   X = TORNADO
MAX 32 OR BELOW:   1    0.01 INCH OR MORE:   3
MAX 90 OR ABOVE:   0    0.10 INCH OR MORE:   1
MIN 32 OR BELOW:  20    0.50 INCH OR MORE:   1
MIN  0 OR BELOW:   0    1.00 INCH OR MORE:   0

[HDD (BASE 65) ]
TOTAL THIS MO.   649    CLEAR  (SCALE 0-3)   9
DPTR FM NORMAL   -96    PTCLDY (SCALE 4-7)  10
TOTAL FM JUL 1  4141    CLOUDY (SCALE 8-10)  2
DPTR FM NORMAL  -639

[CDD (BASE 65) ]
TOTAL THIS MO.     0
DPTR FM NORMAL     0    [PRESSURE DATA]
TOTAL FM JAN 1     0    HIGHEST SLP M ON M
DPTR FM NORMAL     0    LOWEST  SLP 29.12 ON 19

[REMARKS]
