000
CXUS55 KRIW 310903
CF6RKS
PRELIMINARY LOCAL CLIMATOLOGICAL DATA (WS FORM: F-6)

                                          STATION:   ROCK SPRINGS WY
                                          MONTH:     AUGUST
                                          YEAR:      2015
                                          LATITUDE:   41 35 N
                                          LONGITUDE: 109  4 W

  TEMPERATURE IN F:       :PCPN:    SNOW:  WIND      :SUNSHINE: SKY     :PK WND
================================================================================
1   2   3   4   5  6A  6B    7    8   9   10  11  12  13   14  15   16   17  18
                                     12Z  AVG MX 2MIN
DY MAX MIN AVG DEP HDD CDD  WTR  SNW DPTH SPD SPD DIR MIN PSBL S-S WX    SPD DR
================================================================================

 1  86  53  70   0   0   5 0.00  0.0    0  4.4 15 270   M    M   0        20 260
 2  88  54  71   1   0   6    T  0.0    0  7.3 36 150   M    M   0        43 150
 3  75  54  65  -5   0   0 0.04  0.0    0 12.5 28 240   M    M   8 13     33 250
 4  80  51  66  -3   0   1 0.00  0.0    0 14.4 29 290   M    M   2        36 300
 5  83  55  69   0   0   4    T  0.0    0 10.1 33 220   M    M   2 3      40 240
 6  81  50  66  -3   0   1 0.00  0.0    0 12.7 30 270   M    M   0 8      36 270
 7  66  53  60  -9   5   0    T  0.0    0  9.2 21 250   M    M   5        26 180
 8  75  50  63  -6   2   0 0.13  0.0    0  8.9 36 270   M    M   6 13     41 270
 9  75  47  61  -8   4   0 0.00  0.0    0  9.7 18 270   M    M   0        27 270
10  84  47  66  -2   0   1 0.00  0.0    0  5.7 13  80   M    M   1        16  90
11  84  53  69   1   0   4    T  0.0    0  8.6 24 210   M    M   3        32 210
12  78  61  70   2   0   5    T  0.0    0 13.2 28 220   M    M   5 8      35 230
13  86  54  70   2   0   5 0.00  0.0    0  4.9 14 200   M    M   2        17 280
14  88  57  73   5   0   8    T  0.0    0  6.9 23 200   M    M   1 3      28 200
15  86  58  72   5   0   7    T  0.0    0  6.7 30 230   M    M   3 3      37 240
16  85  53  69   2   0   4    T  0.0    0 10.2 25 280   M    M   0 3      35 290
17  83  48  66  -1   0   1 0.00  0.0    0 13.7 38 270   M    M   0        47 270
18  74  42  58  -9   7   0 0.00  0.0    0 11.8 35  40   M    M   3        42  40
19  75  42  59  -7   6   0 0.00  0.0    0 10.1 22 260   M    M   1        27 260
20  80  50  65  -1   0   0 0.00  0.0    0 12.2 30 250   M    M   1 8      38 250
21  86  54  70   4   0   5 0.00  0.0    0 13.5 39 250   M    M   0        46 250
22  78  48  63  -3   2   0 0.00  0.0    0 16.9 28 300   M    M   0 8      35 280
23  82  43  63  -2   2   0 0.00  0.0    0  7.2 24 220   M    M   0 8      29 250
24  86  53  70   5   0   5 0.00  0.0    0  6.7 29 220   M    M   0        37 200
25  89  51  70   5   0   5 0.00  0.0    0  7.4 29 210   M    M   0        35 220
26  78  55  67   3   0   2 0.02  0.0    0  8.2 26 190   M    M   4 1      34 200
27  80  54  67   3   0   2    T  0.0    0  9.7 41 310   M    M   5 1      56 300
28  82  49  66   2   0   1 0.00  0.0    0  6.2 16 330   M    M   0        22 330
29  87  56  72   8   0   7 0.00  0.0    0  7.5 21 200   M    M   0        25 190
30  83  55  69   6   0   4 0.18  0.0    0 11.8 39 240   M    M   5 3      46 240
================================================================================
SM 2443 1550        28  83  0.37     0.0 288.3          M       57
================================================================================
AV 81.4 51.7                               9.6 FASTST   M    M   2    MAX(MPH)
                                 MISC ---->  # 41 310               # 56  300
================================================================================
NOTES:
# LAST OF SEVERAL OCCURRENCES

COLUMN 17 PEAK WIND IN M.P.H.

PRELIMINARY LOCAL CLIMATOLOGICAL DATA (WS FORM: F-6) , PAGE 2

                                          STATION:  ROCK SPRINGS WY
                                          MONTH:    AUGUST
                                          YEAR:     2015
                                          LATITUDE:   41 35 N
                                          LONGITUDE: 109  4 W

[TEMPERATURE DATA]      [PRECIPITATION DATA]       SYMBOLS USED IN COLUMN 16

AVERAGE MONTHLY: 66.6   TOTAL FOR MONTH:   0.37    1 = FOG OR MIST
DPTR FM NORMAL:  -0.4   DPTR FM NORMAL:   -0.23    2 = FOG REDUCING VISIBILITY
HIGHEST:    89 ON 25    GRTST 24HR  0.18 ON 30-30      TO 1/4 MILE OR LESS
LOWEST:     42 ON 19,18                            3 = THUNDER
                        SNOW, ICE PELLETS, HAIL    4 = ICE PELLETS
                        TOTAL MONTH:   0.0 INCH    5 = HAIL
                        GRTST 24HR     0.0         6 = FREEZING RAIN OR DRIZZLE
                        GRTST DEPTH:   0           7 = DUSTSTORM OR SANDSTORM:
                                                       VSBY 1/2 MILE OR LESS
                                                   8 = SMOKE OR HAZE
[NO. OF DAYS WITH]      [WEATHER - DAYS WITH]      9 = BLOWING SNOW
                                                   X = TORNADO
MAX 32 OR BELOW:   0    0.01 INCH OR MORE:   4
MAX 90 OR ABOVE:   0    0.10 INCH OR MORE:   2
MIN 32 OR BELOW:   0    0.50 INCH OR MORE:   0
MIN  0 OR BELOW:   0    1.00 INCH OR MORE:   0

[HDD (BASE 65) ]
TOTAL THIS MO.    28    CLEAR  (SCALE 0-3)  23
DPTR FM NORMAL    -8    PTCLDY (SCALE 4-7)   7
TOTAL FM JUL 1    54    CLOUDY (SCALE 8-10)  0
DPTR FM NORMAL    -6

[CDD (BASE 65) ]
TOTAL THIS MO.    83
DPTR FM NORMAL   -12    [PRESSURE DATA]
TOTAL FM JAN 1   252    HIGHEST SLP M ON M
DPTR FM NORMAL   -23    LOWEST  SLP 29.70 ON 21

[REMARKS]
