094
CXUS55 KRIW 220945
CF6RKS
PRELIMINARY LOCAL CLIMATOLOGICAL DATA (WS FORM: F-6)

                                          STATION:   ROCK SPRINGS WY
                                          MONTH:     NOVEMBER
                                          YEAR:      2017
                                          LATITUDE:   41 35 N
                                          LONGITUDE: 109  4 W

  TEMPERATURE IN F:       :PCPN:    SNOW:  WIND      :SUNSHINE: SKY     :PK WND
================================================================================
1   2   3   4   5  6A  6B    7    8   9   10  11  12  13   14  15   16   17  18
                                     12Z  AVG MX 2MIN
DY MAX MIN AVG DEP HDD CDD  WTR  SNW DPTH SPD SPD DIR MIN PSBL S-S WX    SPD DR
================================================================================

 1  58  37  48  10  17   0 0.00  0.0    M 26.7 49 260   M    M   2        59 250
 2  57  38  48  10  17   0 0.00    M    M 13.6 28 260   M    M   3        37 250
 3  57  36  47  10  18   0    T    M    M 10.3 28 250   M    M   7        34 260
 4  50  31  41   4  24   0 0.02    M    M 10.6 29 260   M    M   5 18     39 260
 5  39  30  35  -1  30   0 0.04    M    M 10.8 21 260   M    M  10 1      26 260
 6  33  25  29  -7  36   0 0.02    M    M  9.3 18 240   M    M  10 1      22 240
 7  30  19  25 -10  40   0    T    M    M  5.8 12 240   M    M   6 1      15 270
 8  37  15  26  -9  39   0 0.00  0.0    M  4.1 14 240   M    M   0        16 250
 9  50  21  36   2  29   0 0.00  0.0    M  3.5  9 140   M    M   1         9 140
10  47  26  37   3  28   0 0.00  0.0    M  5.7 12 300   M    M   1        16 260
11  45  28  37   4  28   0    T    M    M 10.2 29 260   M    M   2 18     35 260
12  50  18  34   1  31   0 0.00  0.0    M  2.5 10 130   M    M   0        11 150
13  55  23  39   7  26   0 0.00  0.0    M  3.5 12 220   M    M   1 8      13 320
14  49  27  38   6  27   0 0.00  0.0    M 10.4 33 270   M    M   4        42 270
15  53  19  36   5  29   0 0.00  0.0    M  4.0 13 230   M    M   2        16 230
16  57  38  48  18  17   0    T    M    M 12.3 30 210   M    M   6        37 210
17  40  19  30   0  35   0 0.21    M    M 17.9 32 260   M    M   7 12     40 260
18  26  15  21  -8  44   0 0.00  0.0    M 16.5 28 260   M    M   0        33 260
19  33  11  22  -7  43   0 0.00    M    M  4.3 14 240   M    M   0        15 240
20  39  20  30   2  35   0 0.00    M    M 15.7 36 260   M    M   3        44 260
21  47  35  41  13  24   0 0.00    M    M 17.6 26 260   M    M   3        32 260
================================================================================
SM  952  531       617   0  0.29     0.0 215.3          M       73
================================================================================
AV 45.3 25.3                              10.3 FASTST   M    M   3    MAX(MPH)
                                 MISC ---->  # 49 260               # 59  250
================================================================================
NOTES:
# LAST OF SEVERAL OCCURRENCES

COLUMN 17 PEAK WIND IN M.P.H.

PRELIMINARY LOCAL CLIMATOLOGICAL DATA (WS FORM: F-6) , PAGE 2

                                          STATION:  ROCK SPRINGS WY
                                          MONTH:    NOVEMBER
                                          YEAR:     2017
                                          LATITUDE:   41 35 N
                                          LONGITUDE: 109  4 W

[TEMPERATURE DATA]      [PRECIPITATION DATA]       SYMBOLS USED IN COLUMN 16

AVERAGE MONTHLY: 35.3   TOTAL FOR MONTH:   0.29    1 = FOG OR MIST
DPTR FM NORMAL:   2.2   DPTR FM NORMAL:   -0.07    2 = FOG REDUCING VISIBILITY
HIGHEST:    58 ON  1    GRTST 24HR  0.21 ON 17-17      TO 1/4 MILE OR LESS
LOWEST:     11 ON 19                               3 = THUNDER
                        SNOW, ICE PELLETS, HAIL    4 = ICE PELLETS
                        TOTAL MONTH:   0.0 INCH    5 = HAIL
                        GRTST 24HR     0.0         6 = FREEZING RAIN OR DRIZZLE
                        GRTST DEPTH:  M  ON   M    7 = DUSTSTORM OR SANDSTORM:
                                                       VSBY 1/2 MILE OR LESS
                                                   8 = SMOKE OR HAZE
[NO. OF DAYS WITH]      [WEATHER - DAYS WITH]      9 = BLOWING SNOW
                                                   X = TORNADO
MAX 32 OR BELOW:   2    0.01 INCH OR MORE:   4
MAX 90 OR ABOVE:   0    0.10 INCH OR MORE:   1
MIN 32 OR BELOW:  16    0.50 INCH OR MORE:   0
MIN  0 OR BELOW:   0    1.00 INCH OR MORE:   0

[HDD (BASE 65) ]
TOTAL THIS MO.   617    CLEAR  (SCALE 0-3)  12
DPTR FM NORMAL   -53    PTCLDY (SCALE 4-7)   7
TOTAL FM JUL 1  1655    CLOUDY (SCALE 8-10)  2
DPTR FM NORMAL    18

[CDD (BASE 65) ]
TOTAL THIS MO.     0
DPTR FM NORMAL     0    [PRESSURE DATA]
TOTAL FM JAN 1   394    HIGHEST SLP M ON M
DPTR FM NORMAL   108    LOWEST  SLP 29.53 ON  1

[REMARKS]
