000
CXUS55 KREV 200836
CF6RNO
PRELIMINARY LOCAL CLIMATOLOGICAL DATA (WS FORM: F-6)

                                          STATION:   RENO TAHOE AIRPORT NV
                                          MONTH:     OCTOBER
                                          YEAR:      2014
                                          LATITUDE:   39 30 N
                                          LONGITUDE: 119 47 W

  TEMPERATURE IN F:       :PCPN:    SNOW:  WIND      :SUNSHINE: SKY     :PK WND
================================================================================
1   2   3   4   5  6A  6B    7    8   9   10  11  12  13   14  15   16   17  18
                                     12Z  AVG MX 2MIN
DY MAX MIN AVG DEP HDD CDD  WTR  SNW DPTH SPD SPD DIR MIN PSBL S-S WX    SPD DR
================================================================================

 1  67  42  55  -5  10   0 0.00  0.0    0  4.3 15  80   M    M   M        22 140
 2  76  38  57  -2   8   0 0.00  0.0    0  2.5  9 350   M    M   M        11 320
 3  81  41  61   2   4   0 0.00  0.0    0  1.9  9 100   M    M   M        13 100
 4  84  42  63   4   2   0 0.00  0.0    0  2.4 10  90   M    M   M        12  90
 5  84  43  64   6   1   0 0.00  0.0    0  2.5 12  70   M    M   M        13  70
 6  86  44  65   7   0   0 0.00  0.0    0  1.8 10 130   M    M   M        13 120
 7  87  47  67   9   0   2 0.00  0.0    0  3.0 16 260   M    M   M        20 250
 8  83  48  66   9   0   1 0.00  0.0    0  4.7 22 360   M    M   M        25  10
 9  80  45  63   6   2   0 0.00  0.0    0  3.8 16 300   M    M   M        22 320
10  79  45  62   6   3   0 0.00  0.0    0  3.2 14  60   M    M   M        17  70
11  85  46  66  10   0   1 0.00  0.0    0  4.9 18  10   M    M   M        24 340
12  71  46  59   3   6   0 0.00  0.0    0  3.9 20 360   M    M   M        27  10
13  83  41  62   7   3   0 0.00  0.0    0  2.1  9 210   M    M   M        13 310
14  81  50  66  11   0   1 0.00  0.0    0 19.7 47 170   M    M   M        60 170
15  63  50  57   3   8   0 0.00  0.0    0 16.2 46 180   M    M   M        60 170
16  72  43  58   4   7   0 0.00  0.0    0  2.4  9 100   M    M   M        12 100
17  70  44  57   3   8   0 0.00  0.0    0  3.8 14  10   M    M   M        17 330
18  73  40  57   4   8   0 0.00  0.0    0  2.8 12  70   M    M   M        14  70
19  79  40  60   7   5   0 0.00  0.0    0  2.4 18 290   M    M   M        24 220
================================================================================
SM 1484  835        75   5  0.00     0.0  88.3          M        M
================================================================================
AV 78.1 43.9                               4.6 FASTST   M    M   0    MAX(MPH)
                                 MISC ---->  # 47 170               # 60  170
================================================================================
NOTES:
# LAST OF SEVERAL OCCURRENCES

COLUMN 17 PEAK WIND IN M.P.H.

PRELIMINARY LOCAL CLIMATOLOGICAL DATA (WS FORM: F-6) , PAGE 2

                                          STATION:  RENO TAHOE AIRPORT NV
                                          MONTH:    OCTOBER
                                          YEAR:     2014
                                          LATITUDE:   39 30 N
                                          LONGITUDE: 119 47 W

[TEMPERATURE DATA]      [PRECIPITATION DATA]       SYMBOLS USED IN COLUMN 16

AVERAGE MONTHLY: 61.0   TOTAL FOR MONTH:   0.00    1 = FOG OR MIST
DPTR FM NORMAL:   4.7   DPTR FM NORMAL:   -0.31    2 = FOG REDUCING VISIBILITY
HIGHEST:    87 ON  7    GRTST 24HR    T  ON 13-14      TO 1/4 MILE OR LESS
LOWEST:     38 ON  2                               3 = THUNDER
                        SNOW, ICE PELLETS, HAIL    4 = ICE PELLETS
                        TOTAL MONTH:   0.0 INCH    5 = HAIL
                        GRTST 24HR     0.0         6 = FREEZING RAIN OR DRIZZLE
                        GRTST DEPTH:   0           7 = DUSTSTORM OR SANDSTORM:
                                                       VSBY 1/2 MILE OR LESS
                                                   8 = SMOKE OR HAZE
[NO. OF DAYS WITH]      [WEATHER - DAYS WITH]      9 = BLOWING SNOW
                                                   X = TORNADO
MAX 32 OR BELOW:   0    0.01 INCH OR MORE:   0
MAX 90 OR ABOVE:   0    0.10 INCH OR MORE:   0
MIN 32 OR BELOW:   0    0.50 INCH OR MORE:   0
MIN  0 OR BELOW:   0    1.00 INCH OR MORE:   0

[HDD (BASE 65) ]
TOTAL THIS MO.    75    CLEAR  (SCALE 0-3)   0
DPTR FM NORMAL   -96    PTCLDY (SCALE 4-7)   0
TOTAL FM JUL 1   128    CLOUDY (SCALE 8-10)  0
DPTR FM NORMAL  -133

[CDD (BASE 65) ]
TOTAL THIS MO.     5
DPTR FM NORMAL     1    [PRESSURE DATA]
TOTAL FM JAN 1  1211    HIGHEST SLP M ON M
DPTR FM NORMAL   373    LOWEST  SLP 29.58 ON 14

[REMARKS]
