788
CXUS51 KBUF 221205
CF6ROC
PRELIMINARY LOCAL CLIMATOLOGICAL DATA (WS FORM: F-6)

                                          STATION:   ROCHESTER NY
                                          MONTH:     SEPTEMBER
                                          YEAR:      2017
                                          LATITUDE:   43  7 N
                                          LONGITUDE:  77 40 W

  TEMPERATURE IN F:       :PCPN:    SNOW:  WIND      :SUNSHINE: SKY     :PK WND
================================================================================
1   2   3   4   5  6A  6B    7    8   9   10  11  12  13   14  15   16   17  18
                                     12Z  AVG MX 2MIN
DY MAX MIN AVG DEP HDD CDD  WTR  SNW DPTH SPD SPD DIR MIN PSBL S-S WX    SPD DR
================================================================================

 1  62  45  54 -13  11   0 0.00  0.0    0  5.1 16  20   M    M   6        21  20
 2  71  43  57  -9   8   0 0.01  0.0    0  7.4 20 160   M    M   5        26 160
 3  71  56  64  -2   1   0 0.35  0.0    0  8.0 20 270   M    M   9 13     27 260
 4  80  55  68   2   0   3 0.22  0.0    0 13.1 28 250   M    M   6 13     35 250
 5  69  57  63  -3   2   0 0.09  0.0    0  5.4 17 330   M    M   8 13     22 330
 6  69  55  62  -3   3   0 0.26  0.0    0  4.8 15  30   M    M   9 1      17  30
 7  68  52  60  -5   5   0 0.01  0.0    0 10.8 26 250   M    M   6 1      31 260
 8  66  52  59  -6   6   0 0.02  0.0    0  8.6 20 350   M    M   7        23 350
 9  65  48  57  -7   8   0    T    M    0  6.6 16 340   M    M   6        19 360
10  66  46  56  -8   9   0 0.00  0.0    0  4.9 15  20   M    M   3        19  10
11  74  44  59  -5   6   0 0.00  0.0    0  4.0 12  50   M    M   4        14  40
12  79  50  65   2   0   0 0.00  0.0    0  4.0 10  40   M    M   4        12  30
13  81  53  67   4   0   2 0.00  0.0    0  4.3 12  30   M    M   6 1      14  10
14  80  62  71   8   0   6 0.00  0.0    0  4.6 12 340   M    M   7        13  20
15  81  58  70   8   0   5 0.00  0.0    0  5.8 12 350   M    M   2 1      15  10
16  83  58  71   9   0   6 0.00  0.0    0  3.4 14  30   M    M   2 12     16  30
17  85  59  72  11   0   7 0.00  0.0    0  3.4 12  30   M    M   3 12     14  40
18  86  63  75  14   0  10 0.00  0.0    0  2.6 13  30   M    M   7 1      14  30
19  83  63  73  12   0   8 0.00  0.0    0  5.1 13  30   M    M   5 1      15 220
20  78  58  68   8   0   3 0.00  0.0    0  3.9 15  40   M    M   4 128    17  60
21  82  57  70  10   0   5 0.00  0.0    0  3.7 14  40   M    M   6 12     18  40
================================================================================
SM 1579 1134        59  55  0.96     0.0 119.5          M      115
================================================================================
AV 75.2 54.0                               5.7 FASTST   M    M   5    MAX(MPH)
                                 MISC ---->  # 28 250               # 35  250
================================================================================
NOTES:
# LAST OF SEVERAL OCCURRENCES

COLUMN 17 PEAK WIND IN M.P.H.

PRELIMINARY LOCAL CLIMATOLOGICAL DATA (WS FORM: F-6) , PAGE 2

                                          STATION:  ROCHESTER NY
                                          MONTH:    SEPTEMBER
                                          YEAR:     2017
                                          LATITUDE:   43  7 N
                                          LONGITUDE:  77 40 W

[TEMPERATURE DATA]      [PRECIPITATION DATA]       SYMBOLS USED IN COLUMN 16

AVERAGE MONTHLY: 64.6   TOTAL FOR MONTH:   0.96    1 = FOG OR MIST
DPTR FM NORMAL:   1.1   DPTR FM NORMAL:   -1.41    2 = FOG REDUCING VISIBILITY
HIGHEST:    86 ON 18    GRTST 24HR  0.35 ON  3- 3      TO 1/4 MILE OR LESS
LOWEST:     43 ON  2                               3 = THUNDER
                        SNOW, ICE PELLETS, HAIL    4 = ICE PELLETS
                        TOTAL MONTH:   0.0 INCH    5 = HAIL
                        GRTST 24HR     0.0         6 = FREEZING RAIN OR DRIZZLE
                        GRTST DEPTH:   0           7 = DUSTSTORM OR SANDSTORM:
                                                       VSBY 1/2 MILE OR LESS
                                                   8 = SMOKE OR HAZE
[NO. OF DAYS WITH]      [WEATHER - DAYS WITH]      9 = BLOWING SNOW
                                                   X = TORNADO
MAX 32 OR BELOW:   0    0.01 INCH OR MORE:   7
MAX 90 OR ABOVE:   0    0.10 INCH OR MORE:   3
MIN 32 OR BELOW:   0    0.50 INCH OR MORE:   0
MIN  0 OR BELOW:   0    1.00 INCH OR MORE:   0

[HDD (BASE 65) ]
TOTAL THIS MO.    59    CLEAR  (SCALE 0-3)   4
DPTR FM NORMAL   -17    PTCLDY (SCALE 4-7)  15
TOTAL FM JUL 1    86    CLOUDY (SCALE 8-10)  2
DPTR FM NORMAL   -24

[CDD (BASE 65) ]
TOTAL THIS MO.    55
DPTR FM NORMAL    12    [PRESSURE DATA]
TOTAL FM JAN 1   571    HIGHEST SLP M ON M
DPTR FM NORMAL    44    LOWEST  SLP 29.56 ON  4

[REMARKS]
