000
CXUS55 KABQ 281000
CF6ROW
PRELIMINARY LOCAL CLIMATOLOGICAL DATA (WS FORM: F-6)

                                          STATION:   ROSWELL NM
                                          MONTH:     JULY
                                          YEAR:      2015
                                          LATITUDE:   33 17 N
                                          LONGITUDE: 104 32 W

  TEMPERATURE IN F:       :PCPN:    SNOW:  WIND      :SUNSHINE: SKY     :PK WND
================================================================================
1   2   3   4   5  6A  6B    7    8   9   10  11  12  13   14  15   16   17  18
                                     12Z  AVG MX 2MIN
DY MAX MIN AVG DEP HDD CDD  WTR  SNW DPTH SPD SPD DIR MIN PSBL S-S WX    SPD DR
================================================================================

 1  96  61  79  -1   0  14 0.00  0.0    0  8.0 17 150   M    M   0        22 160
 2  97  67  82   2   0  17    T  0.0    0  7.4 28  80   M    M   1        34  70
 3  86  69  78  -2   0  13 0.00  0.0    0  7.0 23 330   M    M   2        29 340
 4  93  66  80  -1   0  15 0.00  0.0    0  6.2 18 130   M    M   0        26 130
 5  97  66  82   1   0  17 0.03  0.0    0  8.2 23 240   M    M   1        31 260
 6  98  68  83   2   0  18    T  0.0    0  8.7 40 360   M    M   3 8      48 350
 7  81  64  73  -8   0   8 0.03  0.0    0  9.7 17 360   M    M   8 1      21 360
 8  91  60  76  -5   0  11 0.00  0.0    0  9.9 21 180   M    M   1 1      28 180
 9  95  67  81   0   0  16 0.06  0.0    0  9.6 25 170   M    M   2 3      33 180
10  91  66  79  -2   0  14    T  0.0    0  5.9 18 210   M    M   2 3      25 220
11  91  68  80  -1   0  15 0.26  0.0    0  9.1 18  10   M    M   4 13     23 350
12  99  67  83   2   0  18 0.11  0.0    0  5.9 15 160   M    M   0 13     20 150
13 101  67  84   4   0  19 0.00  0.0    0  5.7 21 270   M    M   0        38 250
14 101  66  84   4   0  19    T  0.0    0  7.2 24 240   M    M   0 3      31 240
15  98  69  84   4   0  19    T  0.0    0  7.2 38 280   M    M   1 3      45 280
16 100  65  83   3   0  18    T  0.0    0  4.5 20 250   M    M   1 3      23 160
17 101  70  86   6   0  21    T  0.0    0  7.0 23 330   M    M   2        29 330
18 103  67  85   5   0  20 0.00  0.0    0  5.9 20 160   M    M   0        24 180
19 102  72  87   7   0  22 0.00  0.0    0  8.9 23 260   M    M   1 3      30 270
20 102  70  86   6   0  21 0.14  0.0    0  8.9 37 260   M    M   2 3      49 250
21  90  68  79  -1   0  14 0.02  0.0    0  5.7 24 260   M    M   2 3      30 250
22  98  63  81   1   0  16 0.00  0.0    0  6.0 14 170   M    M   0        21 150
23 101  67  84   4   0  19 0.09  0.0    0  4.5 20 320   M    M   1        25 320
24 103  68  86   6   0  21 0.00  0.0    0  6.3 16 310   M    M   1 3      21 330
25 103  71  87   7   0  22 0.00  0.0    0  6.2 21 250   M    M   0 3      27 250
26 103  70  87   7   0  22 0.00  0.0    0  7.8 17 140   M    M   0        25 150
27 103  74  89   9   0  24 0.00  0.0    0  6.8 18 160   M    M   1        23 150
================================================================================
SM 2624 1816         0 473  0.74     0.0 194.2          M       36
================================================================================
AV 97.2 67.3                               7.2 FASTST   M    M   1    MAX(MPH)
                                 MISC ---->  # 40 360               # 49  250
================================================================================
NOTES:
# LAST OF SEVERAL OCCURRENCES

COLUMN 17 PEAK WIND IN M.P.H.

PRELIMINARY LOCAL CLIMATOLOGICAL DATA (WS FORM: F-6) , PAGE 2

                                          STATION:  ROSWELL NM
                                          MONTH:    JULY
                                          YEAR:     2015
                                          LATITUDE:   33 17 N
                                          LONGITUDE: 104 32 W

[TEMPERATURE DATA]      [PRECIPITATION DATA]       SYMBOLS USED IN COLUMN 16

AVERAGE MONTHLY: 82.2   TOTAL FOR MONTH:   0.74    1 = FOG OR MIST
DPTR FM NORMAL:   1.9   DPTR FM NORMAL:   -1.10    2 = FOG REDUCING VISIBILITY
HIGHEST:   103 ON 27,26 GRTST 24HR  0.37 ON 11-12      TO 1/4 MILE OR LESS
LOWEST:     60 ON  8                               3 = THUNDER
                        SNOW, ICE PELLETS, HAIL    4 = ICE PELLETS
                        TOTAL MONTH:   0.0 INCH    5 = HAIL
                        GRTST 24HR     0.0         6 = FREEZING RAIN OR DRIZZLE
                        GRTST DEPTH:   0           7 = DUSTSTORM OR SANDSTORM:
                                                       VSBY 1/2 MILE OR LESS
                                                   8 = SMOKE OR HAZE
[NO. OF DAYS WITH]      [WEATHER - DAYS WITH]      9 = BLOWING SNOW
                                                   X = TORNADO
MAX 32 OR BELOW:   0    0.01 INCH OR MORE:   8
MAX 90 OR ABOVE:  25    0.10 INCH OR MORE:   3
MIN 32 OR BELOW:   0    0.50 INCH OR MORE:   0
MIN  0 OR BELOW:   0    1.00 INCH OR MORE:   0

[HDD (BASE 65) ]
TOTAL THIS MO.     0    CLEAR  (SCALE 0-3)  25
DPTR FM NORMAL     0    PTCLDY (SCALE 4-7)   2
TOTAL FM JUL 1     0    CLOUDY (SCALE 8-10)  0
DPTR FM NORMAL     0

[CDD (BASE 65) ]
TOTAL THIS MO.   473
DPTR FM NORMAL    56    [PRESSURE DATA]
TOTAL FM JAN 1   988    HIGHEST SLP M ON M
DPTR FM NORMAL   -51    LOWEST  SLP 29.70 ON M

[REMARKS]
