000
CXUS54 KFWD 190730
CF6RPH
PRELIMINARY LOCAL CLIMATOLOGICAL DATA (WS FORM: F-6)

                                          STATION:   GRAHAM
                                          MONTH:     OCTOBER
                                          YEAR:      2017
                                          LATITUDE:   33  6 N
                                          LONGITUDE:  98 30 W

  TEMPERATURE IN F:       :PCPN:    SNOW:  WIND      :SUNSHINE: SKY     :PK WND
================================================================================
1   2   3   4   5  6A  6B    7    8   9   10  11  12  13   14  15   16   17  18
                                     12Z  AVG MX 2MIN
DY MAX MIN AVG DEP HDD CDD  WTR  SNW DPTH SPD SPD DIR MIN PSBL S-S WX    SPD DR
================================================================================

 1  87  58  73   4   0   8 0.02  0.0    0  4.6  9 150   M    M   1        16 150
 2  89  65  77   8   0  12 0.00  0.0    0  7.7 16 140   M    M   1        22 140
 3  90  71  81  13   0  16 0.04  0.0    0  7.5 12 150   M    M   5        20 150
 4  87  71  79  11   0  14 0.03  0.0    0  5.1  9 150   M    M   6         M  M
 5  89  66  78  10   0  13 0.00  0.0    0  3.3  8 200   M    M   1         M  M
 6  88  67  78  11   0  13 0.00  0.0    0  6.9 13 150   M    M   1        22 150
 7  83  53  68   1   0   3 0.00  0.0    0  5.3 13 340   M    M   3 8      20 260
 8  89  46  68   1   0   3 0.00  0.0    0  3.4  9 150   M    M   0         M  M
 9  89  57  73   7   0   8 0.00  0.0    0 10.3 21 290   M    M   1        25 290
10  67  46  57  -9   8   0 0.00  0.0    0  9.6 17 350   M    M   0        25 320
11  76  41  59  -7   6   0 0.00  0.0    0  1.1  6 110   M    M   0         M  M
12  89  57  73   7   0   8 0.00  0.0    0  4.6 10 150   M    M   0        17 150
13  91  68  80  15   0  15 0.00  0.0    0  6.2 13 200   M    M   0        18 200
14  93  71  82  17   0  17 0.00  0.0    0  7.8 15 170   M    M   0        24 170
15  76  49  63  -1   2   0 0.21  0.0    0 10.7 22 360   M    M  10        40 340
16  73  37  55  -9  10   0 0.00  0.0    0  0.7  6  40   M    M   0         M  M
17  80  38  59  -5   6   0 0.00  0.0    0  3.5  8 140   M    M   0         M  M
18  86  50  68   4   0   3 0.00  0.0    0  5.1 10 150   M    M   0        18 150
================================================================================
SM 1522 1011        32 133  0.30     0.0 103.4          M       29
================================================================================
AV 84.6 56.2                               5.7 FASTST   M    M   2    MAX(MPH)
                                 MISC ---->    22   M                 40    M
================================================================================
NOTES:
# LAST OF SEVERAL OCCURRENCES

COLUMN 17 PEAK WIND IN M.P.H.

PRELIMINARY LOCAL CLIMATOLOGICAL DATA (WS FORM: F-6) , PAGE 2

                                          STATION:  GRAHAM
                                          MONTH:    OCTOBER
                                          YEAR:     2017
                                          LATITUDE:   33  6 N
                                          LONGITUDE:  98 30 W

[TEMPERATURE DATA]      [PRECIPITATION DATA]       SYMBOLS USED IN COLUMN 16

AVERAGE MONTHLY: 70.4   TOTAL FOR MONTH:   0.30    1 = FOG OR MIST
DPTR FM NORMAL:   4.1   DPTR FM NORMAL:   -1.87    2 = FOG REDUCING VISIBILITY
HIGHEST:    93 ON 14    GRTST 24HR  0.21 ON 15-15      TO 1/4 MILE OR LESS
LOWEST:     37 ON 16                               3 = THUNDER
                        SNOW, ICE PELLETS, HAIL    4 = ICE PELLETS
                        TOTAL MONTH:   0.0 INCH    5 = HAIL
                        GRTST 24HR     0.0         6 = FREEZING RAIN OR DRIZZLE
                        GRTST DEPTH:   0           7 = DUSTSTORM OR SANDSTORM:
                                                       VSBY 1/2 MILE OR LESS
                                                   8 = SMOKE OR HAZE
[NO. OF DAYS WITH]      [WEATHER - DAYS WITH]      9 = BLOWING SNOW
                                                   X = TORNADO
MAX 32 OR BELOW:   0    0.01 INCH OR MORE:   4
MAX 90 OR ABOVE:   3    0.10 INCH OR MORE:   1
MIN 32 OR BELOW:   0    0.50 INCH OR MORE:   0
MIN  0 OR BELOW:   0    1.00 INCH OR MORE:   0

[HDD (BASE 65) ]
TOTAL THIS MO.    32    CLEAR  (SCALE 0-3)  15
DPTR FM NORMAL   -15    PTCLDY (SCALE 4-7)   2
TOTAL FM JUL 1    33    CLOUDY (SCALE 8-10)  1
DPTR FM NORMAL   -30

[CDD (BASE 65) ]
TOTAL THIS MO.   133
DPTR FM NORMAL    61    [PRESSURE DATA]
TOTAL FM JAN 1  2590    HIGHEST SLP M ON M
DPTR FM NORMAL   325    LOWEST  SLP M ON M

[REMARKS]
