000
CXUS54 KLZK 301130
CF6RUE
PRELIMINARY LOCAL CLIMATOLOGICAL DATA (WS FORM: F-6)

                                          STATION:   Russellville
                                          MONTH:     MAY
                                          YEAR:      2016
                                          LATITUDE:   35 15 N
                                          LONGITUDE:  93  6 W

  TEMPERATURE IN F:       :PCPN:    SNOW:  WIND      :SUNSHINE: SKY     :PK WND
================================================================================
1   2   3   4   5  6A  6B    7    8   9   10  11  12  13   14  15   16   17  18
                                     12Z  AVG MX 2MIN
DY MAX MIN AVG DEP HDD CDD  WTR  SNW DPTH SPD SPD DIR MIN PSBL S-S WX    SPD DR
================================================================================

 1  78  59  69   3   0   4 0.00    M    M  5.6 15 270   M    M   1        19 300
 2  66  53  60  -6   5   0 0.00    M    M  5.6 12 290   M    M   6        14 310
 3  71  48  60  -6   5   0 0.00    M    M  3.8 12 310   M    M   3        14 300
 4  80  45  63  -4   2   0 0.00    M    M  6.7 25 280   M    M   0        33 260
 5  79  44  62  -5   3   0 0.00    M    M  4.7 15 350   M    M   0        20 340
 6  77  45  61  -6   4   0 0.00    M    M  1.7  9 260   M    M   0        13 210
 7  85  49  67  -1   0   2 0.00    M    M  2.4  9 190   M    M   0        15 210
 8  78  54  66  -2   0   1 0.03    M    M  4.2 16 190   M    M   2        25 180
 9  70  62  66  -2   0   1 0.59    M    M  4.4 20 180   M    M   7 13     29 190
10  86  59  73   5   0   8 0.00    M    M  4.1 15 210   M    M   4 18     23 220
11  88  70  79  10   0  14 0.00    M    M  4.4 15 180   M    M   1 1      22 180
12  81  54  68  -1   0   3 0.93    M    M  5.8 17 250   M    M   2 13     22 240
13  80  50  65  -4   0   0 0.00    M    M  2.3 10 200   M    M   0        13 210
14  71  54  63  -6   2   0 0.00    M    M  5.3 17 340   M    M   1        23 340
15  70  52  61  -9   4   0 0.00    M    M  4.4 17  50   M    M   5        20  50
16  63  59  61  -9   4   0 0.03    M    M  6.2 10  80   M    M  10 1      17 100
17  77  58  68  -2   0   3 0.01    M    M  6.4 17 360   M    M   9 1      24 350
18  67  53  60 -10   5   0 0.00    M    M  6.3 16  30   M    M   8        23  70
19  69  50  60 -11   5   0 0.33    M    M  3.9 13  70   M    M   4 1      15  50
20  73  55  64  -7   1   0 0.00    M    M  2.8  9 250   M    M   8 1      14 100
21  79  57  68  -3   0   3 0.00    M    M  2.0  9  70   M    M   5 18     13  70
22  81  56  69  -2   0   4 0.00    M    M  2.7 10  90   M    M   0 1      16 160
23  79  55  67  -5   0   2 0.00    M    M  1.9 12 140   M    M   1 1      20 120
24  86  63  75   3   0  10 0.11    M    M  4.2 22  20   M    M   7 13     32  10
25  79  64  72   0   0   7 1.13    M    M  4.3 20 350   M    M   5 13     26 360
26  85  71  78   6   0  13    T    M    M  4.7 13 180   M    M   6 3      19 170
27  79  68  74   2   0   9 0.01    M    M  4.9 13 180   M    M   5        18 170
28  83  63  73   0   0   8 0.00    M    M  3.3 10 150   M    M   2        15 250
29  86  64  75   2   0  10 0.00    M    M  1.3  8 100   M    M   0 1      14 110
================================================================================
SM 2246 1634        40 102  3.17    M    120.3          M      102
================================================================================
AV 77.4 56.3                               4.1 FASTST   M    M   4    MAX(MPH)
                                 MISC ---->  # 25 280               # 33  260
================================================================================
NOTES:
# LAST OF SEVERAL OCCURRENCES

COLUMN 17 PEAK WIND IN M.P.H.

PRELIMINARY LOCAL CLIMATOLOGICAL DATA (WS FORM: F-6) , PAGE 2

                                          STATION:  Russellville
                                          MONTH:    MAY
                                          YEAR:     2016
                                          LATITUDE:   35 15 N
                                          LONGITUDE:  93  6 W

[TEMPERATURE DATA]      [PRECIPITATION DATA]       SYMBOLS USED IN COLUMN 16

AVERAGE MONTHLY: 66.9   TOTAL FOR MONTH:   3.17    1 = FOG OR MIST
DPTR FM NORMAL:  -2.7   DPTR FM NORMAL:   -1.35    2 = FOG REDUCING VISIBILITY
HIGHEST:    88 ON 11    GRTST 24HR  1.24 ON 24-25      TO 1/4 MILE OR LESS
LOWEST:     44 ON  5                               3 = THUNDER
                        SNOW, ICE PELLETS, HAIL    4 = ICE PELLETS
                        TOTAL MONTH:    M          5 = HAIL
                        GRTST 24HR    M  ON   M    6 = FREEZING RAIN OR DRIZZLE
                        GRTST DEPTH:  M  ON   M    7 = DUSTSTORM OR SANDSTORM:
                                                       VSBY 1/2 MILE OR LESS
                                                   8 = SMOKE OR HAZE
[NO. OF DAYS WITH]      [WEATHER - DAYS WITH]      9 = BLOWING SNOW
                                                   X = TORNADO
MAX 32 OR BELOW:   0    0.01 INCH OR MORE:   9
MAX 90 OR ABOVE:   0    0.10 INCH OR MORE:   5
MIN 32 OR BELOW:   0    0.50 INCH OR MORE:   3
MIN  0 OR BELOW:   0    1.00 INCH OR MORE:   1

[HDD (BASE 65) ]
TOTAL THIS MO.    40    CLEAR  (SCALE 0-3)  15
DPTR FM NORMAL    16    PTCLDY (SCALE 4-7)  11
TOTAL FM JUL 1  2705    CLOUDY (SCALE 8-10)  3
DPTR FM NORMAL  -553

[CDD (BASE 65) ]
TOTAL THIS MO.   102
DPTR FM NORMAL   -54    [PRESSURE DATA]
TOTAL FM JAN 1   147    HIGHEST SLP M ON M
DPTR FM NORMAL   -67    LOWEST  SLP 29.66 ON  9

[REMARKS]
