659
CXUS54 KTSA 250840
CF6RVS
PRELIMINARY LOCAL CLIMATOLOGICAL DATA (WS FORM: F-6)

                                          STATION:   TULSA-RIVERSIDE  OKLAHOMA
                                          MONTH:     MAY
                                          YEAR:      2016
                                          LATITUDE:   36  2 N
                                          LONGITUDE:  95 59 W

  TEMPERATURE IN F:       :PCPN:    SNOW:  WIND      :SUNSHINE: SKY     :PK WND
================================================================================
1   2   3   4   5  6A  6B    7    8   9   10  11  12  13   14  15   16   17  18
                                     12Z  AVG MX 2MIN
DY MAX MIN AVG DEP HDD CDD  WTR  SNW DPTH SPD SPD DIR MIN PSBL S-S WX    SPD DR
================================================================================

 1  69  46  58  -6   7   0    T    M    0  5.7 13  20   M    M   3        21  10
 2  64  46  55  -9  10   0 0.00  0.0    0  4.2 13  10   M    M   6 1      18 360
 3  74  42  58  -7   7   0 0.00  0.0    0  1.5  8 240   M    M   1 1      13 320
 4  79  50  65   0   0   0 0.00  0.0    0  5.0 17  10   M    M   0        24  10
 5  80  45  63  -2   2   0    T    M    0  2.2 14  30   M    M   0        18  30
 6  82  49  66   0   0   1 0.00  0.0    0  3.4 12 160   M    M   0 1      14 180
 7  86  52  69   3   0   4 0.00  0.0    0  7.6 20 190   M    M   0        26 200
 8  74  62  68   2   0   3    T  0.0    0 10.4 23 180   M    M   4        32 160
 9  78  62  70   4   0   5 0.14  0.0    0 11.7 24 180   M    M   5 13     31 120
10  89  55  72   5   0   7 0.00  0.0    0  5.0 13 170   M    M   0 1      19 150
11  86  70  78  11   0  13 0.00  0.0    0  8.2 18  20   M    M   3 18     26  10
12  79  55  67   0   0   2 0.06  0.0    0  5.8 17 360   M    M   2        25  10
13  85  51  68   0   0   3    T  0.0    0  6.7 23  20   M    M   0        33  20
14  65  51  58 -10   7   0 0.00  0.0    0 10.7 23  30   M    M   2        32  30
15  70  55  63  -5   2   0 0.06  0.0    0  7.5 15 100   M    M   8        19  70
16  68  57  63  -6   2   0 0.35  0.0    0  5.6 13 130   M    M  10 1      17 150
17  65  56  61  -8   4   0 0.26  0.0    0 10.2 20  30   M    M  10 1      27  30
18  69  51  60  -9   5   0 0.00  0.0    0  9.1 17  40   M    M   7        23  90
19  64  49  57 -12   8   0 0.21    M    0  3.4 16  50   M    M   7 1      20  50
20  71  56  64  -6   1   0 0.43  0.0    0  1.8  7 120   M    M   8 1      11  20
21  81  57  69  -1   0   4 0.00  0.0    0  4.3 13 170   M    M   5 12     15 170
22  82  64  73   3   0   8 0.00  0.0    0  7.4 14 150   M    M   4        23 130
23  74  63  69  -2   0   4 0.52  0.0    0  7.5 15 140   M    M   6 13     20 130
24  88  69  79   8   0  14 1.05  0.0    0  7.6 26 110   M    M   3 13     33 150
================================================================================
SM 1822 1313        55  68  3.08     0.0 152.5          M       94
================================================================================
AV 75.9 54.7                               6.4 FASTST   M    M   4    MAX(MPH)
                                 MISC ---->  # 26 110               # 33   20
================================================================================
NOTES:
# LAST OF SEVERAL OCCURRENCES

COLUMN 17 PEAK WIND IN M.P.H.

PRELIMINARY LOCAL CLIMATOLOGICAL DATA (WS FORM: F-6) , PAGE 2

                                          STATION:  TULSA-RIVERSIDE  OKLAHOMA
                                          MONTH:    MAY
                                          YEAR:     2016
                                          LATITUDE:   36  2 N
                                          LONGITUDE:  95 59 W

[TEMPERATURE DATA]      [PRECIPITATION DATA]       SYMBOLS USED IN COLUMN 16

AVERAGE MONTHLY: 65.3   TOTAL FOR MONTH:   3.08    1 = FOG OR MIST
DPTR FM NORMAL:  -2.2   DPTR FM NORMAL:   -1.29    2 = FOG REDUCING VISIBILITY
HIGHEST:    89 ON 10    GRTST 24HR  1.05 ON 24-24      TO 1/4 MILE OR LESS
LOWEST:     42 ON  3                               3 = THUNDER
                        SNOW, ICE PELLETS, HAIL    4 = ICE PELLETS
                        TOTAL MONTH:   0.0 INCH    5 = HAIL
                        GRTST 24HR     0.0         6 = FREEZING RAIN OR DRIZZLE
                        GRTST DEPTH:   0           7 = DUSTSTORM OR SANDSTORM:
                                                       VSBY 1/2 MILE OR LESS
                                                   8 = SMOKE OR HAZE
[NO. OF DAYS WITH]      [WEATHER - DAYS WITH]      9 = BLOWING SNOW
                                                   X = TORNADO
MAX 32 OR BELOW:   0    0.01 INCH OR MORE:   9
MAX 90 OR ABOVE:   0    0.10 INCH OR MORE:   7
MIN 32 OR BELOW:   0    0.50 INCH OR MORE:   2
MIN  0 OR BELOW:   0    1.00 INCH OR MORE:   1

[HDD (BASE 65) ]
TOTAL THIS MO.    55    CLEAR  (SCALE 0-3)  12
DPTR FM NORMAL    15    PTCLDY (SCALE 4-7)  10
TOTAL FM JUL 1  2823    CLOUDY (SCALE 8-10)  2
DPTR FM NORMAL  -868

[CDD (BASE 65) ]
TOTAL THIS MO.    68
DPTR FM NORMAL   -31    [PRESSURE DATA]
TOTAL FM JAN 1   114    HIGHEST SLP M ON M
DPTR FM NORMAL   -37    LOWEST  SLP 29.62 ON  9

[REMARKS]
