864
CXUS53 KMPX 261000
CF6RWF
PRELIMINARY LOCAL CLIMATOLOGICAL DATA (WS FORM: F-6)

                                          STATION:   REDWOOD FALLS MN
                                          MONTH:     AUGUST
                                          YEAR:      2016
                                          LATITUDE:   44 32 N
                                          LONGITUDE:  95  5 W

  TEMPERATURE IN F:       :PCPN:    SNOW:  WIND      :SUNSHINE: SKY     :PK WND
================================================================================
1   2   3   4   5  6A  6B    7    8   9   10  11  12  13   14  15   16   17  18
                                     12Z  AVG MX 2MIN
DY MAX MIN AVG DEP HDD CDD  WTR  SNW DPTH SPD SPD DIR MIN PSBL S-S WX    SPD DR
================================================================================

 1  84  67  76   4   0  11 0.00    M    M 10.2 21 130   M    M   6 1      25 150
 2  90  66  78   6   0  13 0.00    M    M  3.4 12 170   M    M   4        14 170
 3  90  67  79   7   0  14 0.00    M    M 10.3 21 170   M    M   2 12     26 160
 4  83  64  74   2   0   9 0.58    M    M 10.6 44 280   M    M   3 13     53 280
 5  78  59  69  -3   0   4 0.00    M    M  8.0 16 320   M    M   1        23 310
 6  81  57  69  -2   0   4 0.00    M    M  3.8 13 360   M    M   1        18 350
 7  82  59  71   0   0   6 0.00    M    M  2.9  8 120   M    M   2 1      11 200
 8  83  57  70  -1   0   5 0.00    M    M  9.2 20 160   M    M   1        23 160
 9  91  66  79   8   0  14 0.00    M    M  8.5 15 230   M    M   4        20 250
10  94  68  81  10   0  16 2.89    M    M 12.5 25 160   M    M   5 13     34  20
11  82  67  75   4   0  10 1.41    M    M  5.0 32 290   M    M   2 13     38 280
12  79  63  71   0   0   6 1.51    M    M  6.6 29 280   M    M   4 13     40 280
13  82  61  72   1   0   7 0.03    M    M  6.9 14 280   M    M   1        18 270
14  79  60  70  -1   0   5 0.00    M    M  5.1  9 170   M    M   2        12 160
15  80  61  71   1   0   6 0.10    M    M  5.0 10 160   M    M   4 18     14 150
16  83  64  74   4   0   9 0.14    M    M  5.3 16 290   M    M   2 3      20 270
17  83  62  73   3   0   8 0.00    M    M  1.9  8 300   M    M   1         8 290
18  80  64  72   2   0   7 0.34    M    M  6.6 20 270   M    M   2 13     26 280
19  76  62  69  -1   0   4 0.32    M    M  7.4 23 270   M    M   6 13     36 260
20  71  55  63  -7   2   0 0.36    M    M 10.6 21 300   M    M   7 18     31 330
21  76  52  64  -6   1   0 0.00    M    M  7.5 14 270   M    M   1        18 270
22  85  58  72   3   0   7 0.00    M    M 16.0 28 190   M    M   1        35 190
23  81  66  74   5   0   9 0.44    M    M 12.3 23 160   M    M   3 13     28 160
24  76  62  69   0   0   4    T    M    M  7.0 15 300   M    M   2        20 300
25  74  56  65  -4   0   0 0.00    M    M  8.9 17 280   M    M   1        22 280
================================================================================
SM 2043 1543         3 178  8.12    M    191.5          M       68
================================================================================
AV 81.7 61.7                               7.7 FASTST   M    M   3    MAX(MPH)
                                 MISC ---->  # 44 280               # 53  280
================================================================================
NOTES:
# LAST OF SEVERAL OCCURRENCES

COLUMN 17 PEAK WIND IN M.P.H.

PRELIMINARY LOCAL CLIMATOLOGICAL DATA (WS FORM: F-6) , PAGE 2

                                          STATION:  REDWOOD FALLS MN
                                          MONTH:    AUGUST
                                          YEAR:     2016
                                          LATITUDE:   44 32 N
                                          LONGITUDE:  95  5 W

[TEMPERATURE DATA]      [PRECIPITATION DATA]       SYMBOLS USED IN COLUMN 16

AVERAGE MONTHLY: 71.7   TOTAL FOR MONTH:   8.12    1 = FOG OR MIST
DPTR FM NORMAL:   1.1   DPTR FM NORMAL:    5.13    2 = FOG REDUCING VISIBILITY
HIGHEST:    94 ON 10    GRTST 24HR  4.30 ON 10-11      TO 1/4 MILE OR LESS
LOWEST:     52 ON 21                               3 = THUNDER
                        SNOW, ICE PELLETS, HAIL    4 = ICE PELLETS
                        TOTAL MONTH:    M          5 = HAIL
                        GRTST 24HR    M  ON   M    6 = FREEZING RAIN OR DRIZZLE
                        GRTST DEPTH:  M  ON   M    7 = DUSTSTORM OR SANDSTORM:
                                                       VSBY 1/2 MILE OR LESS
                                                   8 = SMOKE OR HAZE
[NO. OF DAYS WITH]      [WEATHER - DAYS WITH]      9 = BLOWING SNOW
                                                   X = TORNADO
MAX 32 OR BELOW:   0    0.01 INCH OR MORE:  11
MAX 90 OR ABOVE:   4    0.10 INCH OR MORE:  10
MIN 32 OR BELOW:   0    0.50 INCH OR MORE:   4
MIN  0 OR BELOW:   0    1.00 INCH OR MORE:   3

[HDD (BASE 65) ]
TOTAL THIS MO.     3    CLEAR  (SCALE 0-3)  15
DPTR FM NORMAL   -11    PTCLDY (SCALE 4-7)  10
TOTAL FM JUL 1     5    CLOUDY (SCALE 8-10)  0
DPTR FM NORMAL   -16

[CDD (BASE 65) ]
TOTAL THIS MO.   178
DPTR FM NORMAL    24    [PRESSURE DATA]
TOTAL FM JAN 1   687    HIGHEST SLP M ON M
DPTR FM NORMAL   104    LOWEST  SLP 29.71 ON 11

[REMARKS]
