000
CXUS55 KCYS 211000
CF6RWL
PRELIMINARY LOCAL CLIMATOLOGICAL DATA (WS FORM: F-6)

                                          STATION:   RAWLINS WYOMING AIRPORT
                                          MONTH:     OCTOBER
                                          YEAR:      2014
                                          LATITUDE:   41 47 N
                                          LONGITUDE: 107 12 W

  TEMPERATURE IN F:       :PCPN:    SNOW:  WIND      :SUNSHINE: SKY     :PK WND
================================================================================
1   2   3   4   5  6A  6B    7    8   9   10  11  12  13   14  15   16   17  18
                                     12Z  AVG MX 2MIN
DY MAX MIN AVG DEP HDD CDD  WTR  SNW DPTH SPD SPD DIR MIN PSBL S-S WX    SPD DR
================================================================================

 1  51  33  42  -7  23   0 0.00    M    M 12.1 23 330   M    M   4        28 250
 2  55  30  43  -5  22   0 0.00    M    M 19.4 35 270   M    M   2        44 250
 3  59  25  42  -6  23   0 0.00    M    M 11.2 26 270   M    M   2        32 260
 4  64  41  53   5  12   0 0.00    M    M 18.3 29 250   M    M   0        34 240
 5  65  42  54   7  11   0 0.00    M    M 16.4 29 270   M    M   0        35 270
 6  69  46  58  11   7   0 0.00    M    M 23.0 37 260   M    M   0        45 260
 7  70  46  58  11   7   0 0.00    M    M 13.3 24 240   M    M   1        30 240
 8  69  37  53   7  12   0 0.00    M    M  5.6 18 280   M    M   0        23 260
 9  65  34  50   4  15   0 0.00    M    M  7.1 20  80   M    M   0        23  80
10  65  31  48   2  17   0 0.00    M    M  4.6 13 320   M    M   2        16 300
11  64  38  51   6  14   0 0.00    M    M 14.9 31 260   M    M   1        38 270
12  51  34  43  -2  22   0 0.11    M    M 14.7 35 280   M    M   8 1      43 280
13  52  31  42  -2  23   0 0.00    M    M 13.2 25 260   M    M   2        32 260
14  64  35  50   6  15   0    T    M    M  9.4 20 240   M    M   0        24 240
15  68  48  58  14   7   0 0.00    M    M 21.7 43 210   M    M   0        52 220
16  62  37  50   7  15   0 0.00    M    M  9.3 23 270   M    M   2        29 280
17  62  30  46   3  19   0 0.00    M    M  4.1 13 270   M    M   0        19 260
18  68  27  48   5  17   0 0.00    M    M  6.0 17 230   M    M   0        24 230
19  68  29  49   7  16   0 0.00    M    M  3.5 14 290   M    M   0        18 270
20  69  30  50   8  15   0 0.00    M    M  6.7 22 230   M    M   0        29 240
================================================================================
SM 1260  704       312   0  0.11    M    234.5          M       24
================================================================================
AV 63.0 35.2                              11.7 FASTST   M    M   1    MAX(MPH)
                                 MISC ---->  # 43 210               # 52  220
================================================================================
NOTES:
# LAST OF SEVERAL OCCURRENCES

COLUMN 17 PEAK WIND IN M.P.H.

PRELIMINARY LOCAL CLIMATOLOGICAL DATA (WS FORM: F-6) , PAGE 2

                                          STATION:  RAWLINS WYOMING AIRPORT
                                          MONTH:    OCTOBER
                                          YEAR:     2014
                                          LATITUDE:   41 47 N
                                          LONGITUDE: 107 12 W

[TEMPERATURE DATA]      [PRECIPITATION DATA]       SYMBOLS USED IN COLUMN 16

AVERAGE MONTHLY: 49.1   TOTAL FOR MONTH:   0.11    1 = FOG OR MIST
DPTR FM NORMAL:   3.8   DPTR FM NORMAL:   -0.41    2 = FOG REDUCING VISIBILITY
HIGHEST:    70 ON  7    GRTST 24HR  0.11 ON 12-12      TO 1/4 MILE OR LESS
LOWEST:     25 ON  3                               3 = THUNDER
                        SNOW, ICE PELLETS, HAIL    4 = ICE PELLETS
                        TOTAL MONTH:    M          5 = HAIL
                        GRTST 24HR    M  ON   M    6 = FREEZING RAIN OR DRIZZLE
                        GRTST DEPTH:  M  ON   M    7 = DUSTSTORM OR SANDSTORM:
                                                       VSBY 1/2 MILE OR LESS
                                                   8 = SMOKE OR HAZE
[NO. OF DAYS WITH]      [WEATHER - DAYS WITH]      9 = BLOWING SNOW
                                                   X = TORNADO
MAX 32 OR BELOW:   0    0.01 INCH OR MORE:   1
MAX 90 OR ABOVE:   0    0.10 INCH OR MORE:   1
MIN 32 OR BELOW:   8    0.50 INCH OR MORE:   0
MIN  0 OR BELOW:   0    1.00 INCH OR MORE:   0

[HDD (BASE 65) ]
TOTAL THIS MO.   312    CLEAR  (SCALE 0-3)  18
DPTR FM NORMAL   -80    PTCLDY (SCALE 4-7)   2
TOTAL FM JUL 1   633    CLOUDY (SCALE 8-10)  0
DPTR FM NORMAL  -145

[CDD (BASE 65) ]
TOTAL THIS MO.     0
DPTR FM NORMAL     0    [PRESSURE DATA]
TOTAL FM JAN 1   211    HIGHEST SLP  0.00 ON  2
DPTR FM NORMAL    25    LOWEST  SLP 29.53 ON 12

[REMARKS]
