638
CXUS55 KPIH 231200
CF6RXE

PRELIMINARY LOCAL CLIMATOLOGICAL DATA (WS FORM: F-6)

                                          STATION:   REXBURG ID
                                          MONTH:     SEPTEMBER
                                          YEAR:      2017
                                          LATITUDE:   43 49 N
                                          LONGITUDE: 111 48 W

  TEMPERATURE IN F:       :PCPN:    SNOW:  WIND      :SUNSHINE: SKY     :PK WND
================================================================================
1   2   3   4   5  6A  6B    7    8   9   10  11  12  13   14  15   16   17  18
                                     12Z  AVG MX 2MIN
DY MAX MIN AVG DEP HDD CDD  WTR  SNW DPTH SPD SPD DIR MIN PSBL S-S WX    SPD DR
================================================================================

 1  81  52  67   5   0   2 0.00    M    M  5.0 13 200   M    M   0 8      16 210
 2  89  47  68   7   0   3 0.00    M    M  4.3 12 200   M    M   0 8      15 180
 3  91  49  70   9   0   5 0.00    M    M  4.5  9  60   M    M   0 8      15 240
 4  91  48  70  10   0   5 0.00    M    M  4.6 12  60   M    M   7 8      16  60
 5  85  50  68   8   0   3 0.00    M    M  5.0 13  60   M    M   2 8      16  80
 6  86  44  65   5   0   0 0.00    M    M  2.7  8  60   M    M   0 8      10  70
 7  83  46  65   6   0   0 0.00    M    M  2.7  8 250   M    M   1 8      12 200
 8  83  48  66   7   0   1    T    M    M  5.0 16 240   M    M   1 8      21 210
 9  83  55  69  11   0   4 0.00    M    M  6.1 17 230   M    M   3        22 230
10  82  58  70  12   0   5 0.00    M    M  6.4 15 250   M    M   1        20 220
11  85  49  67  10   0   2 0.00    M    M  4.2 13 240   M    M   0        16 240
12  88  47  68  11   0   3 0.00    M    M  6.9 24 210   M    M   0        33 220
13  82  58  70  13   0   5 0.00    M    M 13.3 25 210   M    M   1 3      35 210
14  68  51  60   4   5   0 0.51    M    M  7.8 15 200   M    M   7 13     21 190
15  52  38  45 -11  20   0 0.39    M    M  6.7 21 210   M    M   9 1      27 210
16  51  37  44 -11  21   0    T    M    M  4.0 10 200   M    M   7        14 200
17  63  34  49  -6  16   0 0.00    M    M  5.3 14 230   M    M   0        19 230
18  67  41  54  -1  11   0    T    M    M  9.2 25 260   M    M   5        35 270
19  53  41  47  -7  18   0 0.07    M    M 17.5 30 230   M    M   6 13     40 230
20  61  38  50  -4  15   0 0.14    M    M 14.1 30 240   M    M   6 1      41 210
21  45  38  42 -12  23   0 0.64    M    M  6.0 18  30   M    M  10 1      22  30
22  45  38  42 -11  23   0 0.05    M    M  6.0 14 220   M    M   9 1      20 200
================================================================================
SM 1614 1007       152  38  1.80    M    147.3          M       75
================================================================================
AV 73.4 45.8                               6.7 FASTST   M    M   3    MAX(MPH)
                                 MISC ---->  # 30 230               # 41  210
================================================================================
NOTES:
# LAST OF SEVERAL OCCURRENCES
PRECIPITATION SUSPECT DURING FREEZING/FROZEN EVENTS

COLUMN 17 PEAK WIND IN M.P.H.

PRELIMINARY LOCAL CLIMATOLOGICAL DATA (WS FORM: F-6) , PAGE 2

                                          STATION:  REXBURG ID
                                          MONTH:    SEPTEMBER
                                          YEAR:     2017
                                          LATITUDE:   43 49 N
                                          LONGITUDE: 111 48 W

[TEMPERATURE DATA]      [PRECIPITATION DATA]       SYMBOLS USED IN COLUMN 16

AVERAGE MONTHLY: 59.6   TOTAL FOR MONTH:   1.80    1 = FOG OR MIST
DPTR FM NORMAL:   2.3   DPTR FM NORMAL:    1.13    2 = FOG REDUCING VISIBILITY
HIGHEST:    91 ON  4, 3 GRTST 24HR  0.64 ON 21-21      TO 1/4 MILE OR LESS
LOWEST:     34 ON 17                               3 = THUNDER
                        SNOW, ICE PELLETS, HAIL    4 = ICE PELLETS
                        TOTAL MONTH:    M          5 = HAIL
                        GRTST 24HR    M  ON   M    6 = FREEZING RAIN OR DRIZZLE
                        GRTST DEPTH:  M  ON   M    7 = DUSTSTORM OR SANDSTORM:
                                                       VSBY 1/2 MILE OR LESS
                                                   8 = SMOKE OR HAZE
[NO. OF DAYS WITH]      [WEATHER - DAYS WITH]      9 = BLOWING SNOW
                                                   X = TORNADO
MAX 32 OR BELOW:   0    0.01 INCH OR MORE:   6
MAX 90 OR ABOVE:   2    0.10 INCH OR MORE:   4
MIN 32 OR BELOW:   0    0.50 INCH OR MORE:   2
MIN  0 OR BELOW:   0    1.00 INCH OR MORE:   0

[HDD (BASE 65) ]
TOTAL THIS MO.   152    CLEAR  (SCALE 0-3)  12
DPTR FM NORMAL   -25    PTCLDY (SCALE 4-7)   7
TOTAL FM JUL 1   165    CLOUDY (SCALE 8-10)  3
DPTR FM NORMAL   -85

[CDD (BASE 65) ]
TOTAL THIS MO.    38
DPTR FM NORMAL    33    [PRESSURE DATA]
TOTAL FM JAN 1   347    HIGHEST SLP M ON M
DPTR FM NORMAL   140    LOWEST  SLP 29.56 ON 18

[REMARKS]
