000
CXUS56 KSGX 301445
CF6SAN
PRELIMINARY LOCAL CLIMATOLOGICAL DATA (WS FORM: F-6)

                                          STATION:   SAN DIEGO/LINDBERGH FIELD CA
                                          MONTH:     JULY
                                          YEAR:      2015
                                          LATITUDE:   32 43 N
                                          LONGITUDE: 117 10 W

  TEMPERATURE IN F:       :PCPN:    SNOW:  WIND      :SUNSHINE: SKY     :PK WND
================================================================================
1   2   3   4   5  6A  6B    7    8   9   10  11  12  13   14  15   16   17  18
                                     12Z  AVG MX 2MIN
DY MAX MIN AVG DEP HDD CDD  WTR  SNW DPTH SPD SPD DIR MIN PSBL S-S WX    SPD DR
================================================================================

 1  81  69  75   7   0  10 0.01  0.0    0  4.7  9 220   M    M   8         M  M
 2  79  66  73   4   0   8 0.00  0.0    0  5.8 13 300   M    M   6 18     17 280
 3  76  68  72   3   0   7 0.00  0.0    0  6.6 17 280   M    M   8 8      21 290
 4  74  67  71   2   0   6 0.00  0.0    0  6.7 15 290   M    M   8 8      20 290
 5  72  66  69   0   0   4 0.00  0.0    0  6.7 13 290   M    M   9        17 270
 6  71  66  69   0   0   4 0.00  0.0    0  6.4 14 270   M    M  10        16 260
 7  72  64  68  -1   0   3    T  0.0    0  4.8 13 270   M    M   9 8      16 270
 8  72  66  69   0   0   4    T  0.0    0  5.8  7 180   M    M   9         8 180
 9  73  67  70   0   0   5 0.00  0.0    0  6.8 17 280   M    M   7        24 270
10  76  66  71   1   0   6 0.00  0.0    0  6.2 14 280   M    M   5 8      18 290
11  75  65  70   0   0   5 0.00  0.0    0  4.7 15 260   M    M   7        18 270
12  76  66  71   1   0   6 0.00  0.0    0  5.1 14 270   M    M   7 18     17 270
13  78  66  72   2   0   7 0.00  0.0    0  4.9 12 280   M    M   4        16 270
14  73  66  70   0   0   5 0.00  0.0    0  6.4 13 230   M    M   7        20 200
15  75  66  71   1   0   6 0.00  0.0    0  6.8 12 220   M    M   6        16 220
16  76  66  71   1   0   6 0.00  0.0    0  5.4 14 280   M    M   5        20 310
17  77  67  72   2   0   7 0.00  0.0    0  6.3 14 290   M    M   6 8      18 310
18  82  64  73   3   0   8 1.03  0.0    0  4.5 16  50   M    M   7 13     21  40
19  88  73  81  11   0  16 0.66  0.0    0  3.2 16 130   M    M   7 1      22 120
20  77  70  74   4   0   9    T  0.0    0  5.2 12 160   M    M   8 1      14 190
21  80  69  75   5   0  10 0.01  0.0    0  4.6 13 280   M    M   9 1      16 280
22  80  72  76   5   0  11 0.00  0.0    0  6.2 12 320   M    M   7        18 280
23  79  71  75   4   0  10 0.00  0.0    0  6.4 14 300   M    M   6        17 300
24  80  71  76   5   0  11 0.00  0.0    0  5.9 14 290   M    M   5        18 290
25  82  69  76   5   0  11 0.00  0.0    0  5.7 14 320   M    M   4 18     17 290
26  78  68  73   2   0   8 0.00  0.0    0  5.2 14 280   M    M   5        17 290
27  75  68  72   1   0   7 0.00  0.0    0  5.7 13 210   M    M   4        16 220
28  77  67  72   1   0   7 0.00  0.0    0  4.6 13 280   M    M   5        17 290
29  78  69  74   3   0   9 0.00  0.0    0  5.1 12 280   M    M   8 8      17 260
================================================================================
SM 2232 1958         0 216  1.71     0.0 162.4          M      196
================================================================================
AV 77.0 67.5                               5.6 FASTST   M    M   7    MAX(MPH)
                                 MISC ---->  # 17 280               # 24  270
================================================================================
NOTES:
# LAST OF SEVERAL OCCURRENCES

COLUMN 17 PEAK WIND IN M.P.H.

PRELIMINARY LOCAL CLIMATOLOGICAL DATA (WS FORM: F-6) , PAGE 2

                                          STATION:  SAN DIEGO/LINDBERGH FIELD CA
                                          MONTH:    JULY
                                          YEAR:     2015
                                          LATITUDE:   32 43 N
                                          LONGITUDE: 117 10 W

[TEMPERATURE DATA]      [PRECIPITATION DATA]       SYMBOLS USED IN COLUMN 16

AVERAGE MONTHLY: 72.2   TOTAL FOR MONTH:   1.71    1 = FOG OR MIST
DPTR FM NORMAL:   2.3   DPTR FM NORMAL:    1.68    2 = FOG REDUCING VISIBILITY
HIGHEST:    88 ON 19    GRTST 24HR  1.03 ON 18-18      TO 1/4 MILE OR LESS
LOWEST:     64 ON 18, 7                            3 = THUNDER
                        SNOW, ICE PELLETS, HAIL    4 = ICE PELLETS
                        TOTAL MONTH:   0.0 INCH    5 = HAIL
                        GRTST 24HR     0.0         6 = FREEZING RAIN OR DRIZZLE
                        GRTST DEPTH:   0           7 = DUSTSTORM OR SANDSTORM:
                                                       VSBY 1/2 MILE OR LESS
                                                   8 = SMOKE OR HAZE
[NO. OF DAYS WITH]      [WEATHER - DAYS WITH]      9 = BLOWING SNOW
                                                   X = TORNADO
MAX 32 OR BELOW:   0    0.01 INCH OR MORE:   4
MAX 90 OR ABOVE:   0    0.10 INCH OR MORE:   2
MIN 32 OR BELOW:   0    0.50 INCH OR MORE:   2
MIN  0 OR BELOW:   0    1.00 INCH OR MORE:   1

[HDD (BASE 65) ]
TOTAL THIS MO.     0    CLEAR  (SCALE 0-3)   0
DPTR FM NORMAL     0    PTCLDY (SCALE 4-7)  23
TOTAL FM JUL 1     0    CLOUDY (SCALE 8-10)  6
DPTR FM NORMAL     0

[CDD (BASE 65) ]
TOTAL THIS MO.   216
DPTR FM NORMAL    70    [PRESSURE DATA]
TOTAL FM JAN 1   522    HIGHEST SLP M ON M
DPTR FM NORMAL   267    LOWEST  SLP 29.79 ON 17

[REMARKS]
