000
CXUS52 KCHS 290715
CF6SAV
PRELIMINARY LOCAL CLIMATOLOGICAL DATA (WS FORM: F-6)

                                          STATION:   SAVANNAH GA
                                          MONTH:     MAY
                                          YEAR:      2016
                                          LATITUDE:   32  7 N
                                          LONGITUDE:  81 12 W

  TEMPERATURE IN F:       :PCPN:    SNOW:  WIND      :SUNSHINE: SKY     :PK WND
================================================================================
1   2   3   4   5  6A  6B    7    8   9   10  11  12  13   14  15   16   17  18
                                     12Z  AVG MX 2MIN
DY MAX MIN AVG DEP HDD CDD  WTR  SNW DPTH SPD SPD DIR MIN PSBL S-S WX    SPD DR
================================================================================

 1  86  70  78   9   0  13    T  0.0    0  8.4 17 150   M    M   7 3      28 160
 2  88  70  79   9   0  14 0.86  0.0    0  6.5 21 190   M    M   7 13     25 210
 3  88  66  77   7   0  12 0.07  0.0    0  8.2 22 280   M    M   7 13     36 290
 4  81  60  71   1   0   6    T  0.0    0  9.9 20 280   M    M   4        27 300
 5  74  53  64  -6   1   0    T  0.0    0 13.0 30 280   M    M   4        38 280
 6  75  48  62  -9   3   0 0.20  0.0    0  8.4 23 320   M    M   4 3      31 320
 7  82  51  67  -4   0   2 0.00  0.0    0  7.3 20 270   M    M   0        26 280
 8  91  58  75   4   0  10 0.00  0.0    0  8.5 18 270   M    M   0        24 300
 9  90  62  76   4   0  11 0.00  0.0    0  7.3 17 150   M    M   5        22 150
10  83  66  75   3   0  10 0.00  0.0    0  6.5 18 220   M    M   7        23 210
11  88  65  77   5   0  12 0.00  0.0    0  5.4 15 150   M    M   3 1      18 150
12  91  67  79   7   0  14    T  0.0    0  6.9 17 160   M    M   5 13     21 150
13  90  69  80   7   0  15 0.00  0.0    0  7.7 17 270   M    M   5        23 270
14  87  60  74   1   0   9 0.00  0.0    0 10.1 21 270   M    M   1        27 280
15  83  62  73   0   0   8 0.00  0.0    0  6.4 14  20   M    M   4        19 340
16  83  58  71  -2   0   6 0.00  0.0    0  8.0 18 100   M    M   5 1      23 120
17  79  68  74   0   0   9 2.29  0.0    0  7.1 22 190   M    M   8 138    29 210
18  82  68  75   1   0  10 0.00  0.0    0  5.7 12 360   M    M   8 1      14 330
19  80  68  74   0   0   9 1.72  0.0    0  5.6 21  60   M    M   8 123    28  40
20  84  69  77   3   0  12 1.95  0.0    0  7.8 16 110   M    M   9 13     19 110
21  86  69  78   3   0  13 0.21  0.0    0  7.5 20 310   M    M   7        26 300
22  83  64  74  -1   0   9 0.00  0.0    0  7.4 15 340   M    M   4        21 330
23  83  59  71  -4   0   6 0.00  0.0    0  4.0 13 310   M    M   2        17 360
24  84  61  73  -3   0   8 0.00  0.0    0  5.6 16 170   M    M   4        21 130
25  88  65  77   1   0  12 0.00  0.0    0  5.0 14 180   M    M   3 1      17 160
26  87  66  77   1   0  12 0.00  0.0    0  5.5 15 160   M    M   1 1      21 140
27  85  63  74  -2   0   9 0.00  0.0    0  7.9 17 100   M    M   2        25 120
28  80  66  73  -3   0   8 0.44  0.0    0  8.4 21  40   M    M   7 1      27  30
================================================================================
SM 2361 1771         4 259  7.74     0.0 206.0          M      131
================================================================================
AV 84.3 63.2                               7.4 FASTST   M    M   5    MAX(MPH)
                                 MISC ---->  # 30 280               # 38  280
================================================================================
NOTES:
# LAST OF SEVERAL OCCURRENCES

COLUMN 17 PEAK WIND IN M.P.H.

PRELIMINARY LOCAL CLIMATOLOGICAL DATA (WS FORM: F-6) , PAGE 2

                                          STATION:  SAVANNAH GA
                                          MONTH:    MAY
                                          YEAR:     2016
                                          LATITUDE:   32  7 N
                                          LONGITUDE:  81 12 W

[TEMPERATURE DATA]      [PRECIPITATION DATA]       SYMBOLS USED IN COLUMN 16

AVERAGE MONTHLY: 73.8   TOTAL FOR MONTH:   7.74    1 = FOG OR MIST
DPTR FM NORMAL:   0.8   DPTR FM NORMAL:    5.15    2 = FOG REDUCING VISIBILITY
HIGHEST:    91 ON 12, 8 GRTST 24HR  3.26 ON 19-20      TO 1/4 MILE OR LESS
LOWEST:     48 ON  6                               3 = THUNDER
                        SNOW, ICE PELLETS, HAIL    4 = ICE PELLETS
                        TOTAL MONTH:   0.0 INCH    5 = HAIL
                        GRTST 24HR     0.0         6 = FREEZING RAIN OR DRIZZLE
                        GRTST DEPTH:   0           7 = DUSTSTORM OR SANDSTORM:
                                                       VSBY 1/2 MILE OR LESS
                                                   8 = SMOKE OR HAZE
[NO. OF DAYS WITH]      [WEATHER - DAYS WITH]      9 = BLOWING SNOW
                                                   X = TORNADO
MAX 32 OR BELOW:   0    0.01 INCH OR MORE:   8
MAX 90 OR ABOVE:   4    0.10 INCH OR MORE:   7
MIN 32 OR BELOW:   0    0.50 INCH OR MORE:   4
MIN  0 OR BELOW:   0    1.00 INCH OR MORE:   3

[HDD (BASE 65) ]
TOTAL THIS MO.     4    CLEAR  (SCALE 0-3)   7
DPTR FM NORMAL    -2    PTCLDY (SCALE 4-7)  19
TOTAL FM JUL 1  1215    CLOUDY (SCALE 8-10)  2
DPTR FM NORMAL  -594

[CDD (BASE 65) ]
TOTAL THIS MO.   259
DPTR FM NORMAL    28    [PRESSURE DATA]
TOTAL FM JAN 1   495    HIGHEST SLP M ON M
DPTR FM NORMAL   128    LOWEST  SLP 29.57 ON  5

[REMARKS]
