000
CXUS52 KCHS 250715
CF6SAV
PRELIMINARY LOCAL CLIMATOLOGICAL DATA (WS FORM: F-6)

                                          STATION:   SAVANNAH GA
                                          MONTH:     JUNE
                                          YEAR:      2017
                                          LATITUDE:   32  7 N
                                          LONGITUDE:  81 12 W

  TEMPERATURE IN F:       :PCPN:    SNOW:  WIND      :SUNSHINE: SKY     :PK WND
================================================================================
1   2   3   4   5  6A  6B    7    8   9   10  11  12  13   14  15   16   17  18
                                     12Z  AVG MX 2MIN
DY MAX MIN AVG DEP HDD CDD  WTR  SNW DPTH SPD SPD DIR MIN PSBL S-S WX    SPD DR
================================================================================

 1  89  70  80   3   0  15 0.23  0.0    0  4.0 17 320   M    M   8 13     22 320
 2  90  71  81   3   0  16 0.04  0.0    0  4.7 15 160   M    M   6        17 160
 3  93  69  81   3   0  16 0.00  0.0    0  5.4 17 140   M    M   4 1      21 140
 4   M  70   M   M   M   M 0.00  0.0    0  7.0 18 150   M    M   5 1      23 150
 5  92  73  83   5   0  18 0.45  0.0    0  8.2 25 220   M    M   7 13     34 220
 6  84  72  78   0   0  13 0.09  0.0    0  6.6 13  10   M    M   7 1      17 200
 7  75  66  71  -7   0   6 0.38  0.0    0  9.9 22  30   M    M  10 1      27  30
 8  82  64  73  -6   0   8 0.03  0.0    0  9.0 17  20   M    M   6 1      22  20
 9  88  62  75  -4   0  10 0.00  0.0    0  3.9 16 170   M    M   3 1      20 170
10  90  63  77  -2   0  12 0.00  0.0    0  5.8 17 100   M    M   2 1      22 140
11  87  70  79   0   0  14 0.00  0.0    0  7.3 18 120   M    M   6        22 110
12  88  71  80   1   0  15 0.00  0.0    0  6.1 15 100   M    M   6 1      20  70
13  89  71  80   0   0  15 0.00  0.0    0  4.0 10 160   M    M   7        13 170
14  91  73  82   2   0  17 0.00  0.0    0  6.5 22 180   M    M   5        25 180
15  95  72  84   4   0  19 0.00  0.0    0  9.2 22 180   M    M   4        27 180
16  89  73  81   1   0  16 0.00  0.0    0  7.2 18 160   M    M   6        21 160
17  94  74  84   4   0  19    T  0.0    0  7.5 20 170   M    M   5 3      25 180
18  93  71  82   2   0  17 0.00  0.0    0  8.2 21 160   M    M   4        29 140
19  92  76  84   4   0  19    T  0.0    0  9.5 21 160   M    M   7        25 170
20  83  74  79  -2   0  14 0.54  0.0    0  3.1 28 180   M    M   8 1      33 180
21  89  75  82   1   0  17 0.54  0.0    0  4.9 15 150   M    M   9 13     25 290
22  92  76  84   3   0  19 0.00  0.0    0  7.7 17  80   M    M   7 3      20  80
23  93  77  85   4   0  20 0.00  0.0    0  9.4 21 160   M    M   6 3      25 160
24  95  76  86   5   0  21 0.00  0.0    0  8.3 15 260   M    M   3        19 240
================================================================================
SM 2053 1709         0 356  2.30     0.0 163.4          M      141
================================================================================
AV 89.3 71.2                               6.8 FASTST   M    M   6    MAX(MPH)
                                 MISC ---->  # 28 180               # 34  220
================================================================================
NOTES:
# LAST OF SEVERAL OCCURRENCES

COLUMN 17 PEAK WIND IN M.P.H.

PRELIMINARY LOCAL CLIMATOLOGICAL DATA (WS FORM: F-6) , PAGE 2

                                          STATION:  SAVANNAH GA
                                          MONTH:    JUNE
                                          YEAR:     2017
                                          LATITUDE:   32  7 N
                                          LONGITUDE:  81 12 W

[TEMPERATURE DATA]      [PRECIPITATION DATA]       SYMBOLS USED IN COLUMN 16

AVERAGE MONTHLY: 80.2   TOTAL FOR MONTH:   2.30    1 = FOG OR MIST
DPTR FM NORMAL:   0.9   DPTR FM NORMAL:   -2.45    2 = FOG REDUCING VISIBILITY
HIGHEST:    95 ON 24,15 GRTST 24HR  0.54 ON 21-21      TO 1/4 MILE OR LESS
LOWEST:     62 ON  9                               3 = THUNDER
                        SNOW, ICE PELLETS, HAIL    4 = ICE PELLETS
                        TOTAL MONTH:   0.0 INCH    5 = HAIL
                        GRTST 24HR     0.0         6 = FREEZING RAIN OR DRIZZLE
                        GRTST DEPTH:   0           7 = DUSTSTORM OR SANDSTORM:
                                                       VSBY 1/2 MILE OR LESS
                                                   8 = SMOKE OR HAZE
[NO. OF DAYS WITH]      [WEATHER - DAYS WITH]      9 = BLOWING SNOW
                                                   X = TORNADO
MAX 32 OR BELOW:   0    0.01 INCH OR MORE:   8
MAX 90 OR ABOVE:  12    0.10 INCH OR MORE:   5
MIN 32 OR BELOW:   0    0.50 INCH OR MORE:   2
MIN  0 OR BELOW:   0    1.00 INCH OR MORE:   0

[HDD (BASE 65) ]
TOTAL THIS MO.     0    CLEAR  (SCALE 0-3)   2
DPTR FM NORMAL     0    PTCLDY (SCALE 4-7)  19
TOTAL FM JUL 1  1023    CLOUDY (SCALE 8-10)  3
DPTR FM NORMAL  -789

[CDD (BASE 65) ]
TOTAL THIS MO.   356
DPTR FM NORMAL     9    [PRESSURE DATA]
TOTAL FM JAN 1  1030    HIGHEST SLP M ON M
DPTR FM NORMAL   280    LOWEST  SLP 29.69 ON  6

[REMARKS]
