000
CXUS55 KLOX 231155
CF6SBA
PRELIMINARY LOCAL CLIMATOLOGICAL DATA (WS FORM: F-6)

                                          STATION:   SANTA BARBARA AIRPORT CA
                                          MONTH:     JANUARY
                                          YEAR:      2017
                                          LATITUDE:   34 25 N
                                          LONGITUDE: 119 50 W

  TEMPERATURE IN F:       :PCPN:    SNOW:  WIND      :SUNSHINE: SKY     :PK WND
================================================================================
1   2   3   4   5  6A  6B    7    8   9   10  11  12  13   14  15   16   17  18
                                     12Z  AVG MX 2MIN
DY MAX MIN AVG DEP HDD CDD  WTR  SNW DPTH SPD SPD DIR MIN PSBL S-S WX    SPD DR
================================================================================

 1  61  40  51  -1  14   0 0.00  0.0    0  3.6 15 270   M    M   2        17 270
 2  56  46  51  -1  14   0    T    M    0  2.3 12 120   M    M   6        15 120
 3  57  45  51  -1  14   0 0.00  0.0    0  4.6 10 130   M    M   8        13 140
 4  56  53  55   3  10   0 0.64  0.0    0  3.6  9  50   M    M  10 1      11 100
 5  67  45  56   4   9   0 0.11    M    0  4.6 18 290   M    M   6 1      23 280
 6  60  39  50  -2  15   0 0.02    M    0  3.4 10 140   M    M   0        12 140
 7  62  51  57   5   8   0 0.42  0.0    0  4.1 20 270   M    M  10 13     22 270
 8  67  51  59   7   6   0 0.58  0.0    0  5.8 16 280   M    M   6 1      20  90
 9  62  52  57   5   8   0 0.66  0.0    0  5.3 16 270   M    M   7 1      19 250
10  62  50  56   4   9   0 0.36  0.0    0  4.1 12 270   M    M   8 1      16 260
11  62  50  56   4   9   0 0.63  0.0    0  6.9 18 270   M    M   7 1      23 290
12  59  43  51  -1  14   0 0.23    M    0  4.9 17 280   M    M   7 1      25 280
13  61  38  50  -2  15   0 0.00  0.0    0  4.0 13 260   M    M   1        15 260
14  73  41  57   5   8   0 0.00  0.0    0  4.4 14 330   M    M   0        16  10
15  61  41  51  -1  14   0 0.00  0.0    0  2.7 15 100   M    M   1        19  90
16  62  41  52   0  13   0 0.00  0.0    0  3.3 14 270   M    M   1        17 280
17  65  39  52   0  13   0 0.00  0.0    0  2.0 13 270   M    M   1        16 280
18  57  41  49  -3  16   0 0.17    M    0  5.8 21 120   M    M   7 1      27 120
19  63  46  55   3  10   0 0.72    M    0  6.2 20 270   M    M   4 1      25 270
20  57  46  52   0  13   0 2.67    M    0  7.8 23 280   M    M   8 12     30 120
21  59  44  52   0  13   0 0.05    M    0  7.6 17 270   M    M   5 1      21 270
22  56  49  53   1  12   0 1.40    M    0 11.1 26 100   M    M  10 1      38  90
================================================================================
SM 1345  991       257   0  8.66     0.0 108.1          M      115
================================================================================
AV 61.1 45.1                               4.9 FASTST   M    M   5    MAX(MPH)
                                 MISC ---->  # 26 100               # 38   90
================================================================================
NOTES:
# LAST OF SEVERAL OCCURRENCES

COLUMN 17 PEAK WIND IN M.P.H.

PRELIMINARY LOCAL CLIMATOLOGICAL DATA (WS FORM: F-6) , PAGE 2

                                          STATION:  SANTA BARBARA AIRPORT CA
                                          MONTH:    JANUARY
                                          YEAR:     2017
                                          LATITUDE:   34 25 N
                                          LONGITUDE: 119 50 W

[TEMPERATURE DATA]      [PRECIPITATION DATA]       SYMBOLS USED IN COLUMN 16

AVERAGE MONTHLY: 53.1   TOTAL FOR MONTH:   8.66    1 = FOG OR MIST
DPTR FM NORMAL:   1.1   DPTR FM NORMAL:    6.10    2 = FOG REDUCING VISIBILITY
HIGHEST:    73 ON 14    GRTST 24HR  2.67 ON 20-20      TO 1/4 MILE OR LESS
LOWEST:     38 ON 13                               3 = THUNDER
                        SNOW, ICE PELLETS, HAIL    4 = ICE PELLETS
                        TOTAL MONTH:   0.0 INCH    5 = HAIL
                        GRTST 24HR     0.0         6 = FREEZING RAIN OR DRIZZLE
                        GRTST DEPTH:   0           7 = DUSTSTORM OR SANDSTORM:
                                                       VSBY 1/2 MILE OR LESS
                                                   8 = SMOKE OR HAZE
[NO. OF DAYS WITH]      [WEATHER - DAYS WITH]      9 = BLOWING SNOW
                                                   X = TORNADO
MAX 32 OR BELOW:   0    0.01 INCH OR MORE:  14
MAX 90 OR ABOVE:   0    0.10 INCH OR MORE:  12
MIN 32 OR BELOW:   0    0.50 INCH OR MORE:   7
MIN  0 OR BELOW:   0    1.00 INCH OR MORE:   2

[HDD (BASE 65) ]
TOTAL THIS MO.   257    CLEAR  (SCALE 0-3)   7
DPTR FM NORMAL   -29    PTCLDY (SCALE 4-7)  10
TOTAL FM JUL 1   959    CLOUDY (SCALE 8-10)  5
DPTR FM NORMAL  -211

[CDD (BASE 65) ]
TOTAL THIS MO.     0
DPTR FM NORMAL     0    [PRESSURE DATA]
TOTAL FM JAN 1     0    HIGHEST SLP M ON M
DPTR FM NORMAL     0    LOWEST  SLP 29.38 ON 20

[REMARKS]
