000
CXUS55 KLOX 241655
CF6SBA
PRELIMINARY LOCAL CLIMATOLOGICAL DATA (WS FORM: F-6)

                                          STATION:   SANTA BARBARA AIRPORT CA
                                          MONTH:     SEPTEMBER
                                          YEAR:      2016
                                          LATITUDE:   34 25 N
                                          LONGITUDE: 119 50 W

  TEMPERATURE IN F:       :PCPN:    SNOW:  WIND      :SUNSHINE: SKY     :PK WND
================================================================================
1   2   3   4   5  6A  6B    7    8   9   10  11  12  13   14  15   16   17  18
                                     12Z  AVG MX 2MIN
DY MAX MIN AVG DEP HDD CDD  WTR  SNW DPTH SPD SPD DIR MIN PSBL S-S WX    SPD DR
================================================================================

 1  77  57  67   1   0   2 0.00  0.0    0  5.8 13 250   M    M   0        16 230
 2  69  58  64  -2   1   0 0.00  0.0    0  7.0 15 270   M    M   5        18 260
 3  69  54  62  -4   3   0 0.01  0.0    0  5.6 15 270   M    M   6 1      20 270
 4  78  50  64  -2   1   0 0.00  0.0    0  6.2 20 250   M    M   2        26 250
 5  71  50  61  -5   4   0 0.00  0.0    0  4.3 13 260   M    M   1        19 260
 6  72  51  62  -4   3   0 0.00  0.0    0  5.6 15 260   M    M   0 1      20 290
 7  71  59  65  -1   0   0 0.00  0.0    0 10.0 18 140   M    M   7 1      21 140
 8  73  59  66   0   0   1 0.00  0.0    0  6.7 17 280   M    M   5        25 280
 9  71  57  64  -2   1   0 0.00  0.0    0  5.5 16 270   M    M   4 8      22 280
10  71  57  64  -2   1   0 0.00  0.0    0  5.8 14 270   M    M   4 12     17 280
11  69  61  65  -1   0   0 0.00  0.0    0  7.0 15 250   M    M   5 1      19 260
12  65  61  63  -2   2   0 0.00  0.0    0  6.0 10 260   M    M  10        13  90
13  70  51  61  -4   4   0 0.00  0.0    0  5.2 12 260   M    M   6        15 210
14  72  48  60  -5   5   0 0.00  0.0    0  4.3 18 260   M    M   0         M  M
15  73  51  62  -3   3   0 0.00  0.0    0  5.4 30 100   M    M   0         M  M
16  71  54  63  -2   2   0 0.00  0.0    0  5.1 14 260   M    M   1 1      18 270
17  71  51  61  -4   4   0 0.00  0.0    0  4.9 12 270   M    M   1 18     16 280
18  72  54  63  -2   2   0 0.00  0.0    0  4.2 10 120   M    M   5 12     14 210
19  81  60  71   6   0   6 0.00  0.0    0  5.3 28 180   M    M   6 128    34 190
20  80  61  71   6   0   6 0.00  0.0    0  3.5 13 170   M    M   0 18     15 180
21  75  60  68   3   0   3 0.00  0.0    0  5.2 13 160   M    M   0 18     15 160
22  84  48  66   2   0   1 0.00  0.0    0 12.2 31 330   M    M   0 8      40 330
23  89  58  74  10   0   9 0.00  0.0    0 11.9 25 360   M    M   0        33  10
================================================================================
SM 1694 1270        36  28  0.01     0.0 142.6          M       68
================================================================================
AV 73.7 55.2                               6.2 FASTST   M    M   3    MAX(MPH)
                                 MISC ---->  # 31 330               # 40  330
================================================================================
NOTES:
# LAST OF SEVERAL OCCURRENCES

COLUMN 17 PEAK WIND IN M.P.H.

PRELIMINARY LOCAL CLIMATOLOGICAL DATA (WS FORM: F-6) , PAGE 2

                                          STATION:  SANTA BARBARA AIRPORT CA
                                          MONTH:    SEPTEMBER
                                          YEAR:     2016
                                          LATITUDE:   34 25 N
                                          LONGITUDE: 119 50 W

[TEMPERATURE DATA]      [PRECIPITATION DATA]       SYMBOLS USED IN COLUMN 16

AVERAGE MONTHLY: 64.4   TOTAL FOR MONTH:   0.01    1 = FOG OR MIST
DPTR FM NORMAL:  -1.0   DPTR FM NORMAL:   -0.15    2 = FOG REDUCING VISIBILITY
HIGHEST:    89 ON 23    GRTST 24HR  0.01 ON  3- 3      TO 1/4 MILE OR LESS
LOWEST:     48 ON 22,14                            3 = THUNDER
                        SNOW, ICE PELLETS, HAIL    4 = ICE PELLETS
                        TOTAL MONTH:   0.0 INCH    5 = HAIL
                        GRTST 24HR     0.0         6 = FREEZING RAIN OR DRIZZLE
                        GRTST DEPTH:   0           7 = DUSTSTORM OR SANDSTORM:
                                                       VSBY 1/2 MILE OR LESS
                                                   8 = SMOKE OR HAZE
[NO. OF DAYS WITH]      [WEATHER - DAYS WITH]      9 = BLOWING SNOW
                                                   X = TORNADO
MAX 32 OR BELOW:   0    0.01 INCH OR MORE:   1
MAX 90 OR ABOVE:   0    0.10 INCH OR MORE:   0
MIN 32 OR BELOW:   0    0.50 INCH OR MORE:   0
MIN  0 OR BELOW:   0    1.00 INCH OR MORE:   0

[HDD (BASE 65) ]
TOTAL THIS MO.    36    CLEAR  (SCALE 0-3)  12
DPTR FM NORMAL     9    PTCLDY (SCALE 4-7)  10
TOTAL FM JUL 1    58    CLOUDY (SCALE 8-10)  1
DPTR FM NORMAL   -20

[CDD (BASE 65) ]
TOTAL THIS MO.    28
DPTR FM NORMAL   -10    [PRESSURE DATA]
TOTAL FM JAN 1   176    HIGHEST SLP M ON M
DPTR FM NORMAL    11    LOWEST  SLP 29.72 ON  5

[REMARKS]
