000
CXUS55 KLOX 221655
CF6SBA
PRELIMINARY LOCAL CLIMATOLOGICAL DATA (WS FORM: F-6)

                                          STATION:   SANTA BARBARA AIRPORT CA
                                          MONTH:     DECEMBER
                                          YEAR:      2014
                                          LATITUDE:   34 25 N
                                          LONGITUDE: 119 50 W

  TEMPERATURE IN F:       :PCPN:    SNOW:  WIND      :SUNSHINE: SKY     :PK WND
================================================================================
1   2   3   4   5  6A  6B    7    8   9   10  11  12  13   14  15   16   17  18
                                     12Z  AVG MX 2MIN
DY MAX MIN AVG DEP HDD CDD  WTR  SNW DPTH SPD SPD DIR MIN PSBL S-S WX    SPD DR
================================================================================

 1  68  53  61   8   4   0    T  0.0    0  4.7  9 160   M    M   6        13 140
 2  64  59  62   9   3   0 2.14  0.0    0  9.0 21 120   M    M   9 1      28 120
 3  65  54  60   7   5   0 0.22  0.0    0  5.9 15 110   M    M   6 1      20 120
 4  68  50  59   6   6   0 0.02  0.0    0  2.1  9 240   M    M   5 1      13 170
 5  67  54  61   8   4   0 0.00  0.0    0  3.3  9 150   M    M   5        11 140
 6  69  53  61   9   4   0 0.00  0.0    0  3.1 10 270   M    M   3 1       M  M
 7  69  50  60   8   5   0 0.00  0.0    0  2.9 14 250   M    M   3        17 250
 8  70  48  59   7   6   0 0.00  0.0    0  2.4  9 160   M    M   0        14  80
 9  72  47  60   8   5   0 0.00  0.0    0  2.7 12 150   M    M   2        15 150
10  69  47  58   6   7   0 0.00  0.0    0  2.2 10 260   M    M   3        12 260
11  66  56  61   9   4   0 0.81  0.0    0 15.1 36 120   M    M   9 18     49 120
12  64  47  56   4   9   0 1.32    M    0  8.3 21 270   M    M   6 1      25 260
13  68  46  57   5   8   0 0.00  0.0    0  4.6 14  40   M    M   0        18 260
14  64  44  54   2  11   0 0.00  0.0    0  2.7  9 140   M    M   2        12 150
15  64  48  56   4   9   0 0.24    M    0  8.9 22 140   M    M   8        26 150
16  61  54  58   6   7   0 0.05  0.0    0  3.9 15 110   M    M   7        18 120
17  65  47  56   4   9   0 0.13    M    0  5.0 16 290   M    M   4 1      21 280
18  61  50  56   4   9   0 0.02  0.0    0  3.0 10 130   M    M   9 1      13 140
19  64  46  55   3  10   0 0.00  0.0    0  2.8 12 270   M    M   3        14 270
20  69  47  58   6   7   0 0.00  0.0    0  5.5 28 360   M    M   3        38 360
21  79  53  66  15   0   1 0.00  0.0    0  9.0 29  70   M    M   3        40  70
================================================================================
SM 1406 1053       132   1  4.95     0.0 107.0          M       96
================================================================================
AV 67.0 50.1                               5.1 FASTST   M    M   5    MAX(MPH)
                                 MISC ---->  # 36 120               # 49  120
================================================================================
NOTES:
# LAST OF SEVERAL OCCURRENCES

COLUMN 17 PEAK WIND IN M.P.H.

PRELIMINARY LOCAL CLIMATOLOGICAL DATA (WS FORM: F-6) , PAGE 2

                                          STATION:  SANTA BARBARA AIRPORT CA
                                          MONTH:    DECEMBER
                                          YEAR:     2014
                                          LATITUDE:   34 25 N
                                          LONGITUDE: 119 50 W

[TEMPERATURE DATA]      [PRECIPITATION DATA]       SYMBOLS USED IN COLUMN 16

AVERAGE MONTHLY: 58.5   TOTAL FOR MONTH:   4.95    1 = FOG OR MIST
DPTR FM NORMAL:   6.4   DPTR FM NORMAL:    3.22    2 = FOG REDUCING VISIBILITY
HIGHEST:    79 ON 21    GRTST 24HR  2.26 ON  2- 3      TO 1/4 MILE OR LESS
LOWEST:     44 ON 14                               3 = THUNDER
                        SNOW, ICE PELLETS, HAIL    4 = ICE PELLETS
                        TOTAL MONTH:   0.0 INCH    5 = HAIL
                        GRTST 24HR     0.0         6 = FREEZING RAIN OR DRIZZLE
                        GRTST DEPTH:   0           7 = DUSTSTORM OR SANDSTORM:
                                                       VSBY 1/2 MILE OR LESS
                                                   8 = SMOKE OR HAZE
[NO. OF DAYS WITH]      [WEATHER - DAYS WITH]      9 = BLOWING SNOW
                                                   X = TORNADO
MAX 32 OR BELOW:   0    0.01 INCH OR MORE:   9
MAX 90 OR ABOVE:   0    0.10 INCH OR MORE:   6
MIN 32 OR BELOW:   0    0.50 INCH OR MORE:   3
MIN  0 OR BELOW:   0    1.00 INCH OR MORE:   2

[HDD (BASE 65) ]
TOTAL THIS MO.   132    CLEAR  (SCALE 0-3)   9
DPTR FM NORMAL  -138    PTCLDY (SCALE 4-7)   9
TOTAL FM JUL 1   265    CLOUDY (SCALE 8-10)  3
DPTR FM NORMAL  -483

[CDD (BASE 65) ]
TOTAL THIS MO.     1
DPTR FM NORMAL     1    [PRESSURE DATA]
TOTAL FM JAN 1   530    HIGHEST SLP M ON M
DPTR FM NORMAL   342    LOWEST  SLP 29.73 ON 12

[REMARKS]
