000
CXUS53 KMKX 290701
CF6SBM
PRELIMINARY LOCAL CLIMATOLOGICAL DATA (WS FORM: F-6)

                                          STATION:   SHEBOYGAN WI
                                          MONTH:     JANUARY
                                          YEAR:      2015
                                          LATITUDE:   43 46 N
                                          LONGITUDE:  87 51 W

  TEMPERATURE IN F:       :PCPN:    SNOW:  WIND      :SUNSHINE: SKY     :PK WND
================================================================================
1   2   3   4   5  6A  6B    7    8   9   10  11  12  13   14  15   16   17  18
                                     12Z  AVG MX 2MIN
DY MAX MIN AVG DEP HDD CDD  WTR  SNW DPTH SPD SPD DIR MIN PSBL S-S WX    SPD DR
================================================================================

 1  30  15  23   3  42   0    T    M    0 13.8 24 250   M    M   4        31 250
 2  30  10  20   0  45   0 0.00  0.0    0  4.0 10 310   M    M   1        16 300
 3  34  21  28   8  37   0 0.04    M    M  3.2 10 340   M    M   9 12     13 350
 4  32  -5  14  -6  51   0 0.03    M    M 16.2 25 300   M    M   7 19     35 310
 5   3  -9  -3 -22  68   0    T    M    0 11.8 21 270   M    M   2        27 300
 6  11  -2   5 -14  60   0    T    M    0 13.1 23 310   M    M   3        30 310
 7   4  -6  -1 -20  66   0 0.00  0.0    0 17.1 24 280   M    M   0        34 270
 8  11  -6   3 -16  62   0    T    M    M 15.9 26 220   M    M   5 189    35 290
 9   6  -1   3 -16  62   0    T    M    M 16.5 26 300   M    M   2 89     35 300
10  20  -6   7 -12  58   0 0.00    M    M 12.7 21 230   M    M   4        27 240
11  28  15  22   3  43   0 0.00    M    M  4.5 13 220   M    M   5        15 220
12  21   7  14  -5  51   0    T    M    0 11.8 20 340   M    M   4        26 340
13  18   6  12  -7  53   0    T    M    0  4.5 14 350   M    M  10 18     16 340
14  20   0  10  -9  55   0 0.00  0.0    0  7.3 14 250   M    M   8        17 250
15  35  19  27   8  38   0    T    M    0 12.2 21 260   M    M   6 8      24 260
16  31  21  26   7  39   0 0.00  0.0    0  8.3 15 150   M    M   9        23 150
17  41  31  36  17  29   0 0.00  0.0    0 13.6 23 160   M    M   6 18     33 160
18  39  32  36  17  29   0    T    M    0 11.4 22 280   M    M  10        30 270
19  32  26  29  10  36   0 0.05    M    M  7.1 16  50   M    M  10 1      18  50
20  30  25  28   9  37   0 0.07    M    M  9.4 16  50   M    M  10 1      20  50
21  29  16  23   4  42   0    T    M    M  7.3 15 340   M    M  10        19 330
22  30  15  23   4  42   0 0.00  0.0    0  7.3 15 240   M    M   5 1      20 230
23  33  24  29  10  36   0    T    M    0 14.6 24 220   M    M   7        30 230
24  38  27  33  14  32   0    T    M    0  9.7 25  40   M    M   9 1      29  40
25  27  14  21   2  44   0 0.00  0.0    0 16.5 29  50   M    M   6        36  50
26  27  10  19   0  46   0 0.02    M    M  4.6 14 170   M    M   7 18     17 180
27  28  24  26   7  39   0 0.00    M    M  5.5 13  70   M    M   9        15  50
28  33  15  24   5  41   0    T    M    M  8.9 21 180   M    M   4        27 160
================================================================================
SM  721  338      1283   0  0.21     0.0 288.8          M      172
================================================================================
AV 25.8 12.1                              10.3 FASTST   M    M   6    MAX(MPH)
                                 MISC ---->  # 29  50               # 36   50
================================================================================
NOTES:
# LAST OF SEVERAL OCCURRENCES

COLUMN 17 PEAK WIND IN M.P.H.

PRELIMINARY LOCAL CLIMATOLOGICAL DATA (WS FORM: F-6) , PAGE 2

                                          STATION:  SHEBOYGAN WI
                                          MONTH:    JANUARY
                                          YEAR:     2015
                                          LATITUDE:   43 46 N
                                          LONGITUDE:  87 51 W

[TEMPERATURE DATA]      [PRECIPITATION DATA]       SYMBOLS USED IN COLUMN 16

AVERAGE MONTHLY: 18.9   TOTAL FOR MONTH:   0.21    1 = FOG OR MIST
DPTR FM NORMAL:  -0.2   DPTR FM NORMAL:   -0.92    2 = FOG REDUCING VISIBILITY
HIGHEST:    41 ON 17    GRTST 24HR  0.12 ON 19-20      TO 1/4 MILE OR LESS
LOWEST:     -9 ON  5                               3 = THUNDER
                        SNOW, ICE PELLETS, HAIL    4 = ICE PELLETS
                        TOTAL MONTH:   0.0 INCH    5 = HAIL
                        GRTST 24HR     0.0         6 = FREEZING RAIN OR DRIZZLE
                        GRTST DEPTH:   0           7 = DUSTSTORM OR SANDSTORM:
                                                       VSBY 1/2 MILE OR LESS
                                                   8 = SMOKE OR HAZE
[NO. OF DAYS WITH]      [WEATHER - DAYS WITH]      9 = BLOWING SNOW
                                                   X = TORNADO
MAX 32 OR BELOW:  21    0.01 INCH OR MORE:   5
MAX 90 OR ABOVE:   0    0.10 INCH OR MORE:   0
MIN 32 OR BELOW:  28    0.50 INCH OR MORE:   0
MIN  0 OR BELOW:   8    1.00 INCH OR MORE:   0

[HDD (BASE 65) ]
TOTAL THIS MO.  1283    CLEAR  (SCALE 0-3)   5
DPTR FM NORMAL    -1    PTCLDY (SCALE 4-7)  14
TOTAL FM JUL 1  4246    CLOUDY (SCALE 8-10)  9
DPTR FM NORMAL    42

[CDD (BASE 65) ]
TOTAL THIS MO.     0
DPTR FM NORMAL     0    [PRESSURE DATA]
TOTAL FM JAN 1     0    HIGHEST SLP M ON M
DPTR FM NORMAL     0    LOWEST  SLP 29.52 ON 17

[REMARKS]
