000
CXUS55 KLOX 261655
CF6SDB
PRELIMINARY LOCAL CLIMATOLOGICAL DATA (WS FORM: F-6)

                                          STATION:   SANDBERG CA
                                          MONTH:     MAY
                                          YEAR:      2016
                                          LATITUDE:   34 45 N
                                          LONGITUDE: 118 44 W

  TEMPERATURE IN F:       :PCPN:    SNOW:  WIND      :SUNSHINE: SKY     :PK WND
================================================================================
1   2   3   4   5  6A  6B    7    8   9   10  11  12  13   14  15   16   17  18
                                     12Z  AVG MX 2MIN
DY MAX MIN AVG DEP HDD CDD  WTR  SNW DPTH SPD SPD DIR MIN PSBL S-S WX    SPD DR
================================================================================

 1  74  51  63   9   2   0 0.05  0.0    0  8.3 22 130   M    M   4        28 140
 2  73  53  63   9   2   0 0.00  0.0    0  9.5 22 110   M    M   3        31  80
 3  78  57  68  14   0   3 0.00  0.0    0 12.7 28 110   M    M   0        34 100
 4  73  46  60   5   5   0 0.00  0.0    0 14.4 28 150   M    M   1 12     38 150
 5  57  43  50  -5  15   0    T    M    0 15.5 26 180   M    M   9 128    34 150
 6  54  43  49  -6  16   0 0.24    M    0  6.6 16 250   M    M   9 128    21 330
 7  58  43  51  -5  14   0    T    M    0 11.8 21 160   M    M   9 12     27 170
 8  60  47  54  -2  11   0    T    M    0 15.0 25 340   M    M   8 128    30 330
 9  69  50  60   4   5   0 0.00  0.0    0 11.9 21 340   M    M   0        30 340
10  73  52  63   7   2   0 0.00  0.0    0 10.6 23 320   M    M   0 8      28 330
11  83  54  69  12   0   4 0.00  0.0    0 13.6 31  80   M    M   0        39  80
12  86  63  75  18   0  10 0.00  0.0    0 10.5 21 210   M    M   0        27 210
13  83  59  71  14   0   6 0.00  0.0    0 12.1 23 190   M    M   0        29 180
14  69  55  62   4   3   0 0.00  0.0    0 18.8 35 340   M    M   0        46 330
15  65  49  57  -1   8   0 0.00  0.0    0 23.4 45 340   M    M   4        51 330
16  71  50  61   3   4   0 0.00  0.0    0 23.0 46 340   M    M   1        57 340
17  79  55  67   9   0   2 0.00  0.0    0 12.2 26 340   M    M   1        37  70
18  80  60  70  11   0   5 0.00  0.0    0 15.7 26 350   M    M   0        34 340
19  77  49  63   4   2   0 0.00  0.0    0 12.5 26 320   M    M   1 12     30 340
20  59  41  50  -9  15   0 0.00  0.0    0 15.0 29 180   M    M   8 128    39 180
21  56  38  47 -12  18   0 0.00  0.0    0 11.8 23 340   M    M   5 1      30 340
22  64  41  53  -7  12   0 0.00  0.0    0 15.8 26 340   M    M   3 18     36 340
23  65  43  54  -6  11   0 0.00  0.0    0 13.7 29 330   M    M   5 12     35 330
24  60  44  52  -8  13   0 0.00  0.0    0 11.6 18 170   M    M   9 128    25 150
25  61  44  53  -7  12   0    T    M    0 11.0 33 340   M    M   6 12     45 330
================================================================================
SM 1727 1230       170  30  0.29     0.0 336.9          M       86
================================================================================
AV 69.1 49.2                              13.5 FASTST   M    M   3    MAX(MPH)
                                 MISC ---->  # 46 340               # 57  340
================================================================================
NOTES:
# LAST OF SEVERAL OCCURRENCES

COLUMN 17 PEAK WIND IN M.P.H.

PRELIMINARY LOCAL CLIMATOLOGICAL DATA (WS FORM: F-6) , PAGE 2

                                          STATION:  SANDBERG CA
                                          MONTH:    MAY
                                          YEAR:     2016
                                          LATITUDE:   34 45 N
                                          LONGITUDE: 118 44 W

[TEMPERATURE DATA]      [PRECIPITATION DATA]       SYMBOLS USED IN COLUMN 16

AVERAGE MONTHLY: 59.1   TOTAL FOR MONTH:   0.29    1 = FOG OR MIST
DPTR FM NORMAL:   1.9   DPTR FM NORMAL:   -0.08    2 = FOG REDUCING VISIBILITY
HIGHEST:    86 ON 12    GRTST 24HR  0.24 ON  6- 6      TO 1/4 MILE OR LESS
LOWEST:     38 ON 21                               3 = THUNDER
                        SNOW, ICE PELLETS, HAIL    4 = ICE PELLETS
                        TOTAL MONTH:   0.0 INCH    5 = HAIL
                        GRTST 24HR     0.0         6 = FREEZING RAIN OR DRIZZLE
                        GRTST DEPTH:   0           7 = DUSTSTORM OR SANDSTORM:
                                                       VSBY 1/2 MILE OR LESS
                                                   8 = SMOKE OR HAZE
[NO. OF DAYS WITH]      [WEATHER - DAYS WITH]      9 = BLOWING SNOW
                                                   X = TORNADO
MAX 32 OR BELOW:   0    0.01 INCH OR MORE:   2
MAX 90 OR ABOVE:   0    0.10 INCH OR MORE:   1
MIN 32 OR BELOW:   0    0.50 INCH OR MORE:   0
MIN  0 OR BELOW:   0    1.00 INCH OR MORE:   0

[HDD (BASE 65) ]
TOTAL THIS MO.   170    CLEAR  (SCALE 0-3)  14
DPTR FM NORMAL   -48    PTCLDY (SCALE 4-7)   7
TOTAL FM JUL 1  3039    CLOUDY (SCALE 8-10)  4
DPTR FM NORMAL  -954

[CDD (BASE 65) ]
TOTAL THIS MO.    30
DPTR FM NORMAL     4    [PRESSURE DATA]
TOTAL FM JAN 1    49    HIGHEST SLP M ON M
DPTR FM NORMAL    15    LOWEST  SLP 29.77 ON M

[REMARKS]
