000
CXUS53 KLMK 290800
CF6SDF
PRELIMINARY LOCAL CLIMATOLOGICAL DATA (WS FORM: F-6)

                                          STATION:   LOUISVILLE KY
                                          MONTH:     DECEMBER
                                          YEAR:      2014
                                          LATITUDE:   38 10 N
                                          LONGITUDE:  85 44 W

  TEMPERATURE IN F:       :PCPN:    SNOW:  WIND      :SUNSHINE: SKY     :PK WND
================================================================================
1   2   3   4   5  6A  6B    7    8   9   10  11  12  13   14  15   16   17  18
                                     12Z  AVG MX 2MIN
DY MAX MIN AVG DEP HDD CDD  WTR  SNW DPTH SPD SPD DIR MIN PSBL S-S WX    SPD DR
================================================================================

 1  66  35  51   9  14   0 0.59  0.0    0 12.2 20  10   M    M  10 1      24 350
 2  41  36  39  -3  26   0    T  0.0    0  5.3 12 250   M    M   8 1      15  40
 3  45  36  41  -1  24   0 0.00  0.0    0  8.9 20 270   M    M   9        23 280
 4  41  34  38  -3  27   0 0.30  0.0    0  3.9 13 110   M    M  10 1      15 100
 5  59  41  50   9  15   0 0.93  0.0    0  1.6 12 130   M    M  10 1      13 160
 6  60  41  51  11  14   0 0.76  0.0    0 13.8 28 340   M    M  10 18     33 340
 7  47  34  41   1  24   0 0.00  0.0    0  8.0 16  80   M    M   8        19  80
 8  51  35  43   3  22   0    T  0.0    0  6.8 18 280   M    M   9        21 280
 9  45  38  42   3  23   0 0.01  0.0    0 11.1 20 320   M    M  10 1      25 330
10  40  34  37  -2  28   0 0.00  0.0    0  9.5 15 360   M    M  10        20 350
11  44  29  37  -2  28   0 0.00  0.0    0  6.6 14 340   M    M   5        16 320
12  45  25  35  -3  30   0 0.00  0.0    0  5.5 13 300   M    M   3 18     17 290
13  48  41  45   7  20   0 0.00  0.0    0  3.8  9 290   M    M  10 8      13 280
14  49  44  47   9  18   0    T  0.0    0  3.9  9 150   M    M  10 18     11 140
15  54  42  48  10  17   0 0.01  0.0    0  8.8 16 110   M    M   9 8      18 130
16  56  37  47   9  18   0 0.23  0.0    0 14.8 23 260   M    M  10 18     30 250
17  37  31  34  -3  31   0    T  0.0    0  9.5 18 270   M    M   9        22 270
18  34  29  32  -5  33   0    T    T    0  4.2 10  30   M    M  10 8      15 360
19  37  27  32  -5  33   0 0.00  0.0    0  5.5 12  10   M    M   8 18     14  10
20  39  29  34  -3  31   0    T    T    0  4.1  9  10   M    M   9 18     10  20
21  44  25  35  -1  30   0 0.00  0.0    0  3.2 12  80   M    M   4 18     15  80
22  54  34  44   8  21   0 0.21  0.0    0  5.6 20 150   M    M  10 1      26 140
23  57  52  55  19  10   0 0.09  0.0    0  6.1 16 150   M    M  10 1      20 140
24  58  40  49  13  16   0 0.16  0.0    0 10.3 23 270   M    M  10 1      29 260
25  46  34  40   4  25   0    T  0.0    0 10.1 22 260   M    M   7        29 270
26  57  32  45   9  20   0 0.00  0.0    0  7.8 16 190   M    M   5        20 200
27  53  47  50  14  15   0 0.14  0.0    0  6.7 14 180   M    M  10 1      19 190
28  49  35  42   7  23   0 0.14  0.0    0  7.6 18 330   M    M  10 1      24 320
================================================================================
SM 1356  997       636   0  3.57    T    205.2          M      243
================================================================================
AV 48.4 35.6                               7.3 FASTST   M    M   9    MAX(MPH)
                                 MISC ---->  # 28 340               # 33  340
================================================================================
NOTES:
# LAST OF SEVERAL OCCURRENCES

COLUMN 17 PEAK WIND IN M.P.H.

PRELIMINARY LOCAL CLIMATOLOGICAL DATA (WS FORM: F-6) , PAGE 2

                                          STATION:  LOUISVILLE KY
                                          MONTH:    DECEMBER
                                          YEAR:     2014
                                          LATITUDE:   38 10 N
                                          LONGITUDE:  85 44 W

[TEMPERATURE DATA]      [PRECIPITATION DATA]       SYMBOLS USED IN COLUMN 16

AVERAGE MONTHLY: 42.0   TOTAL FOR MONTH:   3.57    1 = FOG OR MIST
DPTR FM NORMAL:   3.8   DPTR FM NORMAL:    0.08    2 = FOG REDUCING VISIBILITY
HIGHEST:    66 ON  1    GRTST 24HR  1.51 ON  5- 6      TO 1/4 MILE OR LESS
LOWEST:     25 ON 21,12                            3 = THUNDER
                        SNOW, ICE PELLETS, HAIL    4 = ICE PELLETS
                        TOTAL MONTH:    T          5 = HAIL
                        GRTST 24HR    T  ON 20-20  6 = FREEZING RAIN OR DRIZZLE
                        GRTST DEPTH:   0           7 = DUSTSTORM OR SANDSTORM:
                                                       VSBY 1/2 MILE OR LESS
                                                   8 = SMOKE OR HAZE
[NO. OF DAYS WITH]      [WEATHER - DAYS WITH]      9 = BLOWING SNOW
                                                   X = TORNADO
MAX 32 OR BELOW:   0    0.01 INCH OR MORE:  12
MAX 90 OR ABOVE:   0    0.10 INCH OR MORE:   9
MIN 32 OR BELOW:   8    0.50 INCH OR MORE:   3
MIN  0 OR BELOW:   0    1.00 INCH OR MORE:   0

[HDD (BASE 65) ]
TOTAL THIS MO.   636    CLEAR  (SCALE 0-3)   0
DPTR FM NORMAL  -116    PTCLDY (SCALE 4-7)   7
TOTAL FM JUL 1  1522    CLOUDY (SCALE 8-10) 21
DPTR FM NORMAL    35

[CDD (BASE 65) ]
TOTAL THIS MO.     0
DPTR FM NORMAL     0    [PRESSURE DATA]
TOTAL FM JAN 1  1626    HIGHEST SLP M ON M
DPTR FM NORMAL    13    LOWEST  SLP 29.38 ON 24

[REMARKS]
