000
CXUS56 KSGX 281445
CF6SDM
PRELIMINARY LOCAL CLIMATOLOGICAL DATA (WS FORM: F-6)

                                          STATION:   SAN DIEGO/BROWN
                                          MONTH:     MARCH
                                          YEAR:      2015
                                          LATITUDE:   32 34 N
                                          LONGITUDE: 116 59 W

  TEMPERATURE IN F:       :PCPN:    SNOW:  WIND      :SUNSHINE: SKY     :PK WND
================================================================================
1   2   3   4   5  6A  6B    7    8   9   10  11  12  13   14  15   16   17  18
                                     12Z  AVG MX 2MIN
DY MAX MIN AVG DEP HDD CDD  WTR  SNW DPTH SPD SPD DIR MIN PSBL S-S WX    SPD DR
================================================================================

 1  57  51  54  -2  11   0 0.90  0.0    0  7.8 16 120   M    M  10 1      23  70
 2  61  46  54  -2  11   0 0.57    M    0  7.3 26 240   M    M   7 138    37 250
 3  64  47  56   0   9   0 0.00  0.0    0  5.2 15 280   M    M   3        19 270
 4  68  43  56   0   9   0 0.00  0.0    0  5.7 13 280   M    M   0        18 270
 5  76  41  59   3   6   0 0.00  0.0    0  4.4 16 100   M    M   0        25 100
 6  80  42  61   5   4   0 0.00  0.0    0  5.1 13 270   M    M   0        17 270
 7  82  48  65   8   0   0 0.00  0.0    0  5.6 14 270   M    M   0        17 270
 8  75  47  61   4   4   0 0.00  0.0    0  5.4 14 250   M    M   2 1      17 280
 9  67  43  55  -2  10   0 0.00  0.0    0  3.1 10 270   M    M   3 18     15 280
10  75  46  61   4   4   0 0.00  0.0    0  3.3 10 300   M    M   0 18     14 290
11  76  54  65   8   0   0 0.00  0.0    0  4.6 14 280   M    M   0 18     19 280
12  79  52  66   9   0   1 0.00  0.0    0  5.9 14 280   M    M   0 18     21 310
13  91  53  72  15   0   7 0.00  0.0    0  6.4 15  20   M    M   0        22  20
14  93  56  75  18   0  10 0.00  0.0    0  8.7 18  70   M    M   0        24  70
15  93  63  78  21   0  13 0.00  0.0    0  6.8 18 120   M    M   0        23 110
16  90  58  74  17   0   9 0.00  0.0    0  7.2 15 250   M    M   0        20 250
17  83  53  68  11   0   3 0.00  0.0    0  6.3 15 250   M    M   0        18 250
18  72  54  63   6   2   0 0.00  0.0    0  6.1 14 250   M    M   1 8      19 230
19  74  55  65   8   0   0 0.00  0.0    0  4.5 15 270   M    M   4        20 260
20  75  54  65   8   0   0 0.00  0.0    0  3.4 13 280   M    M   3 18     18 290
21  72  56  64   7   1   0 0.00  0.0    0  4.3 12 280   M    M   5 18     16 280
22  71  52  62   5   3   0 0.00  0.0    0  4.1 13 270   M    M   3 18     17 300
23  70  50  60   3   5   0 0.00  0.0    0  5.6 14 270   M    M   1        19 300
24  73  47  60   3   5   0 0.00  0.0    0  5.6 14 280   M    M   0 1      19 250
25  80  49  65   8   0   0 0.00  0.0    0  4.4 15 270   M    M   0        20 270
26  90  53  72  15   0   7 0.00  0.0    0  5.8 13 260   M    M   0        18 280
27  86  56  71  14   0   6 0.00  0.0    0  4.8 16 280   M    M   0 12     20 280
================================================================================
SM 2073 1369        84  56  1.47     0.0 147.4          M       42
================================================================================
AV 76.8 50.7                               5.5 FASTST   M    M   2    MAX(MPH)
                                 MISC ---->  # 26 240               # 37  250
================================================================================
NOTES:
# LAST OF SEVERAL OCCURRENCES

COLUMN 17 PEAK WIND IN M.P.H.

PRELIMINARY LOCAL CLIMATOLOGICAL DATA (WS FORM: F-6) , PAGE 2

                                          STATION:  SAN DIEGO/BROWN
                                          MONTH:    MARCH
                                          YEAR:     2015
                                          LATITUDE:   32 34 N
                                          LONGITUDE: 116 59 W

[TEMPERATURE DATA]      [PRECIPITATION DATA]       SYMBOLS USED IN COLUMN 16

AVERAGE MONTHLY: 63.7   TOTAL FOR MONTH:   1.47    1 = FOG OR MIST
DPTR FM NORMAL:   7.0   DPTR FM NORMAL:   -0.78    2 = FOG REDUCING VISIBILITY
HIGHEST:    93 ON 15,14 GRTST 24HR  0.90 ON  1- 1      TO 1/4 MILE OR LESS
LOWEST:     41 ON  5                               3 = THUNDER
                        SNOW, ICE PELLETS, HAIL    4 = ICE PELLETS
                        TOTAL MONTH:   0.0 INCH    5 = HAIL
                        GRTST 24HR     0.0         6 = FREEZING RAIN OR DRIZZLE
                        GRTST DEPTH:   0           7 = DUSTSTORM OR SANDSTORM:
                                                       VSBY 1/2 MILE OR LESS
                                                   8 = SMOKE OR HAZE
[NO. OF DAYS WITH]      [WEATHER - DAYS WITH]      9 = BLOWING SNOW
                                                   X = TORNADO
MAX 32 OR BELOW:   0    0.01 INCH OR MORE:   2
MAX 90 OR ABOVE:   5    0.10 INCH OR MORE:   2
MIN 32 OR BELOW:   0    0.50 INCH OR MORE:   2
MIN  0 OR BELOW:   0    1.00 INCH OR MORE:   0

[HDD (BASE 65) ]
TOTAL THIS MO.    84    CLEAR  (SCALE 0-3)  22
DPTR FM NORMAL  -149    PTCLDY (SCALE 4-7)   4
TOTAL FM JUL 1   681    CLOUDY (SCALE 8-10)  1
DPTR FM NORMAL  -721

[CDD (BASE 65) ]
TOTAL THIS MO.    56
DPTR FM NORMAL    56    [PRESSURE DATA]
TOTAL FM JAN 1    80    HIGHEST SLP M ON M
DPTR FM NORMAL    74    LOWEST  SLP 29.85 ON  3

[REMARKS]
