000
CXUS52 KMLB 011346
CF6SFB
PRELIMINARY LOCAL CLIMATOLOGICAL DATA (WS FORM: F-6)

                                          STATION:   SANFORD
                                          MONTH:     APRIL
                                          YEAR:      2016
                                          LATITUDE:   28 46 N
                                          LONGITUDE:  81 15 W

  TEMPERATURE IN F:       :PCPN:    SNOW:  WIND      :SUNSHINE: SKY     :PK WND
================================================================================
1   2   3   4   5  6A  6B    7    8   9   10  11  12  13   14  15   16   17  18
                                     12Z  AVG MX 2MIN
DY MAX MIN AVG DEP HDD CDD  WTR  SNW DPTH SPD SPD DIR MIN PSBL S-S WX    SPD DR
================================================================================

 1  91  71  81  12   0  16 0.00  0.0    0  7.7 17 250   M    M   3        26 220
 2  81  68  75   6   0  10 0.18  0.0    0 13.6 30 240   M    M   6 13     40 190
 3  76  56  66  -3   0   1 0.00  0.0    0  9.1 17  10   M    M   0        23  80
 4  81  55  68  -2   0   3 0.00  0.0    0  3.7 15  90   M    M   0        18  90
 5  85  54  70   0   0   5 0.00  0.0    0  8.3 18  50   M    M   0        24  10
 6  78  59  69  -1   0   4 0.02  0.0    0 10.5 20 100   M    M   1        29 120
 7  84  63  74   4   0   9 0.02  0.0    0 10.6 22 240   M    M   5        29 250
 8  86  61  74   4   0   9 0.00  0.0    0 10.4 23 280   M    M   0        29 270
 9  76  53  65  -5   0   0 0.00  0.0    0  7.4 21 360   M    M   0        26 360
10  80  55  68  -2   0   3 0.00  0.0    0  8.8 18  90   M    M   0        23  80
11  81  59  70  -1   0   5 0.00  0.0    0  8.2 18 110   M    M   3        24 100
12  85  56  71   0   0   6 0.00  0.0    0  4.7 15 240   M    M   2        19 270
13  84  64  74   3   0   9 0.28  0.0    0  4.8 13  60   M    M   6 13     16  80
14  84  66  75   4   0  10 0.17  0.0    0  6.0 18  50   M    M   5 13     23  50
15  80  67  74   3   0   9 0.10  0.0    0 10.0 22  50   M    M   9 1      27  50
16  79  63  71  -1   0   6    T  0.0    0 13.8 24  70   M    M   8        28  50
17  78  59  69  -3   0   4 0.00  0.0    0 10.9 21  40   M    M   2        27  50
18  79  60  70  -2   0   5    T  0.0    0 11.0 20  70   M    M   4 18     26  60
19  80  59  70  -2   0   5 0.00  0.0    0  8.1 17  90   M    M   2        21  90
20  81  56  69  -3   0   4 0.00  0.0    0  6.7 17 100   M    M   0        31 130
21  85  62  74   2   0   9 0.00  0.0    0 10.1 24 130   M    M   1        31 130
22  87  62  75   3   0  10 1.07  0.0    0  7.3 26 320   M    M   5 13     36  10
23  83  65  74   1   0   9 0.22  0.0    0  7.5 15 280   M    M   4 1      19 280
24  85  65  75   2   0  10 0.00  0.0    0  6.9 18  70   M    M   1        23  70
25  83  64  74   1   0   9 0.00  0.0    0  6.8 17  70   M    M   1        23  70
26  84  60  72  -1   0   7 0.00  0.0    0  5.1 16 110   M    M   1        20 120
27  86  65  76   3   0  11 0.00  0.0    0  7.3 17 130   M    M   1        22 140
28  90  68  79   5   0  14 0.00  0.0    0  7.0 25 130   M    M   4 38     30 120
29  91  69  80   6   0  15 0.00  0.0    0  5.1 15 100   M    M   1 3      17 100
30  88  70  79   5   0  14 0.00  0.0    0  9.0 20 120   M    M   1        24 130
================================================================================
SM 2491 1854         0 231  2.06     0.0 246.4          M       76
================================================================================
AV 83.0 61.8                               8.2 FASTST   M    M   3    MAX(MPH)
                                 MISC ---->  # 30 240               # 40  190
================================================================================
NOTES:
# LAST OF SEVERAL OCCURRENCES

COLUMN 17 PEAK WIND IN M.P.H.

PRELIMINARY LOCAL CLIMATOLOGICAL DATA (WS FORM: F-6) , PAGE 2

                                          STATION:  SANFORD
                                          MONTH:    APRIL
                                          YEAR:     2016
                                          LATITUDE:   28 46 N
                                          LONGITUDE:  81 15 W

[TEMPERATURE DATA]      [PRECIPITATION DATA]       SYMBOLS USED IN COLUMN 16

AVERAGE MONTHLY: 72.4   TOTAL FOR MONTH:   2.06    1 = FOG OR MIST
DPTR FM NORMAL:   1.0   DPTR FM NORMAL:   -0.39    2 = FOG REDUCING VISIBILITY
HIGHEST:    91 ON 29, 1 GRTST 24HR  1.29 ON 22-23      TO 1/4 MILE OR LESS
LOWEST:     53 ON  9                               3 = THUNDER
                        SNOW, ICE PELLETS, HAIL    4 = ICE PELLETS
                        TOTAL MONTH:   0.0 INCH    5 = HAIL
                        GRTST 24HR     0.0         6 = FREEZING RAIN OR DRIZZLE
                        GRTST DEPTH:   0           7 = DUSTSTORM OR SANDSTORM:
                                                       VSBY 1/2 MILE OR LESS
                                                   8 = SMOKE OR HAZE
[NO. OF DAYS WITH]      [WEATHER - DAYS WITH]      9 = BLOWING SNOW
                                                   X = TORNADO
MAX 32 OR BELOW:   0    0.01 INCH OR MORE:   8
MAX 90 OR ABOVE:   3    0.10 INCH OR MORE:   6
MIN 32 OR BELOW:   0    0.50 INCH OR MORE:   1
MIN  0 OR BELOW:   0    1.00 INCH OR MORE:   1

[HDD (BASE 65) ]
TOTAL THIS MO.     0    CLEAR  (SCALE 0-3)  18
DPTR FM NORMAL   -15    PTCLDY (SCALE 4-7)  11
TOTAL FM JUL 1   410    CLOUDY (SCALE 8-10)  1
DPTR FM NORMAL  -188

[CDD (BASE 65) ]
TOTAL THIS MO.   231
DPTR FM NORMAL    23    [PRESSURE DATA]
TOTAL FM JAN 1   496    HIGHEST SLP 30.27 ON 11
DPTR FM NORMAL    84    LOWEST  SLP 29.79 ON  2

[REMARKS]
#FINAL-04-16#
