000
CXUS56 KMTR 301000
CF6SFD
PRELIMINARY LOCAL CLIMATOLOGICAL DATA (WS FORM: F-6)

                                          STATION:   SAN FRANCISCO DWTN CA
                                          MONTH:     AUGUST
                                          YEAR:      2014
                                          LATITUDE:   37 46 N
                                          LONGITUDE: 122 26 W

  TEMPERATURE IN F:       :PCPN:    SNOW:  WIND      :SUNSHINE: SKY     :PK WND
================================================================================
1   2   3   4   5  6A  6B    7    8   9   10  11  12  13   14  15   16   17  18
                                     12Z  AVG MX 2MIN
DY MAX MIN AVG DEP HDD CDD  WTR  SNW DPTH SPD SPD DIR MIN PSBL S-S WX    SPD DR
================================================================================

 1  65  57  61   0   4   0 0.00  0.0    0   M   M   M   M    M   M         M  M
 2  62  56  59  -2   6   0 0.00  0.0    0   M   M   M   M    M   M         M  M
 3  64  57  61   0   4   0 0.00  0.0    0   M   M   M   M    M   M         M  M
 4  68  57  63   2   2   0 0.00  0.0    0   M   M   M   M    M   M         M  M
 5  69  59  64   3   1   0 0.00  0.0    0   M   M   M   M    M   M         M  M
 6  71  58  65   4   0   0 0.01  0.0    0   M   M   M   M    M   M         M  M
 7  64  57  61   0   4   0 0.00  0.0    0   M   M   M   M    M   M         M  M
 8  68  57  63   2   2   0 0.00  0.0    0   M   M   M   M    M   M         M  M
 9  60  56  58  -3   7   0 0.00  0.0    0   M   M   M   M    M   M         M  M
10  68  57  63   2   2   0 0.00  0.0    0   M   M   M   M    M   M         M  M
11  69  59  64   3   1   0 0.00  0.0    0   M   M   M   M    M   M         M  M
12  70  59  65   4   0   0 0.00  0.0    0   M   M   M   M    M   M         M  M
13  69  58  64   3   1   0 0.00  0.0    0   M   M   M   M    M   M         M  M
14  68  57  63   1   2   0 0.00  0.0    0   M   M   M   M    M   M         M  M
15  69  58  64   2   1   0 0.00  0.0    0   M   M   M   M    M   M         M  M
16  67  58  63   1   2   0 0.00  0.0    0   M   M   M   M    M   M         M  M
17  67  56  62   0   3   0 0.00  0.0    0   M   M   M   M    M   M         M  M
18  62  57  60  -2   5   0 0.00  0.0    0   M   M   M   M    M   M         M  M
19  68  58  63   1   2   0 0.00  0.0    0   M   M   M   M    M   M         M  M
20  67  60  64   2   1   0 0.00  0.0    0   M   M   M   M    M   M         M  M
21  69  59  64   2   1   0 0.00  0.0    0   M   M   M   M    M   M         M  M
22  68  59  64   2   1   0 0.00  0.0    0   M   M   M   M    M   M         M  M
23  70  60  65   3   0   0 0.00  0.0    0   M   M   M   M    M   M         M  M
24  69  59  64   2   1   0 0.00  0.0    0   M   M   M   M    M   M         M  M
25  68  61  65   3   0   0 0.00  0.0    0   M   M   M   M    M   M         M  M
26  69  60  65   3   0   0 0.00  0.0    0   M   M   M   M    M   M         M  M
27  69  59  64   2   1   0 0.00  0.0    0   M   M   M   M    M   M         M  M
28  68  59  64   2   1   0 0.00  0.0    0   M   M   M   M    M   M         M  M
29  69  58  64   2   1   0 0.00  0.0    0   M   M   M   M    M   M         M  M
================================================================================
SM 1954 1685        56   0  0.01     0.0     M          M        M
================================================================================
AV 67.4 58.1                                 M FASTST   M    M   0    MAX(MPH)
                                 MISC ---->     M   M                  M    M
================================================================================
NOTES:
# LAST OF SEVERAL OCCURRENCES

COLUMN 17 PEAK WIND IN M.P.H.

PRELIMINARY LOCAL CLIMATOLOGICAL DATA (WS FORM: F-6) , PAGE 2

                                          STATION:  SAN FRANCISCO DWTN CA
                                          MONTH:    AUGUST
                                          YEAR:     2014
                                          LATITUDE:   37 46 N
                                          LONGITUDE: 122 26 W

[TEMPERATURE DATA]      [PRECIPITATION DATA]       SYMBOLS USED IN COLUMN 16

AVERAGE MONTHLY: 62.7   TOTAL FOR MONTH:   0.01    1 = FOG OR MIST
DPTR FM NORMAL:   1.2   DPTR FM NORMAL:   -0.04    2 = FOG REDUCING VISIBILITY
HIGHEST:    71 ON  6    GRTST 24HR  0.01 ON  6- 6      TO 1/4 MILE OR LESS
LOWEST:     56 ON 17, 9                            3 = THUNDER
                        SNOW, ICE PELLETS, HAIL    4 = ICE PELLETS
                        TOTAL MONTH:   0.0 INCH    5 = HAIL
                        GRTST 24HR     0.0         6 = FREEZING RAIN OR DRIZZLE
                        GRTST DEPTH:   0           7 = DUSTSTORM OR SANDSTORM:
                                                       VSBY 1/2 MILE OR LESS
                                                   8 = SMOKE OR HAZE
[NO. OF DAYS WITH]      [WEATHER - DAYS WITH]      9 = BLOWING SNOW
                                                   X = TORNADO
MAX 32 OR BELOW:   0    0.01 INCH OR MORE:   1
MAX 90 OR ABOVE:   0    0.10 INCH OR MORE:   0
MIN 32 OR BELOW:   0    0.50 INCH OR MORE:   0
MIN  0 OR BELOW:   0    1.00 INCH OR MORE:   0

[HDD (BASE 65) ]
TOTAL THIS MO.    56    CLEAR  (SCALE 0-3)   0
DPTR FM NORMAL     M    PTCLDY (SCALE 4-7)   0
TOTAL FM JUL 1   130    CLOUDY (SCALE 8-10)  0
DPTR FM NORMAL     M

[CDD (BASE 65) ]
TOTAL THIS MO.     0
DPTR FM NORMAL     0    [PRESSURE DATA]
TOTAL FM JAN 1    66    HIGHEST SLP M ON M
DPTR FM NORMAL    66    LOWEST  SLP M ON M

[REMARKS]
