000
CXUS56 KOTX 231500
CF6SFF
PRELIMINARY LOCAL CLIMATOLOGICAL DATA (WS FORM: F-6)

                                          STATION:   SPOKANE WA FELTS AIRPORT
                                          MONTH:     OCTOBER
                                          YEAR:      2014
                                          LATITUDE:   47 40 N
                                          LONGITUDE: 117 20 W

  TEMPERATURE IN F:       :PCPN:    SNOW:  WIND      :SUNSHINE: SKY     :PK WND
================================================================================
1   2   3   4   5  6A  6B    7    8   9   10  11  12  13   14  15   16   17  18
                                     12Z  AVG MX 2MIN
DY MAX MIN AVG DEP HDD CDD  WTR  SNW DPTH SPD SPD DIR MIN PSBL S-S WX    SPD DR
================================================================================

 1  65  38  52  -2  13   0 0.00    M    M  5.9 20 230   M    M   2 1      25 230
 2  65  39  52  -2  13   0 0.00    M    M  2.6 16 280   M    M   0        26 240
 3  68  35  52  -1  13   0 0.00    M    M  2.4  7  50   M    M   0 8       9 100
 4  76  42  59   6   6   0 0.00    M    M  2.2 13 230   M    M   1 8      16 210
 5  77  43  60   7   5   0 0.00    M    M  2.2 12 250   M    M   0        14 230
 6  82  47  65  13   0   0 0.00    M    M  3.4 13 220   M    M   0 18     17 230
 7  83  48  66  14   0   1 0.00    M    M  2.5 12 260   M    M   0 18     16 250
 8  73  50  62  11   3   0 0.00    M    M  2.2  9  60   M    M   0        13 220
 9  74  44  59   8   6   0 0.00    M    M  1.7  8 220   M    M   0 18     10 260
10  75  42  59   9   6   0 0.00    M    M  3.2 14 200   M    M   0 18     17 200
11  70  46  58   8   7   0 0.01    M    M  9.4 26 280   M    M   5 3      35 280
12  65  39  52   2  13   0 0.00    M    M  4.7 17 220   M    M   2        22 210
13  73  46  60  11   5   0 0.00    M    M  4.6 15  70   M    M   3        17  60
14  66  51  59  10   6   0 0.11    M    M  6.9 20 230   M    M   4 1      23 230
15  55  47  51   3  14   0 0.18    M    M  7.8 22 230   M    M   7 1      30 240
16  61  40  51   3  14   0 0.00    M    M  2.4 10  80   M    M   1        14  70
17  61  38  50   2  15   0    T    M    M  1.9 12 100   M    M   5 1      14  90
18  68  47  58  11   7   0 0.01    M    M  1.7  8 230   M    M   7 1       9 230
19  73  46  60  13   5   0 0.00    M    M  2.9 14 120   M    M   2 1      16 100
20  72  44  58  12   7   0    T    M    M  5.9 17 240   M    M   3        24 250
21  62  44  53   7  12   0 0.01    M    M  7.5 20 210   M    M   7        24 220
22  64  43  54   8  11   0 0.14    M    M  5.9 20 150   M    M   7 1      28 150
================================================================================
SM 1528  959       181   1  0.46    M     89.9          M       56
================================================================================
AV 69.5 43.6                               4.1 FASTST   M    M   3    MAX(MPH)
                                 MISC ---->  # 26 280               # 35  280
================================================================================
NOTES:
# LAST OF SEVERAL OCCURRENCES

COLUMN 17 PEAK WIND IN M.P.H.

PRELIMINARY LOCAL CLIMATOLOGICAL DATA (WS FORM: F-6) , PAGE 2

                                          STATION:  SPOKANE WA FELTS AIRPORT
                                          MONTH:    OCTOBER
                                          YEAR:     2014
                                          LATITUDE:   47 40 N
                                          LONGITUDE: 117 20 W

[TEMPERATURE DATA]      [PRECIPITATION DATA]       SYMBOLS USED IN COLUMN 16

AVERAGE MONTHLY: 56.5   TOTAL FOR MONTH:   0.46    1 = FOG OR MIST
DPTR FM NORMAL:   6.7   DPTR FM NORMAL:   -0.43    2 = FOG REDUCING VISIBILITY
HIGHEST:    83 ON  7    GRTST 24HR  0.29 ON 14-15      TO 1/4 MILE OR LESS
LOWEST:     35 ON  3                               3 = THUNDER
                        SNOW, ICE PELLETS, HAIL    4 = ICE PELLETS
                        TOTAL MONTH:    M          5 = HAIL
                        GRTST 24HR    M  ON   M    6 = FREEZING RAIN OR DRIZZLE
                        GRTST DEPTH:  M  ON   M    7 = DUSTSTORM OR SANDSTORM:
                                                       VSBY 1/2 MILE OR LESS
                                                   8 = SMOKE OR HAZE
[NO. OF DAYS WITH]      [WEATHER - DAYS WITH]      9 = BLOWING SNOW
                                                   X = TORNADO
MAX 32 OR BELOW:   0    0.01 INCH OR MORE:   6
MAX 90 OR ABOVE:   0    0.10 INCH OR MORE:   3
MIN 32 OR BELOW:   0    0.50 INCH OR MORE:   0
MIN  0 OR BELOW:   0    1.00 INCH OR MORE:   0

[HDD (BASE 65) ]
TOTAL THIS MO.   181    CLEAR  (SCALE 0-3)  15
DPTR FM NORMAL  -153    PTCLDY (SCALE 4-7)   7
TOTAL FM JUL 1   273    CLOUDY (SCALE 8-10)  0
DPTR FM NORMAL  -272

[CDD (BASE 65) ]
TOTAL THIS MO.     1
DPTR FM NORMAL     1    [PRESSURE DATA]
TOTAL FM JAN 1   639    HIGHEST SLP M ON M
DPTR FM NORMAL   233    LOWEST  SLP  0.00 ON M

[REMARKS]
