000
CXUS56 KMFR 251000
CF6SIY
PRELIMINARY LOCAL CLIMATOLOGICAL DATA (WS FORM: F-6)

                                          STATION:   MONTAGUE CA
                                          MONTH:     SEPTEMBER
                                          YEAR:      2017
                                          LATITUDE:   41 46 N
                                          LONGITUDE: 122 28 W

  TEMPERATURE IN F:       :PCPN:    SNOW:  WIND      :SUNSHINE: SKY     :PK WND
================================================================================
1   2   3   4   5  6A  6B    7    8   9   10  11  12  13   14  15   16   17  18
                                     12Z  AVG MX 2MIN
DY MAX MIN AVG DEP HDD CDD  WTR  SNW DPTH SPD SPD DIR MIN PSBL S-S WX    SPD DR
================================================================================

 1 101  50  76  10   0  11 0.00    M    M  2.6  9  50   M    M   0 8      19 210
 2 102  53  78  12   0  13 0.00    M    M  2.1 13 270   M    M   2 8      15 270
 3  98  57  78  12   0  13    T    M    M  5.4 20 350   M    M   7 8      26 350
 4 101  57  79  13   0  14 0.00    M    M  2.4  9 200   M    M   5 8      11 210
 5  99  63  81  16   0  16    T    M    M  4.7 40 170   M    M   8 38     49 170
 6  91  65  78  13   0  13    T    M    M  8.4 25 360   M    M   1 38     30 360
 7  80  60  70   5   0   5 0.06    M    M  7.6 26 190   M    M   2 38     32 200
 8   M   M   M   M   M   M 0.00    M    M  1.5  6  99   M    M   0 18      M  M
 9   M   M   M   M   M   M 0.00    M    M   M   M   M   0    0   0         0   0
10   M   M   M   M   M   M 0.00    M    M   M   M   M   0    0   0         0   0
11   M   M   M   M   M   M    M    M    M   M   M   M   0    0   0         M   0
12   M   M   M   M   M   M    M    M    M   M   M   M   M    M   0         M  M
13   M   M   M   M   M   M    M    M    M   M   M   M   0    0   0         M   0
14  75  53  64   1   1   0 0.00    M    M 13.5 22  30   M    M   1        25  10
15  77  38  58  -4   7   0 0.00    M    M  4.4 12  40   M    M   0 8      18  70
16  78  44  61  -1   4   0 0.00    M    M  3.1  9  40   M    M   2 8      12 200
17  77  43  60  -2   5   0    T    M    M  5.3 17 300   M    M   4 8      21 300
18  65  46  56  -6   9   0    T    M    M  8.1 25 290   M    M   4        34 280
19  61  43  52  -9  13   0    T    M    M  4.1 15 230   M    M   9        20 250
20  63  46  55  -6  10   0 0.01    M    M  9.3 24 290   M    M   8        28 300
21  59  41  50 -11  15   0 0.00    M    M  7.6 21  10   M    M   4        24  20
22  66  29  48 -12  17   0 0.00    M    M  6.4 18  10   M    M   2 8      24  30
23  68  33  51  -9  14   0 0.00    M    M  7.9 17 360   M    M   1 8      20 360
24  73  34  54  -6  11   0 0.00    M    M  4.8 14  10   M    M   0 8      17  30
================================================================================
SM 1434  855       106  85  0.07    M    109.2            0     60
================================================================================
AV 79.7 47.5                               5.7 FASTST    0   0   3    MAX(MPH)
                                 MISC ---->  # 40 170               # 49  170
================================================================================
NOTES:
# LAST OF SEVERAL OCCURRENCES

COLUMN 17 PEAK WIND IN M.P.H.

PRELIMINARY LOCAL CLIMATOLOGICAL DATA (WS FORM: F-6) , PAGE 2

                                          STATION:  MONTAGUE CA
                                          MONTH:    SEPTEMBER
                                          YEAR:     2017
                                          LATITUDE:   41 46 N
                                          LONGITUDE: 122 28 W

[TEMPERATURE DATA]      [PRECIPITATION DATA]       SYMBOLS USED IN COLUMN 16

AVERAGE MONTHLY: 63.6   TOTAL FOR MONTH:   0.07    1 = FOG OR MIST
DPTR FM NORMAL:   0.5   DPTR FM NORMAL:   -0.38    2 = FOG REDUCING VISIBILITY
HIGHEST:   102 ON  2    GRTST 24HR  0.06 ON  7- 7      TO 1/4 MILE OR LESS
LOWEST:     29 ON 22                               3 = THUNDER
                        SNOW, ICE PELLETS, HAIL    4 = ICE PELLETS
                        TOTAL MONTH:    M          5 = HAIL
                        GRTST 24HR    M  ON   M    6 = FREEZING RAIN OR DRIZZLE
                        GRTST DEPTH:  M  ON   M    7 = DUSTSTORM OR SANDSTORM:
                                                       VSBY 1/2 MILE OR LESS
                                                   8 = SMOKE OR HAZE
[NO. OF DAYS WITH]      [WEATHER - DAYS WITH]      9 = BLOWING SNOW
                                                   X = TORNADO
MAX 32 OR BELOW:   0    0.01 INCH OR MORE:   2
MAX 90 OR ABOVE:   6    0.10 INCH OR MORE:   0
MIN 32 OR BELOW:   1    0.50 INCH OR MORE:   0
MIN  0 OR BELOW:   0    1.00 INCH OR MORE:   0

[HDD (BASE 65) ]
TOTAL THIS MO.   106    CLEAR  (SCALE 0-3)  16
DPTR FM NORMAL    23    PTCLDY (SCALE 4-7)   7
TOTAL FM JUL 1   106    CLOUDY (SCALE 8-10)  1
DPTR FM NORMAL     6

[CDD (BASE 65) ]
TOTAL THIS MO.    85
DPTR FM NORMAL    45    [PRESSURE DATA]
TOTAL FM JAN 1   902    HIGHEST SLP  0.00 ON M
DPTR FM NORMAL   361    LOWEST  SLP  0.00 ON M

[REMARKS]
