000
CXUS56 KMTR 211000
CF6SJC
PRELIMINARY LOCAL CLIMATOLOGICAL DATA (WS FORM: F-6)

                                          STATION:   SAN JOSE AIRPORT
                                          MONTH:     DECEMBER
                                          YEAR:      2014
                                          LATITUDE:   37 21 N
                                          LONGITUDE: 121 55 W

  TEMPERATURE IN F:       :PCPN:    SNOW:  WIND      :SUNSHINE: SKY     :PK WND
================================================================================
1   2   3   4   5  6A  6B    7    8   9   10  11  12  13   14  15   16   17  18
                                     12Z  AVG MX 2MIN
DY MAX MIN AVG DEP HDD CDD  WTR  SNW DPTH SPD SPD DIR MIN PSBL S-S WX    SPD DR
================================================================================

 1  68  50  59   6   6   0 0.02  0.0    0  3.1 16 110   M    M   5 12     20 110
 2  61  54  58   5   7   0 1.20  0.0    0  6.0 18 110   M    M   9 12     23 110
 3  62  57  60   7   5   0 1.28  0.0    0 11.6 25 110   M    M   8 1      33 100
 4  67  55  61   8   4   0 0.01  0.0    0  4.1 10 140   M    M   6 1      13 130
 5  65  55  60   7   5   0 0.02  0.0    0  8.4 17 110   M    M   8 1      22 110
 6  67  56  62   9   3   0 0.02  0.0    0  4.2 12 100   M    M   8 1      14 220
 7  65  51  58   6   7   0 0.00  0.0    0  2.3 13 300   M    M   5 12     15 300
 8  71  49  60   8   5   0 0.00  0.0    0  3.7 13 300   M    M   5        15 300
 9  64  51  58   6   7   0 0.00  0.0    0  3.1 12 280   M    M   7        15 280
10  64  52  58   6   7   0 0.00  0.0    0  9.0 23  90   M    M   8 1      29  90
11  63  50  57   5   8   0 3.23  0.0    0 11.5 32 110   M    M   9 18     44 100
12  56  46  51  -1  14   0 0.20  0.0    0  3.7 10 100   M    M   8 1      15  50
13  57  43  50  -2  15   0    T    M    0  2.0  9 310   M    M   4 1      12 300
14  60  43  52   0  13   0 0.05    M    0  4.9 13 120   M    M   6        17 110
15  55  50  53   1  12   0 0.65  0.0    0 11.9 28 110   M    M   9 1      37 120
16  61  48  55   3  10   0 0.55  0.0    0  8.1 20 140   M    M   8 1      25 130
17  58  45  52   1  13   0 0.22  0.0    0  7.4 17 110   M    M   7 1      22 120
18  62  50  56   5   9   0 0.00  0.0    0  8.3 20 120   M    M   7        25 120
19  57  52  55   4  10   0 0.19  0.0    0  9.2 20 120   M    M   9 1      25 120
20  62  54  58   7   7   0 0.06  0.0    0  2.3 10 130   M    M   9 1      13 160
================================================================================
SM 1245 1011       167   0  7.70     0.0 124.8          M      145
================================================================================
AV 62.2 50.5                               6.2 FASTST   M    M   7    MAX(MPH)
                                 MISC ---->  # 32 110               # 44  100
================================================================================
NOTES:
# LAST OF SEVERAL OCCURRENCES

COLUMN 17 PEAK WIND IN M.P.H.

PRELIMINARY LOCAL CLIMATOLOGICAL DATA (WS FORM: F-6) , PAGE 2

                                          STATION:  SAN JOSE AIRPORT
                                          MONTH:    DECEMBER
                                          YEAR:     2014
                                          LATITUDE:   37 21 N
                                          LONGITUDE: 121 55 W

[TEMPERATURE DATA]      [PRECIPITATION DATA]       SYMBOLS USED IN COLUMN 16

AVERAGE MONTHLY: 56.4   TOTAL FOR MONTH:   7.70    1 = FOG OR MIST
DPTR FM NORMAL:   4.3   DPTR FM NORMAL:    6.48    2 = FOG REDUCING VISIBILITY
HIGHEST:    71 ON  8    GRTST 24HR  3.39 ON 11-12      TO 1/4 MILE OR LESS
LOWEST:     43 ON 14,13                            3 = THUNDER
                        SNOW, ICE PELLETS, HAIL    4 = ICE PELLETS
                        TOTAL MONTH:   0.0 INCH    5 = HAIL
                        GRTST 24HR     0.0         6 = FREEZING RAIN OR DRIZZLE
                        GRTST DEPTH:   0           7 = DUSTSTORM OR SANDSTORM:
                                                       VSBY 1/2 MILE OR LESS
                                                   8 = SMOKE OR HAZE
[NO. OF DAYS WITH]      [WEATHER - DAYS WITH]      9 = BLOWING SNOW
                                                   X = TORNADO
MAX 32 OR BELOW:   0    0.01 INCH OR MORE:  14
MAX 90 OR ABOVE:   0    0.10 INCH OR MORE:   8
MIN 32 OR BELOW:   0    0.50 INCH OR MORE:   5
MIN  0 OR BELOW:   0    1.00 INCH OR MORE:   3

[HDD (BASE 65) ]
TOTAL THIS MO.   167    CLEAR  (SCALE 0-3)   0
DPTR FM NORMAL   -91    PTCLDY (SCALE 4-7)  10
TOTAL FM JUL 1   451    CLOUDY (SCALE 8-10) 10
DPTR FM NORMAL  -132

[CDD (BASE 65) ]
TOTAL THIS MO.     0
DPTR FM NORMAL     0    [PRESSURE DATA]
TOTAL FM JAN 1   685    HIGHEST SLP M ON M
DPTR FM NORMAL   -45    LOWEST  SLP 29.48 ON 11

[REMARKS]
