659
CXUS56 KSLC 251227
CF6SLC
PRELIMINARY LOCAL CLIMATOLOGICAL DATA (WS FORM: F-6)

                                          STATION:   SALT LAKE CITY UT
                                          MONTH:     APRIL
                                          YEAR:      2017
                                          LATITUDE:   40 46 N
                                          LONGITUDE: 111 58 W

  TEMPERATURE IN F:       :PCPN:    SNOW:  WIND      :SUNSHINE: SKY     :PK WND
================================================================================
1   2   3   4   5  6A  6B    7    8   9   10  11  12  13   14  15   16   17  18
                                     12Z  AVG MX 2MIN
DY MAX MIN AVG DEP HDD CDD  WTR  SNW DPTH SPD SPD DIR MIN PSBL S-S WX    SPD DR
================================================================================

 1  60  44  52   5  13   0 0.00  0.0    0 10.3 23 290   M    M   3        33  40
 2  51  43  47   0  18   0 0.08  0.0    0  6.5 18 290   M    M   6 1      23 290
 3  51  34  43  -5  22   0 0.00  0.0    0  7.9 20 340   M    M   1        23 340
 4  49  33  41  -7  24   0 0.00  0.0    0  9.3 21 310   M    M   2        34 310
 5  60  33  47  -1  18   0 0.00  0.0    0  7.1 13 150   M    M   2        17 170
 6  75  45  60  12   5   0 0.00  0.0    0 14.8 29 180   M    M   2        42 170
 7  70  51  61  13   4   0 0.00  0.0    0 18.4 35 180   M    M   6        44 180
 8  59  34  47  -2  18   0 1.01  0.8    0 15.7 37 340   M    M   8 13     46 180
 9  47  33  40  -9  25   0 0.14  0.2    0 10.6 21 280   M    M   4 1      26 310
10  61  35  48  -1  17   0 0.00  0.0    0  9.0 18 150   M    M   1        25 160
11  59  38  49   0  16   0 0.00  0.0    0  4.9 16 340   M    M   3        18 340
12  74  45  60  11   5   0 0.00  0.0    0 10.8 23 180   M    M   1        29 180
13  80  45  63  13   2   0 0.00  0.0    0 20.1 40 210   M    M   2        52 210
14  55  43  49  -1  16   0 0.00  0.0    0 10.0 18 330   M    M   7        20 350
15  56  37  47  -3  18   0 0.00  0.0    0  6.1 16 340   M    M   0        20 340
16  69  42  56   6   9   0 0.00  0.0    0  5.7 15 130   M    M   0        19 130
17  71  54  63  12   2   0 0.00  0.0    0 11.5 22 160   M    M   3        28 170
18  62  45  54   3  11   0 0.64  0.0    0  9.1 30 340   M    M   8 1      34 320
19  62  45  54   3  11   0 0.02  0.0    0  5.3 15 350   M    M   4        18 350
20  56  43  50  -2  15   0 0.29  0.0    0  9.3 32 310   M    M   6 13     36 310
21  55  40  48  -4  17   0 0.06  0.0    0  7.4 17 270   M    M   4 1      23 250
22  65  38  52   0  13   0 0.00  0.0    0  7.4 15 140   M    M   5        21 130
23  67  48  58   6   7   0 0.00  0.0    0 10.0 26 320   M    M   5        31 320
24  56  43  50  -3  15   0 0.16  0.0    0  9.2 22 320   M    M   7 1      29 320
================================================================================
SM 1470  991       321   0  2.40     1.0 236.4          M       90
================================================================================
AV 61.3 41.3                               9.8 FASTST   M    M   4    MAX(MPH)
                                 MISC ---->  # 40 210               # 52  210
================================================================================
NOTES:
# LAST OF SEVERAL OCCURRENCES

COLUMN 17 PEAK WIND IN M.P.H.

PRELIMINARY LOCAL CLIMATOLOGICAL DATA (WS FORM: F-6) , PAGE 2

                                          STATION:  SALT LAKE CITY UT
                                          MONTH:    APRIL
                                          YEAR:     2017
                                          LATITUDE:   40 46 N
                                          LONGITUDE: 111 58 W

[TEMPERATURE DATA]      [PRECIPITATION DATA]       SYMBOLS USED IN COLUMN 16

AVERAGE MONTHLY: 51.3   TOTAL FOR MONTH:   2.40    1 = FOG OR MIST
DPTR FM NORMAL:   1.6   DPTR FM NORMAL:    0.83    2 = FOG REDUCING VISIBILITY
HIGHEST:    80 ON 13    GRTST 24HR  1.15 ON  8- 9      TO 1/4 MILE OR LESS
LOWEST:     33 ON  9, 5                            3 = THUNDER
                        SNOW, ICE PELLETS, HAIL    4 = ICE PELLETS
                        TOTAL MONTH:   1.0 INCH    5 = HAIL
                        GRTST 24HR   0.8 ON   M    6 = FREEZING RAIN OR DRIZZLE
                        GRTST DEPTH:   0           7 = DUSTSTORM OR SANDSTORM:
                                                       VSBY 1/2 MILE OR LESS
                                                   8 = SMOKE OR HAZE
[NO. OF DAYS WITH]      [WEATHER - DAYS WITH]      9 = BLOWING SNOW
                                                   X = TORNADO
MAX 32 OR BELOW:   0    0.01 INCH OR MORE:   8
MAX 90 OR ABOVE:   0    0.10 INCH OR MORE:   5
MIN 32 OR BELOW:   0    0.50 INCH OR MORE:   2
MIN  0 OR BELOW:   0    1.00 INCH OR MORE:   1

[HDD (BASE 65) ]
TOTAL THIS MO.   321    CLEAR  (SCALE 0-3)  11
DPTR FM NORMAL   -48    PTCLDY (SCALE 4-7)  11
TOTAL FM JUL 1  4530    CLOUDY (SCALE 8-10)  2
DPTR FM NORMAL  -757

[CDD (BASE 65) ]
TOTAL THIS MO.     0
DPTR FM NORMAL     0    [PRESSURE DATA]
TOTAL FM JAN 1     2    HIGHEST SLP M ON M
DPTR FM NORMAL     2    LOWEST  SLP 29.39 ON 13

[REMARKS]
