000
CXUS56 KPQR 271200
CF6SLE
PRELIMINARY LOCAL CLIMATOLOGICAL DATA (WS FORM: F-6)

                                          STATION:   SALEM OR
                                          MONTH:     MARCH
                                          YEAR:      2015
                                          LATITUDE:   44 55 N
                                          LONGITUDE: 123  0 W

  TEMPERATURE IN F:       :PCPN:    SNOW:  WIND      :SUNSHINE: SKY     :PK WND
================================================================================
1   2   3   4   5  6A  6B    7    8   9   10  11  12  13   14  15   16   17  18
                                     12Z  AVG MX 2MIN
DY MAX MIN AVG DEP HDD CDD  WTR  SNW DPTH SPD SPD DIR MIN PSBL S-S WX    SPD DR
================================================================================

 1  57  26  42  -3  23   0 0.00  0.0    0  3.9 16 290   M    M   1        20 290
 2  56  36  46   1  19   0 0.02    M    0  4.3 15 320   M    M   6 1      19 310
 3  57  28  43  -2  22   0 0.00  0.0    0  4.0 14 350   M    M   0        17 350
 4  58  27  43  -2  22   0 0.00  0.0    0  2.5 12  10   M    M   0        14 350
 5  61  30  46   1  19   0 0.00  0.0    0  0.5  7  20   M    M   0         9  20
 6  66  33  50   4  15   0 0.00  0.0    0  1.4  8 360   M    M   0        11 340
 7  68  33  51   5  14   0 0.00  0.0    0  2.8 13 360   M    M   0 12     16  20
 8  69  34  52   6  13   0 0.00  0.0    0  1.9  8 310   M    M   0 1      10 360
 9  71  37  54   8  11   0 0.00  0.0    0  2.5  9 140   M    M   0        13  70
10  63  37  50   4  15   0 0.00  0.0    0  3.1 13 200   M    M   2        15 200
11  59  51  55   9  10   0 0.08  0.0    0  7.5 15 170   M    M  10 1      21 190
12  70  53  62  16   3   0 0.00  0.0    0  5.6  9 170   M    M   9        16 360
13  64  44  54   7  11   0 0.02    M    M  4.5 12 180   M    M   3        14 190
14  58  53  56   9   9   0 1.30  0.0    0 11.2 31 190   M    M  10 1      39 190
15  62  42  52   5  13   0 0.92    M    0 14.4 43 180   M    M   8 1      58 170
16  64  36  50   3  15   0 0.00  0.0    0  5.5 12 360   M    M   4 12     15  20
17  60  39  50   3  15   0 0.03    M    0  7.0 17 210   M    M   7        23 200
18  64  42  53   6  12   0 0.00  0.0    0  4.7 10 360   M    M   4 1      13  10
19  68  38  53   6  12   0 0.00  0.0    0  3.8 12 300   M    M   0        14 290
20  63  45  54   6  11   0 0.35    M    0  9.5 21 180   M    M   4 1      29 210
21  61  43  52   4  13   0 0.12    M    0  7.1 18 170   M    M   4 1      21 170
22  57  44  51   3  14   0 0.08    M    0  7.3 17 170   M    M   8 3      22 170
23  54  46  50   2  15   0 0.92    M    0 12.2 28 170   M    M  10 15     37 170
24  58  43  51   3  14   0 0.03    M    0  7.5 22 200   M    M   7        29 200
25  64  48  56   8   9   0 0.07    M    0  6.9 16 180   M    M   7 1      20 190
26  72  45  59  11   6   0 0.00  0.0    0  2.8  9  40   M    M   4 128    11  30
================================================================================
SM 1624 1033       355   0  3.94     0.0 144.4          M      108
================================================================================
AV 62.5 39.7                               5.6 FASTST   M    M   4    MAX(MPH)
                                 MISC ---->  # 43 180               # 58  170
================================================================================
NOTES:
# LAST OF SEVERAL OCCURRENCES

COLUMN 17 PEAK WIND IN M.P.H.

PRELIMINARY LOCAL CLIMATOLOGICAL DATA (WS FORM: F-6) , PAGE 2

                                          STATION:  SALEM OR
                                          MONTH:    MARCH
                                          YEAR:     2015
                                          LATITUDE:   44 55 N
                                          LONGITUDE: 123  0 W

[TEMPERATURE DATA]      [PRECIPITATION DATA]       SYMBOLS USED IN COLUMN 16

AVERAGE MONTHLY: 51.1   TOTAL FOR MONTH:   3.94    1 = FOG OR MIST
DPTR FM NORMAL:   4.5   DPTR FM NORMAL:    0.54    2 = FOG REDUCING VISIBILITY
HIGHEST:    72 ON 26    GRTST 24HR  1.30 ON 14-14      TO 1/4 MILE OR LESS
LOWEST:     26 ON  1                               3 = THUNDER
                        SNOW, ICE PELLETS, HAIL    4 = ICE PELLETS
                        TOTAL MONTH:   0.0 INCH    5 = HAIL
                        GRTST 24HR     0.0         6 = FREEZING RAIN OR DRIZZLE
                        GRTST DEPTH:   0           7 = DUSTSTORM OR SANDSTORM:
                                                       VSBY 1/2 MILE OR LESS
                                                   8 = SMOKE OR HAZE
[NO. OF DAYS WITH]      [WEATHER - DAYS WITH]      9 = BLOWING SNOW
                                                   X = TORNADO
MAX 32 OR BELOW:   0    0.01 INCH OR MORE:  12
MAX 90 OR ABOVE:   0    0.10 INCH OR MORE:   5
MIN 32 OR BELOW:   4    0.50 INCH OR MORE:   3
MIN  0 OR BELOW:   0    1.00 INCH OR MORE:   1

[HDD (BASE 65) ]
TOTAL THIS MO.   355    CLEAR  (SCALE 0-3)  11
DPTR FM NORMAL  -124    PTCLDY (SCALE 4-7)  11
TOTAL FM JUL 1  2825    CLOUDY (SCALE 8-10)  4
DPTR FM NORMAL  -894

[CDD (BASE 65) ]
TOTAL THIS MO.     0
DPTR FM NORMAL     0    [PRESSURE DATA]
TOTAL FM JAN 1     0    HIGHEST SLP M ON M
DPTR FM NORMAL     0    LOWEST  SLP 29.66 ON 15

[REMARKS]
