000
CXUS55 KLOX 311155
CF6SMX
PRELIMINARY LOCAL CLIMATOLOGICAL DATA (WS FORM: F-6)

                                          STATION:   SANTA MARIA AIRPORT CA
                                          MONTH:     JULY
                                          YEAR:      2015
                                          LATITUDE:   34 54 N
                                          LONGITUDE: 120 27 W

  TEMPERATURE IN F:       :PCPN:    SNOW:  WIND      :SUNSHINE: SKY     :PK WND
================================================================================
1   2   3   4   5  6A  6B    7    8   9   10  11  12  13   14  15   16   17  18
                                     12Z  AVG MX 2MIN
DY MAX MIN AVG DEP HDD CDD  WTR  SNW DPTH SPD SPD DIR MIN PSBL S-S WX    SPD DR
================================================================================

 1  78  55  67   5   0   2    T  0.0    0  4.4 14 300   M    M   4 1      16 290
 2  82  59  71   9   0   6    T  0.0    0  4.9 15 320   M    M   6 1      22 310
 3  77  58  68   6   0   3 0.00  0.0    0  5.8 15 340   M    M   6 128    20 300
 4  76  59  68   6   0   3 0.00  0.0    0  7.2 18 320   M    M   7 18     23 330
 5  75  61  68   5   0   3 0.00  0.0    0  6.3 17 320   M    M   7 1      21 320
 6  73  61  67   4   0   2 0.00  0.0    0  9.0 20 300   M    M   7        23 290
 7  77  60  69   6   0   4 0.00  0.0    0 11.1 29 290   M    M   5 18     34 290
 8  75  59  67   4   0   2 0.00  0.0    0  9.5 21 310   M    M   5 1      27 310
 9  77  58  68   5   0   3 0.00  0.0    0  5.8 17 290   M    M   4        28 290
10  76  60  68   5   0   3 0.00  0.0    0  7.0 18 310   M    M   5        25 300
11  76  58  67   4   0   2 0.00  0.0    0  8.4 22 300   M    M   3        27 290
12  78  57  68   5   0   3 0.00  0.0    0  8.8 24 300   M    M   1        29 300
13  75  59  67   4   0   2 0.00  0.0    0  9.1 20 300   M    M   6         M  M
14  72  59  66   3   0   1 0.00  0.0    0 10.7 21 290   M    M   7 1      26 300
15  73  59  66   3   0   1 0.00  0.0    0  7.1 17 300   M    M   7 18     25 310
16  76  60  68   5   0   3 0.00  0.0    0  6.0 16 320   M    M   5        20 300
17  77  57  67   4   0   2 0.00  0.0    0  5.6 16 330   M    M   5 18     20 340
18  80  53  67   4   0   2 0.00  0.0    0  4.7 15 330   M    M   3         M  M
19  91  67  79  15   0  14 0.14  0.0    0  5.4 14 320   M    M   9 138    16 150
20  92  70  81  17   0  16    T  0.0    0  7.3 18 330   M    M   6 1      23 340
21  80  63  72   8   0   7 0.00  0.0    0  7.1 17 320   M    M   4 18     20 330
22  76  62  69   5   0   4    T  0.0    0  7.1 18 310   M    M   9 18     28 330
23  77  57  67   3   0   2 0.00  0.0    0  7.1  M   M   M    M   5 1       M  M
24  82  55  69   5   0   4 0.00  0.0    0  5.9 18 320   M    M   0 1      23 330
25  79  57  68   4   0   3 0.00  0.0    0  7.8 20 300   M    M   1 1       M  M
26  72  58  65   1   0   0 0.00  0.0    0  8.8 18 300   M    M   8 1      28 300
27  77  59  68   4   0   3 0.00  0.0    0  6.0 18 310   M    M   6 18     23 300
28  80  58  69   5   0   4 0.00  0.0    0  5.8 14 320   M    M   6 18      M  M
29  77  60  69   5   0   4 0.00  0.0    0  5.9 15 320   M    M   5 18     20 320
30  78  61  70   6   0   5 0.00  0.0    0  6.4 15 300   M    M   6 18     22 310
================================================================================
SM 2334 1779         0 113  0.14     0.0 212.0          M      158
================================================================================
AV 77.8 59.3                               7.1 FASTST   M    M   5    MAX(MPH)
                                 MISC ---->  # 29 290               # 34  290
================================================================================
NOTES:
# LAST OF SEVERAL OCCURRENCES

COLUMN 17 PEAK WIND IN M.P.H.

PRELIMINARY LOCAL CLIMATOLOGICAL DATA (WS FORM: F-6) , PAGE 2

                                          STATION:  SANTA MARIA AIRPORT CA
                                          MONTH:    JULY
                                          YEAR:     2015
                                          LATITUDE:   34 54 N
                                          LONGITUDE: 120 27 W

[TEMPERATURE DATA]      [PRECIPITATION DATA]       SYMBOLS USED IN COLUMN 16

AVERAGE MONTHLY: 68.6   TOTAL FOR MONTH:   0.14    1 = FOG OR MIST
DPTR FM NORMAL:   5.3   DPTR FM NORMAL:    0.11    2 = FOG REDUCING VISIBILITY
HIGHEST:    92 ON 20    GRTST 24HR  0.14 ON 19-19      TO 1/4 MILE OR LESS
LOWEST:     53 ON 18                               3 = THUNDER
                        SNOW, ICE PELLETS, HAIL    4 = ICE PELLETS
                        TOTAL MONTH:   0.0 INCH    5 = HAIL
                        GRTST 24HR     0.0         6 = FREEZING RAIN OR DRIZZLE
                        GRTST DEPTH:   0           7 = DUSTSTORM OR SANDSTORM:
                                                       VSBY 1/2 MILE OR LESS
                                                   8 = SMOKE OR HAZE
[NO. OF DAYS WITH]      [WEATHER - DAYS WITH]      9 = BLOWING SNOW
                                                   X = TORNADO
MAX 32 OR BELOW:   0    0.01 INCH OR MORE:   1
MAX 90 OR ABOVE:   2    0.10 INCH OR MORE:   1
MIN 32 OR BELOW:   0    0.50 INCH OR MORE:   0
MIN  0 OR BELOW:   0    1.00 INCH OR MORE:   0

[HDD (BASE 65) ]
TOTAL THIS MO.     0    CLEAR  (SCALE 0-3)   3
DPTR FM NORMAL   -71    PTCLDY (SCALE 4-7)  25
TOTAL FM JUL 1     0    CLOUDY (SCALE 8-10)  2
DPTR FM NORMAL   -71

[CDD (BASE 65) ]
TOTAL THIS MO.   113
DPTR FM NORMAL    88    [PRESSURE DATA]
TOTAL FM JAN 1   161    HIGHEST SLP M ON M
DPTR FM NORMAL   120    LOWEST  SLP 29.74 ON 17

[REMARKS]
