000
CXUS55 KLOX 251155
CF6SMX
PRELIMINARY LOCAL CLIMATOLOGICAL DATA (WS FORM: F-6)

                                          STATION:   SANTA MARIA AIRPORT CA
                                          MONTH:     MARCH
                                          YEAR:      2017
                                          LATITUDE:   34 54 N
                                          LONGITUDE: 120 27 W

  TEMPERATURE IN F:       :PCPN:    SNOW:  WIND      :SUNSHINE: SKY     :PK WND
================================================================================
1   2   3   4   5  6A  6B    7    8   9   10  11  12  13   14  15   16   17  18
                                     12Z  AVG MX 2MIN
DY MAX MIN AVG DEP HDD CDD  WTR  SNW DPTH SPD SPD DIR MIN PSBL S-S WX    SPD DR
================================================================================

 1  70  34  52  -2  13   0 0.00  0.0    0  5.2 15 310   M    M   0        20 140
 2  74  36  55   1  10   0 0.00  0.0    0  2.0  9 260   M    M   1        11 250
 3  73  37  55   1  10   0 0.00  0.0    0  3.8 14 300   M    M   2        17 300
 4  60  45  53  -1  12   0 0.00  0.0    0  4.6 15 300   M    M   8 1       M  M
 5  56  37  47  -7  18   0 0.14    M    0  9.8 23 290   M    M   5 1      29 300
 6  59  31  45  -9  20   0 0.00  0.0    0  8.6 25 290   M    M   0        29 290
 7  67  39  53  -1  12   0 0.00  0.0    0  9.2 21 300   M    M   2        24 300
 8  76  46  61   7   4   0 0.00  0.0    0 12.5 24  40   M    M   2        34  30
 9  79  51  65  11   0   0 0.00  0.0    0  7.0 15 300   M    M   0        22  10
10  74  47  61   7   4   0 0.00  0.0    0  3.3 13 300   M    M   5 8      16 310
11  78  47  63   9   2   0 0.00  0.0    0  9.8 23 300   M    M   0        27 290
12  83  54  69  15   0   4 0.00  0.0    0 12.9 26  20   M    M   0        32  10
13  83  49  66  12   0   1 0.00  0.0    0  3.7 10 310   M    M   0        13 330
14  75  46  61   7   4   0 0.00  0.0    0  4.0 13 300   M    M   5 12     17 300
15  72  45  59   5   6   0 0.00  0.0    0  4.5 24 300   M    M   5 128    28 300
16  68  50  59   5   6   0 0.00  0.0    0  5.8 16 300   M    M   6 12     20 290
17  75  46  61   7   4   0 0.00  0.0    0  3.3 10 340   M    M   2 12     15 270
18  70  46  58   4   7   0 0.00  0.0    0  4.7 18 300   M    M   8 12     22 300
19  65  49  57   3   8   0 0.00  0.0    0  4.4 14 240   M    M   8 128    17 240
20  70  50  60   6   5   0    T  0.0    0  8.5 16 150   M    M   8 1      21 170
21  66  55  61   7   4   0 0.41  0.0    0  9.6 18 160   M    M  10 18     23 170
22  63  48  56   2   9   0 0.05    M    0  9.0 23 300   M    M   5 12     29 300
23  62  39  51  -3  14   0 0.00  0.0    0  8.9 25 310   M    M   1        31 300
24  65  41  53  -1  12   0 0.05    M    0  4.9 16 310   M    M   5        19 310
================================================================================
SM 1683 1068       184   5  0.65     0.0 160.0          M       88
================================================================================
AV 70.1 44.5                               6.7 FASTST   M    M   4    MAX(MPH)
                                 MISC ---->  # 26  20               # 34   30
================================================================================
NOTES:
# LAST OF SEVERAL OCCURRENCES

COLUMN 17 PEAK WIND IN M.P.H.

PRELIMINARY LOCAL CLIMATOLOGICAL DATA (WS FORM: F-6) , PAGE 2

                                          STATION:  SANTA MARIA AIRPORT CA
                                          MONTH:    MARCH
                                          YEAR:     2017
                                          LATITUDE:   34 54 N
                                          LONGITUDE: 120 27 W

[TEMPERATURE DATA]      [PRECIPITATION DATA]       SYMBOLS USED IN COLUMN 16

AVERAGE MONTHLY: 57.3   TOTAL FOR MONTH:   0.65    1 = FOG OR MIST
DPTR FM NORMAL:   3.3   DPTR FM NORMAL:   -1.53    2 = FOG REDUCING VISIBILITY
HIGHEST:    83 ON 13,12 GRTST 24HR  0.41 ON 21-21      TO 1/4 MILE OR LESS
LOWEST:     31 ON  6                               3 = THUNDER
                        SNOW, ICE PELLETS, HAIL    4 = ICE PELLETS
                        TOTAL MONTH:   0.0 INCH    5 = HAIL
                        GRTST 24HR     0.0         6 = FREEZING RAIN OR DRIZZLE
                        GRTST DEPTH:   0           7 = DUSTSTORM OR SANDSTORM:
                                                       VSBY 1/2 MILE OR LESS
                                                   8 = SMOKE OR HAZE
[NO. OF DAYS WITH]      [WEATHER - DAYS WITH]      9 = BLOWING SNOW
                                                   X = TORNADO
MAX 32 OR BELOW:   0    0.01 INCH OR MORE:   4
MAX 90 OR ABOVE:   0    0.10 INCH OR MORE:   2
MIN 32 OR BELOW:   1    0.50 INCH OR MORE:   0
MIN  0 OR BELOW:   0    1.00 INCH OR MORE:   0

[HDD (BASE 65) ]
TOTAL THIS MO.   184    CLEAR  (SCALE 0-3)  12
DPTR FM NORMAL   -80    PTCLDY (SCALE 4-7)  10
TOTAL FM JUL 1  1908    CLOUDY (SCALE 8-10)  2
DPTR FM NORMAL  -189

[CDD (BASE 65) ]
TOTAL THIS MO.     5
DPTR FM NORMAL     5    [PRESSURE DATA]
TOTAL FM JAN 1     5    HIGHEST SLP M ON M
DPTR FM NORMAL     4    LOWEST  SLP 29.90 ON M

[REMARKS]
