999
CXAK56 PAFC 181436
CF6SNP

PRELIMINARY LOCAL CLIMATOLOGICAL DATA (WS FORM: F-6)

                                          STATION:   SAINT PAUL ISLAND
                                          MONTH:     NOVEMBER
                                          YEAR:      2017
                                          LATITUDE:   57  9 N
                                          LONGITUDE: 170 13 W

  TEMPERATURE IN F:       :PCPN:    SNOW:  WIND      :SUNSHINE: SKY     :PK WND
================================================================================
1   2   3   4   5  6A  6B    7    8   9   10  11  12  13   14  15   16   17  18
                                     12Z  AVG MX 2MIN
DY MAX MIN AVG DEP HDD CDD  WTR  SNW DPTH SPD SPD DIR MIN PSBL S-S WX    SPD DR
================================================================================

 1  43  37  40   4  25   0 0.01  0.0    0 10.7 14 190   M    M   9 1       M  M
 2  44  41  43   8  22   0 0.27  0.0    0  8.9 14 140   M    M  10 1       M  M
 3  44  41  43   8  22   0 0.09  0.0    0 11.4 17 160   M    M  10 1       M  M
 4  44  35  40   5  25   0 0.01  0.0    0 10.1 14  20   M    M   9 1       M  M
 5  40  34  37   2  28   0    T    T    0 11.1 24 120   M    M   9        32 110
 6  44  38  41   6  24   0 0.41  0.0    0 24.5 31 170   M    M   8 1      39 140
 7  43  31  37   3  28   0 0.01  0.0    0 14.2 24 250   M    M   4 18     31 240
 8  44  35  40   6  25   0 0.09    T    0 18.7 36 200   M    M   5 1      45 210
 9  42  34  38   4  27   0 0.02    T    0 15.8 26 270   M    M   7 1      34 300
10  44  37  41   7  24   0    T  0.0    0 14.3 23 260   M    M   8 1      28 260
11  41  39  40   6  25   0    T  0.0    0 13.2 21 230   M    M  10 1      25 230
12  43  41  42   8  23   0 0.60  0.0    0 10.7 17 140   M    M  10 1       M  M
13  44  43  44  11  21   0 0.43  0.0    0 18.0 23 140   M    M  10 1      28 150
14  44  42  43  10  22   0 0.09  0.0    0 17.5 31 150   M    M  10 1      39 150
15  43  36  40   7  25   0 0.01  0.0    0 15.4 28 290   M    M   6 1      35 290
16  44  38  41   8  24   0    T  0.0    0 22.2 35 290   M    M   7 1      46 290
17  44  36  40   7  25   0 0.08  0.0    0 10.6 23 230   M    M   7 1      27 220
================================================================================
SM  735  638       415   0  2.12    T    247.3          M      139
================================================================================
AV 43.2 37.5                              14.5 FASTST   M    M   8    MAX(MPH)
                                 MISC ---->  # 36 200               # 46  290
================================================================================
NOTES:
# LAST OF SEVERAL OCCURRENCES

COLUMN 17 PEAK WIND IN M.P.H.

PRELIMINARY LOCAL CLIMATOLOGICAL DATA (WS FORM: F-6) , PAGE 2

                                          STATION:  SAINT PAUL ISLAND
                                          MONTH:    NOVEMBER
                                          YEAR:     2017
                                          LATITUDE:   57  9 N
                                          LONGITUDE: 170 13 W

[TEMPERATURE DATA]      [PRECIPITATION DATA]       SYMBOLS USED IN COLUMN 16

AVERAGE MONTHLY: 40.4   TOTAL FOR MONTH:   2.12    1 = FOG OR MIST
DPTR FM NORMAL:   6.3   DPTR FM NORMAL:    0.42    2 = FOG REDUCING VISIBILITY
HIGHEST:    44 ON 17,16 GRTST 24HR  0.60 ON 12-12      TO 1/4 MILE OR LESS
LOWEST:     31 ON  7                               3 = THUNDER
                        SNOW, ICE PELLETS, HAIL    4 = ICE PELLETS
                        TOTAL MONTH:    T          5 = HAIL
                        GRTST 24HR    T  ON  9- 9  6 = FREEZING RAIN OR DRIZZLE
                        GRTST DEPTH:   0           7 = DUSTSTORM OR SANDSTORM:
                                                       VSBY 1/2 MILE OR LESS
                                                   8 = SMOKE OR HAZE
[NO. OF DAYS WITH]      [WEATHER - DAYS WITH]      9 = BLOWING SNOW
                                                   X = TORNADO
MAX 32 OR BELOW:   0    0.01 INCH OR MORE:  13
MAX 90 OR ABOVE:   0    0.10 INCH OR MORE:   4
MIN 32 OR BELOW:   1    0.50 INCH OR MORE:   1
MIN  0 OR BELOW:   0    1.00 INCH OR MORE:   0

[HDD (BASE 65) ]
TOTAL THIS MO.   415    CLEAR  (SCALE 0-3)   0
DPTR FM NORMAL  -111    PTCLDY (SCALE 4-7)   7
TOTAL FM JUL 1  2734    CLOUDY (SCALE 8-10) 10
DPTR FM NORMAL  -253

[CDD (BASE 65) ]
TOTAL THIS MO.     0
DPTR FM NORMAL     0    [PRESSURE DATA]
TOTAL FM JAN 1     0    HIGHEST SLP M ON M
DPTR FM NORMAL     0    LOWEST  SLP 29.96 ON  8

[REMARKS]
