000
CXUS55 KPIH 221200
CF6SNT

PRELIMINARY LOCAL CLIMATOLOGICAL DATA (WS FORM: F-6)

                                          STATION:   STANLEY_ID
                                          MONTH:     APRIL
                                          YEAR:      2017
                                          LATITUDE:   44 10 N
                                          LONGITUDE: 114 56 W

  TEMPERATURE IN F:       :PCPN:    SNOW:  WIND      :SUNSHINE: SKY     :PK WND
================================================================================
1   2   3   4   5  6A  6B    7    8   9   10  11  12  13   14  15   16   17  18
                                     12Z  AVG MX 2MIN
DY MAX MIN AVG DEP HDD CDD  WTR  SNW DPTH SPD SPD DIR MIN PSBL S-S WX    SPD DR
================================================================================

 1  52  18  35   5  30   0 0.00    M    M  2.1 10 280   M    M   0        14 280
 2  46  23  35   5  30   0 0.03    M    M  5.3 22 270   M    M   0        35 270
 3  33   8  21  -9  44   0 0.00    M    M  4.5 12 360   M    M   0        17 340
 4  43   5  24  -7  41   0 0.00    M    M  3.7  9 170   M    M   0        15 150
 5  52  27  40   9  25   0 0.00    M    M  4.7 13 170   M    M   0        19 160
 6  50  37  44  13  21   0 0.08    M    M  7.3 16 180   M    M   0        27 160
 7  46  31  39   8  26   0 0.48    M    M  5.7 18 180   M    M   0        28 190
 8  34  22  28  -4  37   0 0.20    M    M  3.5 13 300   M    M   0        18 300
 9  36   6  21 -11  44   0 0.00    M    M  3.1 12 150   M    M   0        17 140
10  38  14  26  -6  39   0 0.01    M    M  3.9 16 200   M    M   0        22 160
11  42  10  26  -6  39   0 0.01    M    M  4.6 17 160   M    M   0        24 170
12  53  32  43  11  22   0 0.00    M    M  6.8 16 160   M    M   0        25 140
13  50  26  38   5  27   0 0.09    M    M  4.6 16 180   M    M   0        26 200
14  36  16  26  -7  39   0 0.04    M    M  4.4 15 200   M    M   0        23 210
15  40   6  23 -10  42   0 0.00    M    M  3.2  9 210   M    M   0        13 210
16  52  14  33   0  32   0 0.00    M    M  4.4 17 150   M    M   0        26 150
17  44  33  39   5  26   0 0.47    M    M  3.8 16 140   M    M   0        22 150
18  46  32  39   5  26   0 0.14    M    M  1.3 16 310   M    M   0        23 320
19  49  29  39   5  26   0 0.00    M    M  4.8 12 190   M    M   0        16 200
20  44  30  37   2  28   0 0.06    M    M  5.3 17 340   M    M   0        26 330
21  45  21  33  -2  32   0 0.00    M    M  4.0 10 330   M    M   0        14 310
================================================================================
SM  931  440       676   0  1.61    M     91.0          M        0
================================================================================
AV 44.3 21.0                               4.3 FASTST   M    M   0    MAX(MPH)
                                 MISC ---->  # 22 270               # 35  270
================================================================================
NOTES:
# LAST OF SEVERAL OCCURRENCES
PRECIPITATION SUSPECT DURING FREEZING/FROZEN EVENTS

COLUMN 17 PEAK WIND IN M.P.H.

PRELIMINARY LOCAL CLIMATOLOGICAL DATA (WS FORM: F-6) , PAGE 2

                                          STATION:  STANLEY_ID
                                          MONTH:    APRIL
                                          YEAR:     2017
                                          LATITUDE:   44 10 N
                                          LONGITUDE: 114 56 W

[TEMPERATURE DATA]      [PRECIPITATION DATA]       SYMBOLS USED IN COLUMN 16

AVERAGE MONTHLY: 32.6   TOTAL FOR MONTH:   1.61    1 = FOG OR MIST
DPTR FM NORMAL:   0.4   DPTR FM NORMAL:    0.41    2 = FOG REDUCING VISIBILITY
HIGHEST:    53 ON 12    GRTST 24HR  0.48 ON  7- 7      TO 1/4 MILE OR LESS
LOWEST:      5 ON  4                               3 = THUNDER
                        SNOW, ICE PELLETS, HAIL    4 = ICE PELLETS
                        TOTAL MONTH:    M          5 = HAIL
                        GRTST 24HR    M  ON   M    6 = FREEZING RAIN OR DRIZZLE
                        GRTST DEPTH:  M  ON   M    7 = DUSTSTORM OR SANDSTORM:
                                                       VSBY 1/2 MILE OR LESS
                                                   8 = SMOKE OR HAZE
[NO. OF DAYS WITH]      [WEATHER - DAYS WITH]      9 = BLOWING SNOW
                                                   X = TORNADO
MAX 32 OR BELOW:   0    0.01 INCH OR MORE:  11
MAX 90 OR ABOVE:   0    0.10 INCH OR MORE:   4
MIN 32 OR BELOW:  19    0.50 INCH OR MORE:   0
MIN  0 OR BELOW:   0    1.00 INCH OR MORE:   0

[HDD (BASE 65) ]
TOTAL THIS MO.   676    CLEAR  (SCALE 0-3)  21
DPTR FM NORMAL   -12    PTCLDY (SCALE 4-7)   0
TOTAL FM JUL 1  8938    CLOUDY (SCALE 8-10)  0
DPTR FM NORMAL  -468

[CDD (BASE 65) ]
TOTAL THIS MO.     0
DPTR FM NORMAL     0    [PRESSURE DATA]
TOTAL FM JAN 1     0    HIGHEST SLP M ON M
DPTR FM NORMAL     0    LOWEST  SLP 29.59 ON 13

[REMARKS]
