000
CXUS55 KTBW 291710
CF6SPG
PRELIMINARY LOCAL CLIMATOLOGICAL DATA (WS FORM: F-6)

                                          STATION:   Saint Petersburg
                                          MONTH:     MARCH
                                          YEAR:      2017
                                          LATITUDE:   27 46 N
                                          LONGITUDE:  82 38 W

  TEMPERATURE IN F:       :PCPN:    SNOW:  WIND      :SUNSHINE: SKY     :PK WND
================================================================================
1   2   3   4   5  6A  6B    7    8   9   10  11  12  13   14  15   16   17  18
                                     12Z  AVG MX 2MIN
DY MAX MIN AVG DEP HDD CDD  WTR  SNW DPTH SPD SPD DIR MIN PSBL S-S WX    SPD DR
================================================================================

 1  81  69  75   9   0  10 0.00  0.0    0  6.9 15 250   M    M   2        19 250
 2  78  67  73   7   0   8 0.00  0.0    0  8.0 23  40   M    M   4 1      27  40
 3  73  59  66   0   0   1 0.00  0.0    0 19.7 26  60   M    M   2        31  40
 4  73  60  67   1   0   2 0.00  0.0    0 18.5 25  60   M    M   0        29  70
 5  75  62  69   3   0   4    T  0.0    0 19.7 26  90   M    M   2        31 120
 6  76  64  70   3   0   5 0.00  0.0    0 17.3 25 120   M    M   3        29 120
 7  78  63  71   4   0   6 0.00  0.0    0 11.5 21 140   M    M   4        25 140
 8  78  65  72   5   0   7 0.00  0.0    0  6.1 14 170   M    M   3        17 170
 9  79  65  72   5   0   7 0.00  0.0    0  5.1 14 340   M    M   0 1      17 320
10  76  66  71   4   0   6 0.00  0.0    0  6.1 15 340   M    M   2        21 340
11  84  65  75   8   0  10 0.00  0.0    0  9.2 22  70   M    M   0        24  60
12  76  66  71   4   0   6 0.00  0.0    0  8.6 25  80   M    M   1        29  80
13  72  63  68   0   0   3 1.02  0.0    0  9.9 22  70   M    M   8 1      27 200
14  69  59  64  -4   1   0    T  0.0    0 13.6 25 340   M    M   7        33 340
15  59  51  55 -13  10   0 0.00  0.0    0 11.2 20  30   M    M   2        24  30
16  62  48  55 -13  10   0 0.00  0.0    0 12.7 21  40   M    M   0        24  50
17  71  53  62  -6   3   0 0.00  0.0    0  8.8 17  70   M    M   0        19  70
18  71  59  65  -3   0   0 0.00  0.0    0  6.7 15 270   M    M   0        19 270
19  73  62  68   0   0   3 0.00  0.0    0 10.4 20 320   M    M   1        27 300
20  73  58  66  -2   0   1 0.00  0.0    0  7.9 16 260   M    M   0        20 340
21  73  61  67  -2   0   2 0.00  0.0    0  6.6 15 260   M    M   0        19 260
22  76  62  69   0   0   4 0.00  0.0    0  7.1 16 280   M    M   2        21 360
23  77  66  72   3   0   7 0.05  0.0    0 12.5 29 110   M    M   2 1      34 100
24  76  64  70   1   0   5 0.00  0.0    0 14.6 24 110   M    M   1        28 120
25  82  65  74   5   0   9 0.00  0.0    0  6.9 16 130   M    M   1        20 130
26  84  66  75   6   0  10 0.00  0.0    0  7.1 16 140   M    M   1 8      18 130
27  83  67  75   5   0  10 0.00  0.0    0  6.1 14 120   M    M   1        15 120
28  81  67  74   4   0   9 0.00  0.0    0  7.6 14 280   M    M   0        17 270
================================================================================
SM 2109 1742        24 135  1.07     0.0 286.4          M       49
================================================================================
AV 75.3 62.2                              10.2 FASTST   M    M   2    MAX(MPH)
                                 MISC ---->  # 29 110               # 34  100
================================================================================
NOTES:
# LAST OF SEVERAL OCCURRENCES

COLUMN 17 PEAK WIND IN M.P.H.

PRELIMINARY LOCAL CLIMATOLOGICAL DATA (WS FORM: F-6) , PAGE 2

                                          STATION:  Saint Petersburg
                                          MONTH:    MARCH
                                          YEAR:     2017
                                          LATITUDE:   27 46 N
                                          LONGITUDE:  82 38 W

[TEMPERATURE DATA]      [PRECIPITATION DATA]       SYMBOLS USED IN COLUMN 16

AVERAGE MONTHLY: 68.8   TOTAL FOR MONTH:   1.07    1 = FOG OR MIST
DPTR FM NORMAL:   1.0   DPTR FM NORMAL:   -2.32    2 = FOG REDUCING VISIBILITY
HIGHEST:    84 ON 26,11 GRTST 24HR  1.02 ON 13-13      TO 1/4 MILE OR LESS
LOWEST:     48 ON 16                               3 = THUNDER
                        SNOW, ICE PELLETS, HAIL    4 = ICE PELLETS
                        TOTAL MONTH:   0.0 INCH    5 = HAIL
                        GRTST 24HR     0.0         6 = FREEZING RAIN OR DRIZZLE
                        GRTST DEPTH:   0           7 = DUSTSTORM OR SANDSTORM:
                                                       VSBY 1/2 MILE OR LESS
                                                   8 = SMOKE OR HAZE
[NO. OF DAYS WITH]      [WEATHER - DAYS WITH]      9 = BLOWING SNOW
                                                   X = TORNADO
MAX 32 OR BELOW:   0    0.01 INCH OR MORE:   2
MAX 90 OR ABOVE:   0    0.10 INCH OR MORE:   1
MIN 32 OR BELOW:   0    0.50 INCH OR MORE:   1
MIN  0 OR BELOW:   0    1.00 INCH OR MORE:   1

[HDD (BASE 65) ]
TOTAL THIS MO.    24    CLEAR  (SCALE 0-3)  24
DPTR FM NORMAL   -17    PTCLDY (SCALE 4-7)   3
TOTAL FM JUL 1   144    CLOUDY (SCALE 8-10)  1
DPTR FM NORMAL  -269

[CDD (BASE 65) ]
TOTAL THIS MO.   135
DPTR FM NORMAL    18    [PRESSURE DATA]
TOTAL FM JAN 1   333    HIGHEST SLP M ON M
DPTR FM NORMAL   111    LOWEST  SLP 29.79 ON 14

[REMARKS]
