000
CXUS53 KILX 222300
CF6SPI
PRELIMINARY LOCAL CLIMATOLOGICAL DATA (WS FORM: F-6)

                                          STATION:   SPRINGFIELD IL
                                          MONTH:     MAY
                                          YEAR:      2015
                                          LATITUDE:   39 50 N
                                          LONGITUDE:  89 41 W

  TEMPERATURE IN F:       :PCPN:    SNOW:  WIND      :SUNSHINE: SKY     :PK WND
================================================================================
1   2   3   4   5  6A  6B    7    8   9   10  11  12  13   14  15   16   17  18
                                     12Z  AVG MX 2MIN
DY MAX MIN AVG DEP HDD CDD  WTR  SNW DPTH SPD SPD DIR MIN PSBL S-S WX    SPD DR
================================================================================

 1  72  32  52  -7  13   0 0.00  0.0    0  1.6  9 180   M    M   0        12 210
 2  78  51  65   6   0   0    T  0.0    0  5.7 16 190   M    M   4        21 220
 3  85  59  72  12   0   7 0.00  0.0    0 14.2 25 200   M    M   2        33 190
 4  84  64  74  14   0   9 0.03  0.0    0  9.2 16 250   M    M   7 3      22 200
 5  87  61  74  14   0   9 0.00  0.0    0  9.2 20 250   M    M   3        25 260
 6  88  66  77  16   0  12 0.00  0.0    0 12.5 25 200   M    M   2        32 170
 7  88  65  77  16   0  12 0.63  0.0    0 11.8 30 280   M    M   4 13     44 260
 8  79  65  72  11   0   7 1.01  0.0    0  6.5 18 290   M    M   7 13     27 260
 9  72  61  67   5   0   2 0.04  0.0    0  4.4 10  50   M    M   9 128    12  60
10  82  65  74  12   0   9 0.23  0.0    0  9.1 21 240   M    M   6 13     30 250
11  71  52  62   0   3   0 0.95  0.0    0 14.8 29 260   M    M   6 13     36 260
12  68  47  58  -4   7   0 0.00  0.0    0 11.7 25 280   M    M   1        31 290
13  70  44  57  -6   8   0 0.00  0.0    0  9.5 17 100   M    M   0        21 100
14  68  53  61  -2   4   0 0.18  0.0    0 11.2 20 150   M    M   6 1      26 150
15  83  61  72   9   0   7 0.10  0.0    0  8.7 35 200   M    M   5 3      46 190
16  82  66  74  10   0   9 0.00  0.0    0 11.5 20 160   M    M   4        26 160
17  82  69  76  12   0  11 0.01  0.0    0 14.9 28 130   M    M   4 1      33 180
18  81  52  67   3   0   2 0.00  0.0    0 10.8 20 270   M    M   1        24 280
19  64  45  55 -10  10   0 0.00  0.0    0  8.1 16 310   M    M   1        24 360
20  53  43  48 -17  17   0 0.10  0.0    0 10.4 18  50   M    M   8 1      23  80
21  69  44  57  -8   8   0 0.00  0.0    0  9.0 18 280   M    M   4        24 280
================================================================================
SM 1606 1165        70  96  3.28     0.0 204.8          M       84
================================================================================
AV 76.5 55.5                               9.8 FASTST   M    M   4    MAX(MPH)
                                 MISC ---->  # 35 200               # 46  190
================================================================================
NOTES:
# LAST OF SEVERAL OCCURRENCES

COLUMN 17 PEAK WIND IN M.P.H.

PRELIMINARY LOCAL CLIMATOLOGICAL DATA (WS FORM: F-6) , PAGE 2

                                          STATION:  SPRINGFIELD IL
                                          MONTH:    MAY
                                          YEAR:     2015
                                          LATITUDE:   39 50 N
                                          LONGITUDE:  89 41 W

[TEMPERATURE DATA]      [PRECIPITATION DATA]       SYMBOLS USED IN COLUMN 16

AVERAGE MONTHLY: 66.0   TOTAL FOR MONTH:   3.28    1 = FOG OR MIST
DPTR FM NORMAL:   3.8   DPTR FM NORMAL:    0.46    2 = FOG REDUCING VISIBILITY
HIGHEST:    88 ON  7, 6 GRTST 24HR  1.64 ON  7- 8      TO 1/4 MILE OR LESS
LOWEST:     32 ON  1                               3 = THUNDER
                        SNOW, ICE PELLETS, HAIL    4 = ICE PELLETS
                        TOTAL MONTH:   0.0 INCH    5 = HAIL
                        GRTST 24HR     0.0         6 = FREEZING RAIN OR DRIZZLE
                        GRTST DEPTH:   0           7 = DUSTSTORM OR SANDSTORM:
                                                       VSBY 1/2 MILE OR LESS
                                                   8 = SMOKE OR HAZE
[NO. OF DAYS WITH]      [WEATHER - DAYS WITH]      9 = BLOWING SNOW
                                                   X = TORNADO
MAX 32 OR BELOW:   0    0.01 INCH OR MORE:  10
MAX 90 OR ABOVE:   0    0.10 INCH OR MORE:   7
MIN 32 OR BELOW:   1    0.50 INCH OR MORE:   3
MIN  0 OR BELOW:   0    1.00 INCH OR MORE:   1

[HDD (BASE 65) ]
TOTAL THIS MO.    70    CLEAR  (SCALE 0-3)   8
DPTR FM NORMAL   -33    PTCLDY (SCALE 4-7)  12
TOTAL FM JUL 1  5654    CLOUDY (SCALE 8-10)  1
DPTR FM NORMAL   206

[CDD (BASE 65) ]
TOTAL THIS MO.    96
DPTR FM NORMAL    53    [PRESSURE DATA]
TOTAL FM JAN 1   106    HIGHEST SLP M ON M
DPTR FM NORMAL    43    LOWEST  SLP 29.81 ON 17

[REMARKS]
