000
CXUS53 KILX 300900
CF6SPI
PRELIMINARY LOCAL CLIMATOLOGICAL DATA (WS FORM: F-6)

                                          STATION:   SPRINGFIELD IL
                                          MONTH:     JUNE
                                          YEAR:      2015
                                          LATITUDE:   39 50 N
                                          LONGITUDE:  89 41 W

  TEMPERATURE IN F:       :PCPN:    SNOW:  WIND      :SUNSHINE: SKY     :PK WND
================================================================================
1   2   3   4   5  6A  6B    7    8   9   10  11  12  13   14  15   16   17  18
                                     12Z  AVG MX 2MIN
DY MAX MIN AVG DEP HDD CDD  WTR  SNW DPTH SPD SPD DIR MIN PSBL S-S WX    SPD DR
================================================================================

 1  68  55  62  -7   3   0 0.00  0.0    0  7.7 13  30   M    M   8        18  40
 2  76  54  65  -4   0   0 0.00  0.0    0  5.2 15  90   M    M   2 1      19 100
 3  79  56  68  -1   0   3 0.00  0.0    0  8.1 15 160   M    M   3 1      23 150
 4  83  63  73   3   0   8 0.00  0.0    0  6.1 10 260   M    M   4 18     14 210
 5  87  63  75   5   0  10    T  0.0    0  5.7 21  30   M    M   3 123    26  40
 6  82  59  71   1   0   6 0.00  0.0    0  6.7 16  40   M    M   1        20  40
 7  92  68  80  10   0  15 1.36  0.0    0 13.4 28 350   M    M   1 13     44 340
 8  85  68  77   6   0  12 0.23  0.0    0  9.4 21 260   M    M   3 13     25 270
 9  91  64  78   7   0  13 0.00  0.0    0  5.8 14 250   M    M   0        17 260
10  93  71  82  11   0  17 0.00  0.0    0 11.2 26 350   M    M   0        37 350
11  90  68  79   7   0  14    T  0.0    0  9.8 16 190   M    M   1        23 200
12  90  69  80   8   0  15 0.21  0.0    0  8.5 22 280   M    M   6 13     31 300
13  88  70  79   7   0  14 0.27  0.0    0  9.2 26 200   M    M   5 13     33 200
14  86  73  80   8   0  15 0.26  0.0    0  8.3 16 220   M    M   6 138    22 220
15  87  71  79   6   0  14 0.91  0.0    0  8.1 18 210   M    M   4 13     24 230
16  79  71  75   2   0  10 0.06  0.0    0  6.2  9  70   M    M   9 1       M  M
17  78  72  75   2   0  10 0.24  0.0    0  6.9 13 200   M    M   7 13     17 190
18  83  71  77   4   0  12 1.34  0.0    0  6.0 28 200   M    M   3 138    35 200
19  75  67  71  -3   0   6 0.02  0.0    0 10.3 18  30   M    M  10 1      23  30
20  84  68  76   2   0  11 0.33  0.0    0  8.6 43 310   M    M   6 13     53 320
21  83  69  76   2   0  11 0.11  0.0    0  6.5 26 180   M    M   4 3      30 180
22  89  74  82   8   0  17    T  0.0    0 12.4 24 190   M    M   2 3      31 200
23  83  65  74   0   0   9 0.00  0.0    0  7.2 16 280   M    M   2        22 280
24  84  66  75   0   0  10 0.41  0.0    0  5.4 17 140   M    M   6 13     23 140
25  86  69  78   3   0  13 0.85  0.0    0  5.2 25  10   M    M   8 13     34 340
26  73  67  70  -5   0   5 0.84  0.0    0  7.4 16  10   M    M   8 123    21 350
27  80  62  71  -4   0   6 0.00  0.0    0  8.2 18 350   M    M   2 1      24 360
28  78  60  69  -6   0   4 1.70  0.0    0  7.3 24 140   M    M   2 135    29 280
29  81  63  72  -3   0   7 0.00  0.0    0  6.7 15 280   M    M   4        21 320
================================================================================
SM 2413 1916         3 287  9.14     0.0 227.5          M      120
================================================================================
AV 83.2 66.1                               7.8 FASTST   M    M   4    MAX(MPH)
                                 MISC ---->  # 43 310               # 53  320
================================================================================
NOTES:
# LAST OF SEVERAL OCCURRENCES

COLUMN 17 PEAK WIND IN M.P.H.

PRELIMINARY LOCAL CLIMATOLOGICAL DATA (WS FORM: F-6) , PAGE 2

                                          STATION:  SPRINGFIELD IL
                                          MONTH:    JUNE
                                          YEAR:     2015
                                          LATITUDE:   39 50 N
                                          LONGITUDE:  89 41 W

[TEMPERATURE DATA]      [PRECIPITATION DATA]       SYMBOLS USED IN COLUMN 16

AVERAGE MONTHLY: 74.6   TOTAL FOR MONTH:   9.14    1 = FOG OR MIST
DPTR FM NORMAL:   2.2   DPTR FM NORMAL:    4.81    2 = FOG REDUCING VISIBILITY
HIGHEST:    93 ON 10    GRTST 24HR  1.70 ON 28-28      TO 1/4 MILE OR LESS
LOWEST:     54 ON  2                               3 = THUNDER
                        SNOW, ICE PELLETS, HAIL    4 = ICE PELLETS
                        TOTAL MONTH:   0.0 INCH    5 = HAIL
                        GRTST 24HR     0.0         6 = FREEZING RAIN OR DRIZZLE
                        GRTST DEPTH:   0           7 = DUSTSTORM OR SANDSTORM:
                                                       VSBY 1/2 MILE OR LESS
                                                   8 = SMOKE OR HAZE
[NO. OF DAYS WITH]      [WEATHER - DAYS WITH]      9 = BLOWING SNOW
                                                   X = TORNADO
MAX 32 OR BELOW:   0    0.01 INCH OR MORE:  16
MAX 90 OR ABOVE:   5    0.10 INCH OR MORE:  14
MIN 32 OR BELOW:   0    0.50 INCH OR MORE:   6
MIN  0 OR BELOW:   0    1.00 INCH OR MORE:   3

[HDD (BASE 65) ]
TOTAL THIS MO.     3    CLEAR  (SCALE 0-3)  13
DPTR FM NORMAL    -8    PTCLDY (SCALE 4-7)  14
TOTAL FM JUL 1  5669    CLOUDY (SCALE 8-10)  2
DPTR FM NORMAL   188

[CDD (BASE 65) ]
TOTAL THIS MO.   287
DPTR FM NORMAL    59    [PRESSURE DATA]
TOTAL FM JAN 1   453    HIGHEST SLP M ON M
DPTR FM NORMAL   121    LOWEST  SLP 29.66 ON  7

[REMARKS]
