000
CXUS54 KEWX 010910
CF6SSF
PRELIMINARY LOCAL CLIMATOLOGICAL DATA (WS FORM: F-6)

                                          STATION:   SAN ANTONIO STINSON FIELD
                                          MONTH:     OCTOBER
                                          YEAR:      2014
                                          LATITUDE:   29 19 N
                                          LONGITUDE:  98 29 W

  TEMPERATURE IN F:       :PCPN:    SNOW:  WIND      :SUNSHINE: SKY     :PK WND
================================================================================
1   2   3   4   5  6A  6B    7    8   9   10  11  12  13   14  15   16   17  18
                                     12Z  AVG MX 2MIN
DY MAX MIN AVG DEP HDD CDD  WTR  SNW DPTH SPD SPD DIR MIN PSBL S-S WX    SPD DR
================================================================================

 1  94  74  84   9   0  19 0.00    M    M  6.5 15 140   M    M   5        22 140
 2  95  75  85  10   0  20    T    M    M  9.0 20 360   M    M   7 138    27 340
 3  90  67  79   4   0  14 0.00    M    M  7.7 17  90   M    M   1 3      22 100
 4  83  63  73  -2   0   8 0.00    M    M  6.7 15  80   M    M   0        21  60
 5  89  62  76   2   0  11 0.00    M    M  8.2 18 160   M    M   2        23 160
 6  92  72  82   8   0  17 0.00    M    M  6.3 18  90   M    M   5 1      24  90
 7  94  72  83   9   0  18 0.00    M    M  6.2 15 150   M    M   5 1      23 210
 8  93  74  84  10   0  19 0.00    M    M  9.3 20 150   M    M   5        24 140
 9  94  74  84  11   0  19    T    M    M 10.5 21 160   M    M   5        27 160
10  94  76  85  12   0  20 0.00    M    M 11.9 22 160   M    M   6        27 170
11  79  65  72  -1   0   7 0.17    M    M  8.6 24 360   M    M  10 13     32 360
12  84  63  74   1   0   9    T    M    M  6.2 15 140   M    M   8        20 130
13  83  58  71  -1   0   6    T    M    M  9.4 24 340   M    M   2        33 340
14  83  50  67  -5   0   2 0.00    M    M  5.0 17 310   M    M   0        26 310
15  88  49  69  -3   0   4 0.00    M    M  3.7 14 260   M    M   0        19 250
16  89  51  70  -2   0   5 0.00    M    M  5.6 16 170   M    M   0        23 160
17  90  55  73   2   0   8 0.00    M    M  3.8 13 100   M    M   0        17 120
18  90  66  78   7   0  13 0.00    M    M  6.0 15  90   M    M   6        25 100
19  87  66  77   6   0  12 0.00    M    M  7.1 17 110   M    M   4        24 110
20  86  65  76   5   0  11 0.00    M    M  6.7 14  90   M    M   1 1      17  50
21  86  62  74   4   0   9 0.00    M    M  6.1 14  90   M    M   1        19  90
22  86  63  75   5   0  10 0.00    M    M  6.5 14 120   M    M   1        22 120
23  85  64  75   5   0  10    T    M    M  2.7  9 110   M    M   4        14  70
24  89  59  74   4   0   9 0.00    M    M  1.6  9 160   M    M   1        11  20
25  89  58  74   5   0   9 0.00    M    M  2.6 10 140   M    M   0        16 260
26  87  58  73   4   0   8 0.00    M    M  4.6 13 140   M    M   0 1      18 130
27  88  62  75   6   0  10 0.00    M    M  7.7 18 170   M    M   1 1      24 180
28  86  63  75   7   0  10 0.00    M    M  2.4  9  90   M    M   3        12 160
29  84  65  75   7   0  10 0.00    M    M  4.0 12  40   M    M   5        15  70
30  86  66  76   8   0  11 0.00    M    M  4.1  9  70   M    M   3 1      12  50
31  80  59  70   3   0   5 1.35    M    M  8.3 20  30   M    M   2 13     29  20
================================================================================
SM 2723 1976         0 343  1.52    M    195.0          M       93
================================================================================
AV 87.8 63.7                               6.3 FASTST   M    M   3    MAX(MPH)
                                 MISC ---->  # 24 360               # 33  340
================================================================================
NOTES:
# LAST OF SEVERAL OCCURRENCES

COLUMN 17 PEAK WIND IN M.P.H.

PRELIMINARY LOCAL CLIMATOLOGICAL DATA (WS FORM: F-6) , PAGE 2

                                          STATION:  SAN ANTONIO STINSON FIELD
                                          MONTH:    OCTOBER
                                          YEAR:     2014
                                          LATITUDE:   29 19 N
                                          LONGITUDE:  98 29 W

[TEMPERATURE DATA]      [PRECIPITATION DATA]       SYMBOLS USED IN COLUMN 16

AVERAGE MONTHLY: 75.8   TOTAL FOR MONTH:   1.52    1 = FOG OR MIST
DPTR FM NORMAL:   4.3   DPTR FM NORMAL:   -2.23    2 = FOG REDUCING VISIBILITY
HIGHEST:    95 ON  2    GRTST 24HR  1.35 ON 31-31      TO 1/4 MILE OR LESS
LOWEST:     49 ON 15                               3 = THUNDER
                        SNOW, ICE PELLETS, HAIL    4 = ICE PELLETS
                        TOTAL MONTH:    M          5 = HAIL
                        GRTST 24HR    M  ON   M    6 = FREEZING RAIN OR DRIZZLE
                        GRTST DEPTH:  M  ON   M    7 = DUSTSTORM OR SANDSTORM:
                                                       VSBY 1/2 MILE OR LESS
                                                   8 = SMOKE OR HAZE
[NO. OF DAYS WITH]      [WEATHER - DAYS WITH]      9 = BLOWING SNOW
                                                   X = TORNADO
MAX 32 OR BELOW:   0    0.01 INCH OR MORE:   2
MAX 90 OR ABOVE:  10    0.10 INCH OR MORE:   2
MIN 32 OR BELOW:   0    0.50 INCH OR MORE:   1
MIN  0 OR BELOW:   0    1.00 INCH OR MORE:   1

[HDD (BASE 65) ]
TOTAL THIS MO.     0    CLEAR  (SCALE 0-3)  17
DPTR FM NORMAL   -25    PTCLDY (SCALE 4-7)  12
TOTAL FM JUL 1     0    CLOUDY (SCALE 8-10)  2
DPTR FM NORMAL   -26

[CDD (BASE 65) ]
TOTAL THIS MO.   343
DPTR FM NORMAL   115    [PRESSURE DATA]
TOTAL FM JAN 1  3455    HIGHEST SLP 30.29 ON 31
DPTR FM NORMAL   337    LOWEST  SLP 29.67 ON 13

[REMARKS]
#FINAL-10-14#
