000
CXUS55 KEAX 240736
CF6STJ
PRELIMINARY LOCAL CLIMATOLOGICAL DATA (WS FORM: F-6)

                                          STATION:   ST. JOSEPH MO
                                          MONTH:     AUGUST
                                          YEAR:      2016
                                          LATITUDE:   39 46 N
                                          LONGITUDE:  94 55 W

  TEMPERATURE IN F:       :PCPN:    SNOW:  WIND      :SUNSHINE: SKY     :PK WND
================================================================================
1   2   3   4   5  6A  6B    7    8   9   10  11  12  13   14  15   16   17  18
                                     12Z  AVG MX 2MIN
DY MAX MIN AVG DEP HDD CDD  WTR  SNW DPTH SPD SPD DIR MIN PSBL S-S WX    SPD DR
================================================================================

 1  84  69  77   0   0  12 0.49    M    M 12.6 28 140   M    M   4 13     35 130
 2  89  73  81   4   0  16    T    M    M  6.6 24 340   M    M   3 1      34 340
 3  90  70  80   3   0  15 0.00    M    M  7.3 15 130   M    M   2 1      28 110
 4  95  76  86   9   0  21    T    M    M  8.4 20 360   M    M   1 3      31 200
 5  81  68  75  -2   0  10 0.45    M    M  7.0 16 260   M    M   6 13     21 220
 6  82  63  73  -4   0   8 0.00    M    M  5.2 16  30   M    M   1        19  30
 7  75  65  70  -7   0   5    M    M    M  6.4 13  90   M    M   7 1      18  80
 8  83  69  76  -1   0  11 0.00    M    M  6.6 14 120   M    M   8        24 200
 9  93  70  82   5   0  17 0.00    M    M  4.0 10 120   M    M   3 1      14 120
10  94  75  85   9   0  20 0.00    M    M  7.8 18 130   M    M   0        24 150
11  97  74  86  10   0  21    T    M    M 10.5 21  10   M    M   1 3      32 190
12  81  68  75  -1   0  10 0.64    M    M  6.4 18 330   M    M   8 13     24 330
13  86  62  74  -2   0   9 0.00    M    M  4.3 14 330   M    M   0 1      18 340
14  87  63  75  -1   0  10 0.00    M    M  3.1 13 330   M    M   1 12     17 330
15  84  64  74  -2   0   9 0.00    M    M  2.9  7 160   M    M   1        12 270
16  87  62  75  -1   0  10 0.00    M    M  6.5 17 160   M    M   1 1      24 170
17  90  68  79   3   0  14 0.00    M    M  6.6 14 190   M    M   1        17 190
18  91  68  80   5   0  15 0.00    M    M  7.6 17 170   M    M   0        26 110
19  88  66  77   2   0  12 0.61    M    M  7.1 28 320   M    M   3 13     37 320
20  73  56  65 -10   0   0 0.00    M    M  8.3 21 320   M    M   5        29 320
21  81  54  68  -7   0   3 0.00    M    M  3.5 10 280   M    M   0        15 270
22  83  55  69  -5   0   4 0.00    M    M  8.7 20 160   M    M   0        25 160
23  86  65  76   2   0  11    T    M    M 12.4 24 180   M    M   6 3      33 190
================================================================================
SM 1980 1523         0 263  2.19    M    159.8          M       62
================================================================================
AV 86.1 66.2                               6.9 FASTST   M    M   3    MAX(MPH)
                                 MISC ---->  # 28 140               # 37  320
================================================================================
NOTES:
# LAST OF SEVERAL OCCURRENCES

COLUMN 17 PEAK WIND IN M.P.H.

PRELIMINARY LOCAL CLIMATOLOGICAL DATA (WS FORM: F-6) , PAGE 2

                                          STATION:  ST. JOSEPH MO
                                          MONTH:    AUGUST
                                          YEAR:     2016
                                          LATITUDE:   39 46 N
                                          LONGITUDE:  94 55 W

[TEMPERATURE DATA]      [PRECIPITATION DATA]       SYMBOLS USED IN COLUMN 16

AVERAGE MONTHLY: 76.2   TOTAL FOR MONTH:   2.19    1 = FOG OR MIST
DPTR FM NORMAL:   0.1   DPTR FM NORMAL:   -0.65    2 = FOG REDUCING VISIBILITY
HIGHEST:    97 ON 11    GRTST 24HR  0.64 ON 12-12      TO 1/4 MILE OR LESS
LOWEST:     54 ON 21                               3 = THUNDER
                        SNOW, ICE PELLETS, HAIL    4 = ICE PELLETS
                        TOTAL MONTH:    M          5 = HAIL
                        GRTST 24HR    M  ON   M    6 = FREEZING RAIN OR DRIZZLE
                        GRTST DEPTH:  M  ON   M    7 = DUSTSTORM OR SANDSTORM:
                                                       VSBY 1/2 MILE OR LESS
                                                   8 = SMOKE OR HAZE
[NO. OF DAYS WITH]      [WEATHER - DAYS WITH]      9 = BLOWING SNOW
                                                   X = TORNADO
MAX 32 OR BELOW:   0    0.01 INCH OR MORE:   4
MAX 90 OR ABOVE:   7    0.10 INCH OR MORE:   4
MIN 32 OR BELOW:   0    0.50 INCH OR MORE:   2
MIN  0 OR BELOW:   0    1.00 INCH OR MORE:   0

[HDD (BASE 65) ]
TOTAL THIS MO.     0    CLEAR  (SCALE 0-3)  15
DPTR FM NORMAL     0    PTCLDY (SCALE 4-7)   7
TOTAL FM JUL 1     2    CLOUDY (SCALE 8-10)  1
DPTR FM NORMAL     1

[CDD (BASE 65) ]
TOTAL THIS MO.   263
DPTR FM NORMAL     7    [PRESSURE DATA]
TOTAL FM JAN 1  1188    HIGHEST SLP  0.00 ON M
DPTR FM NORMAL   178    LOWEST  SLP  0.00 ON M

[REMARKS]
