000
CXUS55 KSTO 301355
CF6STO
PRELIMINARY LOCAL CLIMATOLOGICAL DATA (WS FORM: F-6)

                                          STATION:   SACRAMENTO CITY
                                          MONTH:     JUNE
                                          YEAR:      2015
                                          LATITUDE:   38 36 N
                                          LONGITUDE: 121 23 W

  TEMPERATURE IN F:       :PCPN:    SNOW:  WIND      :SUNSHINE: SKY     :PK WND
================================================================================
1   2   3   4   5  6A  6B    7    8   9   10  11  12  13   14  15   16   17  18
                                     12Z  AVG MX 2MIN
DY MAX MIN AVG DEP HDD CDD  WTR  SNW DPTH SPD SPD DIR MIN PSBL S-S WX    SPD DR
================================================================================

 1  81  53  67  -3   0   2 0.00  0.0    M   M   0   0   M    M   M         0   0
 2  88  58  73   2   0   8 0.00    M    M   M   M   M   M    M   M         M  M
 3  84  58  71   0   0   6 0.00    M    M   M   M   M   M    M   M         M  M
 4  88  56  72   1   0   7 0.00    M    M   M   M   M   M    M   M         M  M
 5  92  60  76   5   0  11 0.00    M    M   M   M   M   M    M   M         M  M
 6  90  58  74   3   0   9 0.00    M    M   M   M   M   M    M   M         M  M
 7  97  60  79   7   0  14 0.00  0.0    M   M   M   M   M    M   M         M  M
 8 105  69  87  15   0  22 0.00  0.0    M   M   M   M   M    M   M         M  M
 9  95  71  83  11   0  18 0.01  0.0    M   M   M   M   M    M   M         M  M
10  72  67  70  -2   0   5 0.06  0.0    M   M   M   M   M    M   M         M  M
11  98  63  81   9   0  16 0.00  0.0    M   M   M   M   M    M   M         M  M
12 106  65  86  14   0  21 0.00  0.0    M   M   M   M   M    M   M         M  M
13  97  62  80   7   0  15 0.00    M    M   M   M   M   M    M   M         M  M
14  88  57  73   0   0   8 0.00    M    M   M   M   M   M    M   M         M  M
15  87  55  71  -2   0   6 0.00  0.0    M   M   M   M   M    M   M         M  M
16  96  56  76   3   0  11 0.00    M    M   M   M   M   M    M   M         M  M
17  99  60  80   6   0  15 0.00    M    M   M   M   M   M    M   M         M  M
18  92  60  76   2   0  11 0.00    M    M   M   M   M   M    M   M         M  M
19  96  59  78   4   0  13 0.00    M    M   M   M   M   M    M   M         M  M
20  99  61  80   6   0  15 0.00    M    M   M   M   M   M    M   M         M  M
21  88  57  73  -1   0   8 0.00  0.0    M   M   M   M   M    M   M         M  M
22  92  58  75   1   0  10 0.00  0.0    M   M   M   M   M    M   M         M  M
23  97  58  78   3   0  13 0.00    M    M   M   M   M   M    M   M         M  M
24  98  60  79   4   0  14 0.00    M    M   M   M   M   M    M   M         M  M
25 103  67  85  10   0  20 0.00    M    M   M   M   M   M    M   M         M  M
26 104  70  87  12   0  22 0.00    M    M   M   M   M   M    M   M         M  M
27  91  64  78   3   0  13 0.00    M    M   M   M   M   M    M   M         M  M
28  94  66  80   4   0  15 0.00  0.0    M   M   M   M   M    M   M         M  M
29 101  60  81   5   0  16 0.00  0.0    M   M   M   M   M    M   M         M  M
================================================================================
SM 2718 1768         0 364  0.07     0.0     M          M        M
================================================================================
AV 93.7 61.0                                 M FASTST   M    M   0    MAX(MPH)
                                 MISC ---->  #  0   0               #  0    0
================================================================================
NOTES:
# LAST OF SEVERAL OCCURRENCES

COLUMN 17 PEAK WIND IN M.P.H.

PRELIMINARY LOCAL CLIMATOLOGICAL DATA (WS FORM: F-6) , PAGE 2

                                          STATION:  SACRAMENTO CITY
                                          MONTH:    JUNE
                                          YEAR:     2015
                                          LATITUDE:   38 36 N
                                          LONGITUDE: 121 23 W

[TEMPERATURE DATA]      [PRECIPITATION DATA]       SYMBOLS USED IN COLUMN 16

AVERAGE MONTHLY: 77.3   TOTAL FOR MONTH:   0.07    1 = FOG OR MIST
DPTR FM NORMAL:   4.2   DPTR FM NORMAL:   -0.12    2 = FOG REDUCING VISIBILITY
HIGHEST:   106 ON 12    GRTST 24HR  0.06 ON 10-10      TO 1/4 MILE OR LESS
LOWEST:     53 ON  1                               3 = THUNDER
                        SNOW, ICE PELLETS, HAIL    4 = ICE PELLETS
                        TOTAL MONTH:   0.0 INCH    5 = HAIL
                        GRTST 24HR     0.0         6 = FREEZING RAIN OR DRIZZLE
                        GRTST DEPTH:  M  ON   M    7 = DUSTSTORM OR SANDSTORM:
                                                       VSBY 1/2 MILE OR LESS
                                                   8 = SMOKE OR HAZE
[NO. OF DAYS WITH]      [WEATHER - DAYS WITH]      9 = BLOWING SNOW
                                                   X = TORNADO
MAX 32 OR BELOW:   0    0.01 INCH OR MORE:   2
MAX 90 OR ABOVE:  21    0.10 INCH OR MORE:   0
MIN 32 OR BELOW:   0    0.50 INCH OR MORE:   0
MIN  0 OR BELOW:   0    1.00 INCH OR MORE:   0

[HDD (BASE 65) ]
TOTAL THIS MO.     0    CLEAR  (SCALE 0-3)   0
DPTR FM NORMAL    -3    PTCLDY (SCALE 4-7)   0
TOTAL FM JUL 1  1461    CLOUDY (SCALE 8-10)  0
DPTR FM NORMAL  -837

[CDD (BASE 65) ]
TOTAL THIS MO.   364
DPTR FM NORMAL   123    [PRESSURE DATA]
TOTAL FM JAN 1   515    HIGHEST SLP M ON M
DPTR FM NORMAL   114    LOWEST  SLP 30.11 ON  1

[REMARKS]
