000
CXUS54 KOUN 260800
CF6SWO
PRELIMINARY LOCAL CLIMATOLOGICAL DATA (WS FORM: F-6)

                                          STATION:   STILLWATER
                                          MONTH:     FEBRUARY
                                          YEAR:      2015
                                          LATITUDE:   36 10 N
                                          LONGITUDE:  97  5 W

  TEMPERATURE IN F:       :PCPN:    SNOW:  WIND      :SUNSHINE: SKY     :PK WND
================================================================================
1   2   3   4   5  6A  6B    7    8   9   10  11  12  13   14  15   16   17  18
                                     12Z  AVG MX 2MIN
DY MAX MIN AVG DEP HDD CDD  WTR  SNW DPTH SPD SPD DIR MIN PSBL S-S WX    SPD DR
================================================================================

 1  46  19  33  -6  32   0 0.02    T    0 18.7 29 330   M    M   9 1      41 320
 2  39  11  25 -14  40   0    T    T    0  6.1 18 330   M    M   0        23 340
 3  61  22  42   3  23   0 0.00  0.0    0  9.9 24 210   M    M   0        29 210
 4  54  25  40   1  25   0 0.00  0.0    0 14.5 30  20   M    M   5        37  20
 5  41  15  28 -11  37   0 0.00  0.0    0  7.2 20  20   M    M   1        25  20
 6  63  25  44   4  21   0 0.00  0.0    0 12.2 22 210   M    M   0        28 180
 7  73  36  55  15  10   0 0.00  0.0    0 10.4 21 190   M    M   0        26 180
 8  80  31  56  16   9   0 0.00  0.0    0  6.5 22 360   M    M   1 12     27  10
 9  66  38  52  12  13   0 0.00  0.0    0  7.2 14  90   M    M   0 8      17  90
10  68  33  51  11  14   0 0.00  0.0    0  8.7 17 170   M    M   0 18     21 140
11  50  24  37  -3  28   0 0.00  0.0    0 11.7 25  30   M    M   2 1      32  20
12  45  19  32  -9  33   0 0.00  0.0    0  6.6 17  30   M    M   0        26  70
13  65  30  48   7  17   0 0.00  0.0    0  6.6 14 360   M    M   0        18 320
14  78  27  53  12  12   0 0.00  0.0    0 10.4 28  40   M    M   0        34  40
15  40  24  32 -10  33   0 0.41    M    0 12.5 21  20   M    M   5 16     26  20
16  37  20  29 -13  36   0    T  0.0    0  8.7 24  10   M    M   6 168    30  10
17  52  17  35  -7  30   0    T  0.0    0  7.6 26 360   M    M   1        36 360
18  40  17  29 -13  36   0 0.00  0.0    0  4.5 16  10   M    M   5        19  30
19  50  20  35  -7  30   0 0.00  0.0    0 10.8 22 150   M    M   0        27 170
20  51  29  40  -3  25   0    T  0.0    0 10.6 17 140   M    M   7 1      22 140
21  59  35  47   4  18   0    T    M    0  8.3 18  10   M    M   4 1      23  20
22  45  22  34  -9  31   0    M    M    0 16.6 25  30   M    M  10 1      33  30
23  24  18  21 -23  44   0    T    T    0  9.6 23  30   M    M  10 8      28  30
24  45  19  32 -12  33   0 0.00  0.0    0  6.1 14 240   M    M   3        18 240
25  58  18  38  -6  27   0 0.00  0.0    0  5.9 25  10   M    M   1 18     34  10
================================================================================
SM 1330  594       657   0  0.43    T    237.9          M       70
================================================================================
AV 53.2 23.8                               9.5 FASTST   M    M   3    MAX(MPH)
                                 MISC ---->  # 30  20               # 41  320
================================================================================
NOTES:
# LAST OF SEVERAL OCCURRENCES

COLUMN 17 PEAK WIND IN M.P.H.

PRELIMINARY LOCAL CLIMATOLOGICAL DATA (WS FORM: F-6) , PAGE 2

                                          STATION:  STILLWATER
                                          MONTH:    FEBRUARY
                                          YEAR:     2015
                                          LATITUDE:   36 10 N
                                          LONGITUDE:  97  5 W

[TEMPERATURE DATA]      [PRECIPITATION DATA]       SYMBOLS USED IN COLUMN 16

AVERAGE MONTHLY: 38.5   TOTAL FOR MONTH:   0.43    1 = FOG OR MIST
DPTR FM NORMAL:  -2.7   DPTR FM NORMAL:   -1.00    2 = FOG REDUCING VISIBILITY
HIGHEST:    80 ON  8    GRTST 24HR  0.78 ON 31- 1      TO 1/4 MILE OR LESS
LOWEST:     11 ON  2                               3 = THUNDER
                        SNOW, ICE PELLETS, HAIL    4 = ICE PELLETS
                        TOTAL MONTH:    T          5 = HAIL
                        GRTST 24HR    T  ON 23-23  6 = FREEZING RAIN OR DRIZZLE
                        GRTST DEPTH:   0           7 = DUSTSTORM OR SANDSTORM:
                                                       VSBY 1/2 MILE OR LESS
                                                   8 = SMOKE OR HAZE
[NO. OF DAYS WITH]      [WEATHER - DAYS WITH]      9 = BLOWING SNOW
                                                   X = TORNADO
MAX 32 OR BELOW:   1    0.01 INCH OR MORE:   2
MAX 90 OR ABOVE:   0    0.10 INCH OR MORE:   1
MIN 32 OR BELOW:  21    0.50 INCH OR MORE:   0
MIN  0 OR BELOW:   0    1.00 INCH OR MORE:   0

[HDD (BASE 65) ]
TOTAL THIS MO.   657    CLEAR  (SCALE 0-3)  15
DPTR FM NORMAL    59    PTCLDY (SCALE 4-7)   7
TOTAL FM JUL 1  2932    CLOUDY (SCALE 8-10)  3
DPTR FM NORMAL   -61

[CDD (BASE 65) ]
TOTAL THIS MO.     0
DPTR FM NORMAL     0    [PRESSURE DATA]
TOTAL FM JAN 1     0    HIGHEST SLP M ON M
DPTR FM NORMAL     0    LOWEST  SLP 29.66 ON 20

[REMARKS]
