000
CXUS51 KBGM 010617
CF6SYR
PRELIMINARY LOCAL CLIMATOLOGICAL DATA (WS FORM: F-6)

                                          STATION:   SYRACUSE NY
                                          MONTH:     SEPTEMBER
                                          YEAR:      2014
                                          LATITUDE:   43  7 N
                                          LONGITUDE:  76  7 W

  TEMPERATURE IN F:       :PCPN:    SNOW:  WIND      :SUNSHINE: SKY     :PK WND
================================================================================
1   2   3   4   5  6A  6B    7    8   9   10  11  12  13   14  15   16   17  18
                                     12Z  AVG MX 2MIN
DY MAX MIN AVG DEP HDD CDD  WTR  SNW DPTH SPD SPD DIR MIN PSBL S-S WX    SPD DR
================================================================================

 1  87  66  77  10   0  12 0.00  0.0    0  3.5 12 170   M    M   6 1      15 170
 2  87  65  76   9   0  11 0.52  0.0    0  8.1 26 330   M    M   8 1      40 320
 3  80  62  71   5   0   6 0.00  0.0    0  6.0 14 260   M    M   6 1      17 270
 4  86  59  73   7   0   8 0.00  0.0    0  5.1 14 220   M    M   5        20 220
 5  90  66  78  12   0  13 0.00  0.0    0  8.0 21 200   M    M   5        25 200
 6  78  61  70   4   0   5 0.01  0.0    0  9.1 24 250   M    M   8 13     28 270
 7  74  53  64  -1   1   0 0.00  0.0    0  5.8 18 270   M    M   3        23 300
 8  79  50  65   0   0   0 0.00  0.0    0  7.0 18 120   M    M   2        24 110
 9  77  55  66   1   0   1 0.00  0.0    0  7.8 17 160   M    M   5        24 150
10  79  62  71   7   0   6 0.00  0.0    0 11.0 23 170   M    M   9        31 160
11  76  57  67   3   0   2 0.23  0.0    0 15.9 32 180   M    M  10 1      43 190
12  61  46  54 -10  11   0 0.02  0.0    0  5.8 16 330   M    M   8 1      21 340
13  66  43  55  -8  10   0 0.36  0.0    0  7.6  M   M   M    M   8 1       M  M
14  64  44  54  -9  11   0 0.00  0.0    0  3.6 13 330   M    M   7        16 290
15  70  45  58  -4   7   0 0.09  0.0    0  4.2 12 240   M    M   7 1      17 220
16  68  50  59  -3   6   0 0.18  0.0    0  7.1 17 310   M    M   6 1      22 290
17  70  47  59  -3   6   0 0.00  0.0    0  3.8 14 250   M    M   4 1      17 270
18  64  42  53  -8  12   0 0.00  0.0    0  5.2 15 330   M    M   6 1      19 310
19  64  37  51 -10  14   0 0.00  0.0    0  3.8 14 150   M    M   4 1      19 170
20  76  56  66   6   0   1 0.00  0.0    0 16.1 26 180   M    M   6        36 170
21  80  62  71  11   0   6 0.19  0.0    0 12.0 31 270   M    M   8 3      42 270
22  62  49  56  -4   9   0    T  0.0    0 13.4 25 280   M    M   9 1      31 280
23  70  46  58  -1   7   0 0.00  0.0    0  6.6 13 250   M    M   4        20 290
24  77  48  63   4   2   0 0.00  0.0    0  5.0 12  90   M    M   4        15 110
25  71  49  60   2   5   0 0.00  0.0    0  4.1 12 110   M    M   6        14  90
26  77  49  63   5   2   0 0.00  0.0    0  2.9 15 310   M    M   2 1      16 300
27  80  51  66   8   0   1 0.00  0.0    0  2.7 10 310   M    M   0 1      14 280
28  81  51  66   9   0   1 0.00  0.0    0  1.7 10 320   M    M   5 1      12 330
29  81  52  67  10   0   2 0.00  0.0    0  2.7  9  30   M    M   5 1      12  20
30  77  53  65   9   0   0    T  0.0    0  4.9 13  50   M    M   6 13     17  50
================================================================================
SM 2252 1576       103  75  1.60     0.0 200.5          M      172
================================================================================
AV 75.1 52.5                               6.7 FASTST   M    M   6    MAX(MPH)
                                 MISC ---->  # 32 180               # 43  190
================================================================================
NOTES:
# LAST OF SEVERAL OCCURRENCES

COLUMN 17 PEAK WIND IN M.P.H.

PRELIMINARY LOCAL CLIMATOLOGICAL DATA (WS FORM: F-6) , PAGE 2

                                          STATION:  SYRACUSE NY
                                          MONTH:    SEPTEMBER
                                          YEAR:     2014
                                          LATITUDE:   43  7 N
                                          LONGITUDE:  76  7 W

[TEMPERATURE DATA]      [PRECIPITATION DATA]       SYMBOLS USED IN COLUMN 16

AVERAGE MONTHLY: 63.8   TOTAL FOR MONTH:   1.60    1 = FOG OR MIST
DPTR FM NORMAL:   1.8   DPTR FM NORMAL:   -2.09    2 = FOG REDUCING VISIBILITY
HIGHEST:    90 ON  5    GRTST 24HR  0.52 ON  2- 2      TO 1/4 MILE OR LESS
LOWEST:     37 ON 19                               3 = THUNDER
                        SNOW, ICE PELLETS, HAIL    4 = ICE PELLETS
                        TOTAL MONTH:   0.0 INCH    5 = HAIL
                        GRTST 24HR     0.0         6 = FREEZING RAIN OR DRIZZLE
                        GRTST DEPTH:   0           7 = DUSTSTORM OR SANDSTORM:
                                                       VSBY 1/2 MILE OR LESS
                                                   8 = SMOKE OR HAZE
[NO. OF DAYS WITH]      [WEATHER - DAYS WITH]      9 = BLOWING SNOW
                                                   X = TORNADO
MAX 32 OR BELOW:   0    0.01 INCH OR MORE:   8
MAX 90 OR ABOVE:   1    0.10 INCH OR MORE:   5
MIN 32 OR BELOW:   0    0.50 INCH OR MORE:   1
MIN  0 OR BELOW:   0    1.00 INCH OR MORE:   0

[HDD (BASE 65) ]
TOTAL THIS MO.   103    CLEAR  (SCALE 0-3)   4
DPTR FM NORMAL   -38    PTCLDY (SCALE 4-7)  21
TOTAL FM JUL 1   114    CLOUDY (SCALE 8-10)  5
DPTR FM NORMAL   -53

[CDD (BASE 65) ]
TOTAL THIS MO.    75
DPTR FM NORMAL    23    [PRESSURE DATA]
TOTAL FM JAN 1   634    HIGHEST SLP 30.55 ON 24
DPTR FM NORMAL    69    LOWEST  SLP 29.58 ON 21

[REMARKS]
#FINAL-09-14#
