000
CXUS54 KEWX 010910
CF6T82
PRELIMINARY LOCAL CLIMATOLOGICAL DATA (WS FORM: F-6)

                                          STATION:   FREDERICKSBURG
                                          MONTH:     JUNE
                                          YEAR:      2015
                                          LATITUDE:   30 15 N
                                          LONGITUDE:  98 55 W

  TEMPERATURE IN F:       :PCPN:    SNOW:  WIND      :SUNSHINE: SKY     :PK WND
================================================================================
1   2   3   4   5  6A  6B    7    8   9   10  11  12  13   14  15   16   17  18
                                     12Z  AVG MX 2MIN
DY MAX MIN AVG DEP HDD CDD  WTR  SNW DPTH SPD SPD DIR MIN PSBL S-S WX    SPD DR
================================================================================

 1  85  57  71   M   0   6 0.00  0.0    0  2.3  7 110   M    M   1 1       M  M
 2  85  64  75   M   0  10 0.00  0.0    0  4.6 10 180   M    M   7 128     M  M
 3  85  64  75   M   0  10 0.00  0.0    0  5.8 12 210   M    M   3        16 210
 4  86  63  75   M   0  10 0.00    M    0  4.5  9 150   M    M   4         M  M
 5  86  64  75   M   0  10 0.00  0.0    0  3.4  8 130   M    M   4 1       M  M
 6  86  63  75   M   0  10 0.00  0.0    0  3.3  9 180   M    M   3         M  M
 7  86  59  73   M   0   8 0.00  0.0    0  4.4  9 170   M    M   2 1      10 190
 8   M  66   M   M   M   M 0.00  0.0    0  2.7  7 200   M    M   3         M  M
 9  90  62  76   M   0  11 0.00  0.0    0  3.0  7 180   M    M   0         M  M
10  90  63  77   M   0  12 0.00  0.0    0  2.8  8 200   M    M   1         M  M
11  89  70  80   M   0  15 0.00    M    0  7.1 15 180   M    M   4        18 160
12  90  73  82   M   0  17 0.00    M    0  9.2 13 190   M    M   6        22 180
13  89  73  81   M   0  16 0.00  0.0    0  7.1 10 160   M    M   5        17 160
14  87  73  80   M   0  15 0.00  0.0    0  8.1 13 180   M    M   5        21 180
15  89  69  79   M   0  14 0.00  0.0    0  4.8 10 160   M    M   6 3      17 160
16  83  71  77   M   0  12 1.01  0.0    0  5.7 16 340   M    M   9 3      20 340
17  87  71  79   M   0  14 0.00  0.0    0  3.9  7 310   M    M   6 3       M  M
18  88  70  79   M   0  14 0.19  0.0    0  4.5 15 160   M    M   7 3      21 160
19  79  71  75   M   0  10 0.00  0.0    0  4.6  9 150   M    M   5 13      M  M
20  81  70  76   M   0  11 0.18  0.0    0  4.8 10 200   M    M   6        17 160
21  83  72  78   M   0  13 0.28  0.0    0  9.0 18 170   M    M  10 3      22 170
22  83  69  76   M   0  11 0.10  0.0    0  7.1 13 160   M    M   7 3      18 150
23  87  73  80   M   0  15 0.00    M    0  6.8 10 180   M    M   7        20 160
24  87  68  78   M   0  13 0.00    M    0  5.0 12 200   M    M   4        17 170
25  87  69  78   M   0  13 0.00  0.0    0  5.8 13 200   M    M   5         M  M
26  89  74  82   M   0  17 0.00  0.0    0  6.9 13 200   M    M   4        16 200
27  87  71  79   M   0  14 0.42  0.0    0  2.8 18 330   M    M   5 3      29 330
28  88  67  78   M   0  13 0.07  0.0    0  1.6 16 330   M    M   4 13      M  M
29  88  70  79   M   0  14 0.00  0.0    0  5.1 12 180   M    M   5 1      17 180
30  87  72  80   M   0  15 0.02  0.0    0  6.0 17 180   M    M   4        30 180
================================================================================
SM 2507 2041         0 363  2.27     0.0 152.7          M      142
================================================================================
AV 86.4 68.0                               5.1 FASTST   M    M   5    MAX(MPH)
                                 MISC ---->    18   M                 30    M
================================================================================
NOTES:
# LAST OF SEVERAL OCCURRENCES

COLUMN 17 PEAK WIND IN M.P.H.

PRELIMINARY LOCAL CLIMATOLOGICAL DATA (WS FORM: F-6) , PAGE 2

                                          STATION:  FREDERICKSBURG
                                          MONTH:    JUNE
                                          YEAR:     2015
                                          LATITUDE:   30 15 N
                                          LONGITUDE:  98 55 W

[TEMPERATURE DATA]      [PRECIPITATION DATA]       SYMBOLS USED IN COLUMN 16

AVERAGE MONTHLY: 77.2   TOTAL FOR MONTH:   2.27    1 = FOG OR MIST
DPTR FM NORMAL:     M   DPTR FM NORMAL:       M    2 = FOG REDUCING VISIBILITY
HIGHEST:    90 ON 12,10 GRTST 24HR  1.01 ON 16-16      TO 1/4 MILE OR LESS
LOWEST:     57 ON  1                               3 = THUNDER
                        SNOW, ICE PELLETS, HAIL    4 = ICE PELLETS
                        TOTAL MONTH:   0.0 INCH    5 = HAIL
                        GRTST 24HR     0.0         6 = FREEZING RAIN OR DRIZZLE
                        GRTST DEPTH:   0           7 = DUSTSTORM OR SANDSTORM:
                                                       VSBY 1/2 MILE OR LESS
                                                   8 = SMOKE OR HAZE
[NO. OF DAYS WITH]      [WEATHER - DAYS WITH]      9 = BLOWING SNOW
                                                   X = TORNADO
MAX 32 OR BELOW:   0    0.01 INCH OR MORE:   8
MAX 90 OR ABOVE:   3    0.10 INCH OR MORE:   6
MIN 32 OR BELOW:   0    0.50 INCH OR MORE:   1
MIN  0 OR BELOW:   0    1.00 INCH OR MORE:   1

[HDD (BASE 65) ]
TOTAL THIS MO.     0    CLEAR  (SCALE 0-3)   6
DPTR FM NORMAL     M    PTCLDY (SCALE 4-7)  22
TOTAL FM JUL 1  2175    CLOUDY (SCALE 8-10)  2
DPTR FM NORMAL     M

[CDD (BASE 65) ]
TOTAL THIS MO.   363
DPTR FM NORMAL     M    [PRESSURE DATA]
TOTAL FM JAN 1   728    HIGHEST SLP M ON M
DPTR FM NORMAL     M    LOWEST  SLP M ON M

[REMARKS]
#FINAL-06-15#
