000
CXUS54 KBMX 301216
CF6TCL
PRELIMINARY LOCAL CLIMATOLOGICAL DATA (WS FORM: F-6)

                                          STATION:   TUSCALOOSA
                                          MONTH:     APRIL
                                          YEAR:      2016
                                          LATITUDE:   33 13 N
                                          LONGITUDE:  87 37 W

  TEMPERATURE IN F:       :PCPN:    SNOW:  WIND      :SUNSHINE: SKY     :PK WND
================================================================================
1   2   3   4   5  6A  6B    7    8   9   10  11  12  13   14  15   16   17  18
                                     12Z  AVG MX 2MIN
DY MAX MIN AVG DEP HDD CDD  WTR  SNW DPTH SPD SPD DIR MIN PSBL S-S WX    SPD DR
================================================================================

 1  69  56  63   3   2   0 0.60  0.0    0  6.8 20 350   M    M   6 13     25 360
 2  66  46  56  -4   9   0 0.00  0.0    0  7.7 20 320   M    M   1        29 290
 3  73  41  57  -3   8   0 0.00  0.0    0  3.6 13  40   M    M   0        16 350
 4  79  42  61   1   4   0 0.00  0.0    0  3.3 15 240   M    M   0        21 250
 5  75  47  61   1   4   0 0.00  0.0    0  5.8 20  50   M    M   0        24  60
 6  77  45  61   0   4   0 0.24  0.0    0  7.5 26 300   M    M   4 123    40 190
 7  78  46  62   1   3   0 0.00  0.0    0  5.1 20 270   M    M   5 12     28 280
 8  68  44  56  -5   9   0 0.00  0.0    0  9.1 28  20   M    M   2        38  20
 9  71  38  55  -6  10   0 0.00  0.0    0  4.5 16 290   M    M   0        22 280
10  76  50  63   1   2   0 0.00  0.0    0  9.2 23 190   M    M   2        29 200
11  70  53  62   0   3   0 2.20  0.0    0  7.7 23 360   M    M   6 13     33 350
12  64  50  57  -5   8   0 0.07  0.0    0  5.5 13  30   M    M   7 1      15  10
13  68  46  57  -5   8   0 0.16  0.0    0  2.9  9  50   M    M   4 1      11  60
14  73  60  67   4   0   2    T  0.0    0  7.3 14 110   M    M   9 1      23 110
15  67  58  63   0   2   0 0.00  0.0    0  8.7 17 110   M    M  10        29 120
16  75  57  66   3   0   1 0.08  0.0    0  6.9 14 100   M    M   7 18     22 120
17  78  52  65   2   0   0 0.00  0.0    0  5.2 16  80   M    M   0        26 100
18  80  47  64   0   1   0 0.00  0.0    0  3.3 13 140   M    M   0        18 140
19  79  47  63  -1   2   0 0.00  0.0    0  1.7  9 240   M    M   0        12 250
20  80  59  70   6   0   5 0.00  0.0    0  3.5 10 210   M    M   1        12 210
21  74  55  65   0   0   0    T  0.0    0  5.2 16 170   M    M   4        20 150
22  78  56  67   2   0   2 0.04  0.0    0  3.7 13 170   M    M   5 13     18 170
23  81  51  66   1   0   1 0.00  0.0    0  4.6 18  20   M    M   0        24  20
24   M   M   M   M   M   M    M    M    M   M   M   M   M    M   M         M  M
25  81  57  69   3   0   4 0.00  0.0    M  3.9 16 160   M    M   1 1      21 150
26  84  57  71   5   0   6 0.00  0.0    0  4.8 13 160   M    M   2 1      20 180
27  80  63  72   6   0   7    T  0.0    0  6.4 18 180   M    M   3 1      26 170
28  86  64  75   8   0  10 0.00  0.0    0  3.2 10 180   M    M   4 1      13 200
29  87  60  74   7   0   9 0.53  0.0    0  6.2 30  30   M    M   2 138    36  20
================================================================================
SM 2117 1447        79  47  3.92     0.0 153.3          M       85
================================================================================
AV 75.6 51.7                               5.5 FASTST   M    M   3    MAX(MPH)
                                 MISC ---->  # 30  30               # 40  190
================================================================================
NOTES:
# LAST OF SEVERAL OCCURRENCES

COLUMN 17 PEAK WIND IN M.P.H.

PRELIMINARY LOCAL CLIMATOLOGICAL DATA (WS FORM: F-6) , PAGE 2

                                          STATION:  TUSCALOOSA
                                          MONTH:    APRIL
                                          YEAR:     2016
                                          LATITUDE:   33 13 N
                                          LONGITUDE:  87 37 W

[TEMPERATURE DATA]      [PRECIPITATION DATA]       SYMBOLS USED IN COLUMN 16

AVERAGE MONTHLY: 63.6   TOTAL FOR MONTH:   3.92    1 = FOG OR MIST
DPTR FM NORMAL:   0.6   DPTR FM NORMAL:   -0.16    2 = FOG REDUCING VISIBILITY
HIGHEST:    87 ON 29    GRTST 24HR  2.27 ON 11-12      TO 1/4 MILE OR LESS
LOWEST:     38 ON  9                               3 = THUNDER
                        SNOW, ICE PELLETS, HAIL    4 = ICE PELLETS
                        TOTAL MONTH:   0.0 INCH    5 = HAIL
                        GRTST 24HR     0.0         6 = FREEZING RAIN OR DRIZZLE
                        GRTST DEPTH:   0           7 = DUSTSTORM OR SANDSTORM:
                                                       VSBY 1/2 MILE OR LESS
                                                   8 = SMOKE OR HAZE
[NO. OF DAYS WITH]      [WEATHER - DAYS WITH]      9 = BLOWING SNOW
                                                   X = TORNADO
MAX 32 OR BELOW:   0    0.01 INCH OR MORE:   8
MAX 90 OR ABOVE:   0    0.10 INCH OR MORE:   5
MIN 32 OR BELOW:   0    0.50 INCH OR MORE:   3
MIN  0 OR BELOW:   0    1.00 INCH OR MORE:   1

[HDD (BASE 65) ]
TOTAL THIS MO.    79    CLEAR  (SCALE 0-3)  16
DPTR FM NORMAL   -39    PTCLDY (SCALE 4-7)  10
TOTAL FM JUL 1  1947    CLOUDY (SCALE 8-10)  2
DPTR FM NORMAL  -555

[CDD (BASE 65) ]
TOTAL THIS MO.    47
DPTR FM NORMAL   -14    [PRESSURE DATA]
TOTAL FM JAN 1    80    HIGHEST SLP M ON M
DPTR FM NORMAL    -4    LOWEST  SLP 29.72 ON  1

[REMARKS]
