000
CXUS54 KEPZ 241200
CF6TCS
PRELIMINARY LOCAL CLIMATOLOGICAL DATA (WS FORM: F-6)

                                          STATION:   TRUTH OR CONSEQUENCES
                                          MONTH:     JULY
                                          YEAR:      2016
                                          LATITUDE:   33 13 N
                                          LONGITUDE: 107 16 W

  TEMPERATURE IN F:       :PCPN:    SNOW:  WIND      :SUNSHINE: SKY     :PK WND
================================================================================
1   2   3   4   5  6A  6B    7    8   9   10  11  12  13   14  15   16   17  18
                                     12Z  AVG MX 2MIN
DY MAX MIN AVG DEP HDD CDD  WTR  SNW DPTH SPD SPD DIR MIN PSBL S-S WX    SPD DR
================================================================================

 1  78  65  72  -8   0   7 0.14  0.0    0  7.7 20 180   M    M   3 1      24 170
 2  92  61  77  -3   0  12 0.00  0.0    0  9.1 23 280   M    M   1        34 290
 3  99  71  85   5   0  20 0.00  0.0    0 11.5 21 310   M    M   0        27 310
 4  99  73  86   6   0  21    T  0.0    0  8.0 26 230   M    M   0        35 240
 5 100  73  87   7   0  22 0.00  0.0    0  7.7 18 340   M    M   0        26 330
 6  98  77  88   8   0  23 0.00  0.0    0 10.2 21 230   M    M   0        26 240
 7  97  75  86   6   0  21    T  0.0    0  9.6 22 330   M    M   2        31  10
 8  96  72  84   4   0  19 0.00  0.0    0  9.8 29 300   M    M   0        39 300
 9 101  71  86   6   0  21 0.00  0.0    0  6.7 15 230   M    M   0        23 210
10 102  74  88   8   0  23 0.00  0.0    0  9.3 23 260   M    M   0        29 270
11 101  73  87   7   0  22 0.00  0.0    0  9.9 21 230   M    M   0        28 250
12 102  71  87   7   0  22 0.00  0.0    0  7.7 23 290   M    M   0        33 300
13 102  76  89   9   0  24 0.00  0.0    0  7.8 17  30   M    M   0        22  20
14 104  78  91  11   0  26 0.00  0.0    0  8.3 17 300   M    M   0        22 310
15 101  76  89   9   0  24 0.00  0.0    0 11.5 26 150   M    M   0        36 160
16 100  73  87   7   0  22 0.13  0.0    0  7.0 21 330   M    M   1 8      31 340
17 100  74  87   7   0  22 0.01  0.0    0  8.6 25 300   M    M   0        33 310
18  98  71  85   5   0  20    T  0.0    0  8.5 24 150   M    M   1        30 160
19  97  68  83   3   0  18 0.64  0.0    0  8.4 43 140   M    M   2        61 140
20  97  69  83   3   0  18    T  0.0    0  5.4 26 130   M    M   1        31 120
21  98  71  85   5   0  20 0.02  0.0    0  6.8 21 300   M    M   1        29 310
22 100  74  87   7   0  22 0.00  0.0    0  7.7 23 310   M    M   1        34 330
23 102  74  88   9   0  23 0.00  0.0    0  9.5 29 300   M    M   0        38 330
================================================================================
SM 2264 1660         0 472  0.94     0.0 196.7          M       13
================================================================================
AV 98.4 72.2                               8.6 FASTST   M    M   1    MAX(MPH)
                                 MISC ---->  # 43 140               # 61  140
================================================================================
NOTES:
# LAST OF SEVERAL OCCURRENCES

COLUMN 17 PEAK WIND IN M.P.H.

PRELIMINARY LOCAL CLIMATOLOGICAL DATA (WS FORM: F-6) , PAGE 2

                                          STATION:  TRUTH OR CONSEQUENCES
                                          MONTH:    JULY
                                          YEAR:     2016
                                          LATITUDE:   33 13 N
                                          LONGITUDE: 107 16 W

[TEMPERATURE DATA]      [PRECIPITATION DATA]       SYMBOLS USED IN COLUMN 16

AVERAGE MONTHLY: 85.3   TOTAL FOR MONTH:   0.94    1 = FOG OR MIST
DPTR FM NORMAL:   5.3   DPTR FM NORMAL:   -0.50    2 = FOG REDUCING VISIBILITY
HIGHEST:   104 ON 14    GRTST 24HR  0.64 ON 19-19      TO 1/4 MILE OR LESS
LOWEST:     61 ON  2                               3 = THUNDER
                        SNOW, ICE PELLETS, HAIL    4 = ICE PELLETS
                        TOTAL MONTH:   0.0 INCH    5 = HAIL
                        GRTST 24HR     0.0         6 = FREEZING RAIN OR DRIZZLE
                        GRTST DEPTH:   0           7 = DUSTSTORM OR SANDSTORM:
                                                       VSBY 1/2 MILE OR LESS
                                                   8 = SMOKE OR HAZE
[NO. OF DAYS WITH]      [WEATHER - DAYS WITH]      9 = BLOWING SNOW
                                                   X = TORNADO
MAX 32 OR BELOW:   0    0.01 INCH OR MORE:   5
MAX 90 OR ABOVE:  22    0.10 INCH OR MORE:   3
MIN 32 OR BELOW:   0    0.50 INCH OR MORE:   1
MIN  0 OR BELOW:   0    1.00 INCH OR MORE:   0

[HDD (BASE 65) ]
TOTAL THIS MO.     0    CLEAR  (SCALE 0-3)  23
DPTR FM NORMAL     0    PTCLDY (SCALE 4-7)   0
TOTAL FM JUL 1     0    CLOUDY (SCALE 8-10)  0
DPTR FM NORMAL     0

[CDD (BASE 65) ]
TOTAL THIS MO.   472
DPTR FM NORMAL   129    [PRESSURE DATA]
TOTAL FM JAN 1  1108    HIGHEST SLP M ON M
DPTR FM NORMAL   194    LOWEST  SLP 29.59 ON M

[REMARKS]
