000
CXUS52 KTAE 280800
CF6TLH
PRELIMINARY LOCAL CLIMATOLOGICAL DATA (WS FORM: F-6)

                                          STATION:   TALLAHASSEE
                                          MONTH:     JUNE
                                          YEAR:      2017
                                          LATITUDE:   30 22 N
                                          LONGITUDE:  84 22 W

  TEMPERATURE IN F:       :PCPN:    SNOW:  WIND      :SUNSHINE: SKY     :PK WND
================================================================================
1   2   3   4   5  6A  6B    7    8   9   10  11  12  13   14  15   16   17  18
                                     12Z  AVG MX 2MIN
DY MAX MIN AVG DEP HDD CDD  WTR  SNW DPTH SPD SPD DIR MIN PSBL S-S WX    SPD DR
================================================================================

 1  89  73  81   3   0  16 0.00  0.0    0  3.8 13  50   M    M   6 3      17  60
 2  89  71  80   2   0  15 0.00  0.0    0  4.4 15 240   M    M   6 1      19 220
 3  91  69  80   1   0  15 0.16  0.0    0  2.4 16 270   M    M   6 138    18 280
 4  87  71  79   0   0  14 2.02  0.0    0  1.9 23 140   M    M   6 13     28 130
 5  86  72  79   0   0  14 0.09  0.0    0  4.4 20 180   M    M   6 18     26 200
 6  80  70  75  -4   0  10 3.92  0.0    0  4.8  8 110   M    M  10 13      M  M
 7  84  68  76  -3   0  11 1.99  0.0    0  5.3 15  30   M    M   9 13     20  30
 8  82  66  74  -6   0   9    T  0.0    0  6.0 13  50   M    M   8 1      18  30
 9  88  60  74  -6   0   9 0.00  0.0    0  2.7 10  70   M    M   2 1      15 120
10  90  65  78  -2   0  13 0.00  0.0    0  5.0 13  80   M    M   6 1      16 110
11  84  73  79  -1   0  14 0.09  0.0    0  3.8 15 190   M    M   8 3      19 170
12  83  74  79  -1   0  14 0.05  0.0    0  3.9 12  10   M    M   6        17  20
13  85  73  79  -1   0  14    T  0.0    0  5.3  8 280   M    M   7 3       M  M
14  87  73  80   0   0  15    T  0.0    0  3.9 14 200   M    M   7 13     16 190
15  87  70  79  -1   0  14 0.25  0.0    0  4.2 24 240   M    M   6 123    29 240
16  91  70  81   1   0  16 0.00  0.0    0  5.9 15 320   M    M   5 1      23 330
17  89  73  81   0   0  16 0.53  0.0    0  3.3 28 270   M    M   5 1238   48  90
18  92  70  81   0   0  16 0.00  0.0    0  3.5 13 170   M    M   3 1      15 160
19  87  73  80  -1   0  15 0.63  0.0    0  4.2 24 120   M    M   7 138    33 130
20  77  73  75  -6   0  10 1.90  0.0    0  6.4 14  70   M    M   8 1      17  70
21  85  76  81   0   0  16 0.11  0.0    0  8.6 14 130   M    M   8 1      18 100
22  90  74  82   1   0  17 0.00  0.0    0  8.2 17 160   M    M   5        25 180
23  92  74  83   2   0  18 0.00  0.0    0  6.6 18 160   M    M   6 12     22 170
24  94  73  84   3   0  19 0.00  0.0    0  7.3 20 210   M    M   3 1      33  90
25  89  74  82   1   0  17 0.10  0.0    0  3.4 16 290   M    M   5 13     19 290
26  89  72  81   0   0  16 0.01  0.0    0  3.4 13 330   M    M   6        15 330
27  89  74  82   1   0  17 0.53  0.0    0  3.0 24 350   M    M   6 13     30 350
================================================================================
SM 2356 1924         0 390 12.38     0.0 125.6          M      166
================================================================================
AV 87.3 71.3                               4.7 FASTST   M    M   6    MAX(MPH)
                                 MISC ---->  # 28 270               # 48   90
================================================================================
NOTES:
# LAST OF SEVERAL OCCURRENCES

COLUMN 17 PEAK WIND IN M.P.H.

PRELIMINARY LOCAL CLIMATOLOGICAL DATA (WS FORM: F-6) , PAGE 2

                                          STATION:  TALLAHASSEE
                                          MONTH:    JUNE
                                          YEAR:     2017
                                          LATITUDE:   30 22 N
                                          LONGITUDE:  84 22 W

[TEMPERATURE DATA]      [PRECIPITATION DATA]       SYMBOLS USED IN COLUMN 16

AVERAGE MONTHLY: 79.3   TOTAL FOR MONTH:  12.38    1 = FOG OR MIST
DPTR FM NORMAL:  -0.8   DPTR FM NORMAL:    5.45    2 = FOG REDUCING VISIBILITY
HIGHEST:    94 ON 24    GRTST 24HR  3.92 ON  6- 6      TO 1/4 MILE OR LESS
LOWEST:     60 ON  9                               3 = THUNDER
                        SNOW, ICE PELLETS, HAIL    4 = ICE PELLETS
                        TOTAL MONTH:   0.0 INCH    5 = HAIL
                        GRTST 24HR     0.0         6 = FREEZING RAIN OR DRIZZLE
                        GRTST DEPTH:   0           7 = DUSTSTORM OR SANDSTORM:
                                                       VSBY 1/2 MILE OR LESS
                                                   8 = SMOKE OR HAZE
[NO. OF DAYS WITH]      [WEATHER - DAYS WITH]      9 = BLOWING SNOW
                                                   X = TORNADO
MAX 32 OR BELOW:   0    0.01 INCH OR MORE:  15
MAX 90 OR ABOVE:   7    0.10 INCH OR MORE:  11
MIN 32 OR BELOW:   0    0.50 INCH OR MORE:   7
MIN  0 OR BELOW:   0    1.00 INCH OR MORE:   4

[HDD (BASE 65) ]
TOTAL THIS MO.     0    CLEAR  (SCALE 0-3)   3
DPTR FM NORMAL     0    PTCLDY (SCALE 4-7)  21
TOTAL FM JUL 1   805    CLOUDY (SCALE 8-10)  3
DPTR FM NORMAL  -790

[CDD (BASE 65) ]
TOTAL THIS MO.   390
DPTR FM NORMAL   -16    [PRESSURE DATA]
TOTAL FM JAN 1  1017    HIGHEST SLP M ON M
DPTR FM NORMAL   165    LOWEST  SLP 29.69 ON  7

[REMARKS]
