000
CXUS55 KCYS 301000
CF6TOR
PRELIMINARY LOCAL CLIMATOLOGICAL DATA (WS FORM: F-6)

                                          STATION:   TORRINGTON WY AIRPORT
                                          MONTH:     SEPTEMBER
                                          YEAR:      2016
                                          LATITUDE:   42  3 N
                                          LONGITUDE: 104  9 W

  TEMPERATURE IN F:       :PCPN:    SNOW:  WIND      :SUNSHINE: SKY     :PK WND
================================================================================
1   2   3   4   5  6A  6B    7    8   9   10  11  12  13   14  15   16   17  18
                                     12Z  AVG MX 2MIN
DY MAX MIN AVG DEP HDD CDD  WTR  SNW DPTH SPD SPD DIR MIN PSBL S-S WX    SPD DR
================================================================================

 1  85  59  72   5   0   7 0.00    M    M 16.0 29 150   M    M   3        36 150
 2  85  61  73   6   0   8    T    M    M 10.6 22 150   0    0   0        28 140
 3  93  54  74   8   0   9    T    M    M  7.8 33 160   0    0   0        41 160
 4  84  54  69   3   0   4 0.03    M    M  6.6 29 280   M    M   M        35 290
 5  86  56  71   6   0   6 0.14    M    M  7.8 21  20   M    M   M 3      26  10
 6  72  58  65   0   0   0 0.03    M    M  9.9 21 110   M    M   7 13     28 110
 7  87  53  70   5   0   5 0.00    M    M 10.1 28 280   M    M   2 1      38 280
 8  90  44  67   3   0   2 0.00    M    M 11.6 30 270   M    M   0        41 270
 9  64  41  53 -11  12   0 0.00    M    M 12.5 30 330   M    M   2        40 340
10  84  32  58  -5   7   0 0.00    M    M  5.8 16 170   M    M   0        20 180
11  93  37  65   2   0   0 0.00    M    M  9.8 30 280   M    M   0        40 280
12  67  47  57  -5   8   0 0.00    M    M 12.3 28 320   M    M   2        37 350
13  58  44  51 -11  14   0    T    M    M 11.1 18 110   M    M   9 1      24 120
14  75  47  61  -1   4   0 0.47    M    M 13.7 25 130   M    M   4 13     32 140
15  75  44  60  -1   5   0    T    M    M  8.8 25 320   M    M   1 1      33 310
16  75  41  58  -3   7   0 0.00    M    M  8.1 17 320   M    M   0        24 310
17  81  40  61   1   4   0 0.00    M    M  3.7 14 210   M    M   0        17 210
18  90  47  69   9   0   4 0.00    M    M 11.7 33 260   M    M   0        44 260
19  89  50  70  11   0   5 0.00    M    M  9.1 17 130   M    M   0        22 120
20  91  49  70  11   0   5 0.00    M    M  5.7 15 110   M    M   0        20 140
21  84  52  68  10   0   3 0.00    M    M  7.3 18  60   M    M   1        22  50
22  69  55  62   4   3   0 0.00    M    M 11.5 21 110   M    M  10 1      26 120
23  82  49  66   9   0   1 0.12    M    M  8.6 39 240   M    M   8 13     49 250
24  68  41  55  -2  10   0 0.10    M    M 11.1 26 320   M    M   4 1      36 310
25  66  38  52  -4  13   0 0.00    M    M  7.8 21 310   M    M   2        26 320
26  76  36  56   0   9   0 0.00    M    M  6.5 18 310   M    M   0        22 310
27  86  38  62   6   3   0 0.00    M    M  5.1 14  30   M    M   0        15  20
28  82  42  62   7   3   0 0.00    M    M  7.0 15 150   M    M   0        18 120
29  85  44  65  10   0   0 0.00  0.0    0 11.8 21 120   M    M   0        27 120
================================================================================
SM 2322 1353       102  59  0.89     0.0 269.4            0     55
================================================================================
AV 80.1 46.7                               9.3 FASTST    0   0   2    MAX(MPH)
                                 MISC ---->  # 39 240               # 49  250
================================================================================
NOTES:
# LAST OF SEVERAL OCCURRENCES

COLUMN 17 PEAK WIND IN M.P.H.

PRELIMINARY LOCAL CLIMATOLOGICAL DATA (WS FORM: F-6) , PAGE 2

                                          STATION:  TORRINGTON WY AIRPORT
                                          MONTH:    SEPTEMBER
                                          YEAR:     2016
                                          LATITUDE:   42  3 N
                                          LONGITUDE: 104  9 W

[TEMPERATURE DATA]      [PRECIPITATION DATA]       SYMBOLS USED IN COLUMN 16

AVERAGE MONTHLY: 63.4   TOTAL FOR MONTH:   0.89    1 = FOG OR MIST
DPTR FM NORMAL:   2.4   DPTR FM NORMAL:   -0.43    2 = FOG REDUCING VISIBILITY
HIGHEST:    93 ON 11, 3 GRTST 24HR  0.47 ON 14-14      TO 1/4 MILE OR LESS
LOWEST:     32 ON 10                               3 = THUNDER
                        SNOW, ICE PELLETS, HAIL    4 = ICE PELLETS
                        TOTAL MONTH:   0.0 INCH    5 = HAIL
                        GRTST 24HR     0.0         6 = FREEZING RAIN OR DRIZZLE
                        GRTST DEPTH:   0           7 = DUSTSTORM OR SANDSTORM:
                                                       VSBY 1/2 MILE OR LESS
                                                   8 = SMOKE OR HAZE
[NO. OF DAYS WITH]      [WEATHER - DAYS WITH]      9 = BLOWING SNOW
                                                   X = TORNADO
MAX 32 OR BELOW:   0    0.01 INCH OR MORE:   6
MAX 90 OR ABOVE:   5    0.10 INCH OR MORE:   4
MIN 32 OR BELOW:   1    0.50 INCH OR MORE:   0
MIN  0 OR BELOW:   0    1.00 INCH OR MORE:   0

[HDD (BASE 65) ]
TOTAL THIS MO.   102    CLEAR  (SCALE 0-3)  21
DPTR FM NORMAL   -60    PTCLDY (SCALE 4-7)   4
TOTAL FM JUL 1   119    CLOUDY (SCALE 8-10)  2
DPTR FM NORMAL   -65

[CDD (BASE 65) ]
TOTAL THIS MO.    59
DPTR FM NORMAL    15    [PRESSURE DATA]
TOTAL FM JAN 1   820    HIGHEST SLP  0.00 ON M
DPTR FM NORMAL   143    LOWEST  SLP 29.52 ON 23

[REMARKS]
