000
CXUS55 KCYS 291000
CF6TOR
PRELIMINARY LOCAL CLIMATOLOGICAL DATA (WS FORM: F-6)

                                          STATION:   TORRINGTON WY AIRPORT
                                          MONTH:     MARCH
                                          YEAR:      2015
                                          LATITUDE:   42  3 N
                                          LONGITUDE: 104  9 W

  TEMPERATURE IN F:       :PCPN:    SNOW:  WIND      :SUNSHINE: SKY     :PK WND
================================================================================
1   2   3   4   5  6A  6B    7    8   9   10  11  12  13   14  15   16   17  18
                                     12Z  AVG MX 2MIN
DY MAX MIN AVG DEP HDD CDD  WTR  SNW DPTH SPD SPD DIR MIN PSBL S-S WX    SPD DR
================================================================================

 1  35  14  25  -9  40   0    T    M    M  7.2 17 310   M    M   5        21 320
 2  48  25  37   3  28   0    T    M    M 12.3 24 160   M    M   5 1      29 150
 3  30   7  19 -16  46   0    T    M    M 12.3 28 340   M    M   9 18     37 330
 4  24   4  14 -21  51   0 0.00    M    M  6.6 14 310   M    M   2        17 330
 5  45   1  23 -12  42   0 0.00    M    M  6.5 18 260   M    M   0        23 260
 6  55  27  41   6  24   0 0.00  0.0    0 10.4 24 270   M    M   1 8      30 270
 7  62  23  43   7  22   0 0.00    M    M  6.7 18 250   M    M   0        22 220
 8  57  24  41   5  24   0 0.00    M    M  6.6 14 110   M    M   0        18 350
 9  62  22  42   6  23   0 0.00    M    M  6.4 17 280   M    M   0        20 270
10  65  23  44   8  21   0 0.00    M    M  5.5 17 300   M    M   0        22 310
11  74  24  49  12  16   0 0.00    M    M  6.8 21 230   M    M   0        34 230
12  65  33  49  12  16   0 0.00    M    M  8.8 25 290   M    M   1        32 310
13  65  31  48  11  17   0 0.00    M    M  7.9 16  10   M    M   2        23  50
14  74  23  49  12  16   0 0.00    M    M  9.0 25 250   M    M   0        33 250
15  83  47  65  27   0   0 0.00    M    M 10.3 24 280   M    M   0        30 270
16  76  35  56  18   9   0 0.00    M    M 13.8 32 360   M    M   2        41  10
17  51  31  41   3  24   0 0.00    M    M 15.3 26 150   M    M   6        32 130
18  64  31  48  10  17   0 0.00    M    M  9.3 24  20   M    M   2        30  20
19  59  29  44   5  21   0    T    M    M  7.4 18 290   M    M   5        24 310
20  71  22  47   8  18   0 0.00    M    M  4.8 15  60   M    M   0        17 300
21  76  27  52  13  13   0 0.00    M    M  6.6 20 250   M    M   0        26 250
22  64  35  50  11  15   0 0.00    M    M 11.2 23  10   M    M   1        29 360
23  64  33  49   9  16   0 0.08    M    M 12.7 31 140   M    M   6 3      44 130
24  58  40  49   9  16   0 0.00    M    M 17.2 35 270   M    M   2        46 270
25  51  27  39  -1  26   0 0.00    M    M  9.9 21 310   M    M   7        27 350
26  54  22  38  -2  27   0 0.00    M    M  9.2 22  10   M    M   8        27 330
27  73  37  55  14  10   0    T    M    M 11.1 30 320   M    M   5        37 330
28  82  31  57  16   8   0 0.00    M    M 12.4 32 270   M    M   0        42 270
================================================================================
SM 1687  728       606   0  0.08     0.0 264.2          M       69
================================================================================
AV 60.2 26.0                               9.4 FASTST   M    M   2    MAX(MPH)
                                 MISC ---->  # 35 270               # 46  270
================================================================================
NOTES:
# LAST OF SEVERAL OCCURRENCES

COLUMN 17 PEAK WIND IN M.P.H.

PRELIMINARY LOCAL CLIMATOLOGICAL DATA (WS FORM: F-6) , PAGE 2

                                          STATION:  TORRINGTON WY AIRPORT
                                          MONTH:    MARCH
                                          YEAR:     2015
                                          LATITUDE:   42  3 N
                                          LONGITUDE: 104  9 W

[TEMPERATURE DATA]      [PRECIPITATION DATA]       SYMBOLS USED IN COLUMN 16

AVERAGE MONTHLY: 43.1   TOTAL FOR MONTH:   0.08    1 = FOG OR MIST
DPTR FM NORMAL:   5.6   DPTR FM NORMAL:   -0.56    2 = FOG REDUCING VISIBILITY
HIGHEST:    83 ON 15    GRTST 24HR  0.08 ON 23-23      TO 1/4 MILE OR LESS
LOWEST:      1 ON  5                               3 = THUNDER
                        SNOW, ICE PELLETS, HAIL    4 = ICE PELLETS
                        TOTAL MONTH:   0.0 INCH    5 = HAIL
                        GRTST 24HR     0.0         6 = FREEZING RAIN OR DRIZZLE
                        GRTST DEPTH:   0           7 = DUSTSTORM OR SANDSTORM:
                                                       VSBY 1/2 MILE OR LESS
                                                   8 = SMOKE OR HAZE
[NO. OF DAYS WITH]      [WEATHER - DAYS WITH]      9 = BLOWING SNOW
                                                   X = TORNADO
MAX 32 OR BELOW:   2    0.01 INCH OR MORE:   1
MAX 90 OR ABOVE:   0    0.10 INCH OR MORE:   0
MIN 32 OR BELOW:  21    0.50 INCH OR MORE:   0
MIN  0 OR BELOW:   0    1.00 INCH OR MORE:   0

[HDD (BASE 65) ]
TOTAL THIS MO.   606    CLEAR  (SCALE 0-3)  19
DPTR FM NORMAL  -164    PTCLDY (SCALE 4-7)   8
TOTAL FM JUL 1  5320    CLOUDY (SCALE 8-10)  1
DPTR FM NORMAL  -294

[CDD (BASE 65) ]
TOTAL THIS MO.     0
DPTR FM NORMAL     0    [PRESSURE DATA]
TOTAL FM JAN 1     0    HIGHEST SLP M ON M
DPTR FM NORMAL     0    LOWEST  SLP 29.48 ON M

[REMARKS]
