000
CXUS54 KFWD 240730
CF6TPL
PRELIMINARY LOCAL CLIMATOLOGICAL DATA (WS FORM: F-6)

                                          STATION:   TEMPLE
                                          MONTH:     MAY
                                          YEAR:      2016
                                          LATITUDE:   31  8 N
                                          LONGITUDE:  97 25 W

  TEMPERATURE IN F:       :PCPN:    SNOW:  WIND      :SUNSHINE: SKY     :PK WND
================================================================================
1   2   3   4   5  6A  6B    7    8   9   10  11  12  13   14  15   16   17  18
                                     12Z  AVG MX 2MIN
DY MAX MIN AVG DEP HDD CDD  WTR  SNW DPTH SPD SPD DIR MIN PSBL S-S WX    SPD DR
================================================================================

 1  75  60  68  -2   0   3 0.00  0.0    0 11.4 18  10   M    M   6        28  10
 2  64  52  58 -12   7   0 0.29  0.0    0 11.2 20 350   M    M   9 13     30 350
 3  73  46  60 -10   5   0 0.00  0.0    0  5.8 12  20   M    M   0        16  20
 4  83  49  66  -4   0   1 0.00  0.0    0  6.3 14 310   M    M   0        20 280
 5  84  52  68  -3   0   3 0.00  0.0    0  4.5  8 330   M    M   0         M  M
 6  83  52  68  -3   0   3 0.00  0.0    0  4.7 10 150   M    M   0 18      M  M
 7  83  57  70  -1   0   5 0.00  0.0    0 13.4 23 160   M    M   0 8      35 150
 8  74  67  71   0   0   6 0.05  0.0    0 16.5 24 130   M    M   8        41 150
 9  87  65  76   4   0  11 0.00  0.0    0 15.2 24 190   M    M   4        31 190
10  91  64  78   6   0  13 1.13  0.0    0 15.0 22 130   M    M   5 13     28 150
11  86  63  75   3   0  10 0.09  0.0    0 11.8 17 150   M    M   3 3      22 160
12  82  66  74   2   0   9 0.05  0.0    0  6.2 14 310   M    M   2 13      M  M
13  85  64  75   2   0  10 0.00  0.0    0  5.7 12  80   M    M   1 8       M  M
14  81  60  71  -2   0   6 0.04  0.0    0  6.2 12  10   M    M   4 13      M  M
15  74  57  66  -7   0   1    T  0.0    0  7.3  9 140   M    M   5         M  M
16  78  66  72  -1   0   7 0.13  0.0    0 10.5 16 130   M    M   7 1      20 120
17  82  65  74   0   0   9 0.01  0.0    0  8.5 14  20   M    M   7 1      30  10
18  71  61  66  -8   0   1 0.01  0.0    0 10.9 17 350   M    M   7        21 350
19  70  60  65  -9   0   0 1.82  0.0    0  8.2 17 110   M    M   9 13     21 110
20  79  59  69  -5   0   4 0.00  0.0    0  4.3  8 130   M    M   6 1       M  M
21  84  65  75   0   0  10 0.00  0.0    0  7.6 14 120   M    M   6         M  M
22  86  70  78   3   0  13 0.00  0.0    0  9.1 15 140   M    M   7 1       M  M
23  82  71  77   2   0  12 0.00  0.0    0 12.3 16 150   M    M   9        22 170
================================================================================
SM 1837 1391        12 137  3.62     0.0 212.6          M      105
================================================================================
AV 79.9 60.5                               9.2 FASTST   M    M   5    MAX(MPH)
                                 MISC ---->    24   M                 41    M
================================================================================
NOTES:
# LAST OF SEVERAL OCCURRENCES

COLUMN 17 PEAK WIND IN M.P.H.

PRELIMINARY LOCAL CLIMATOLOGICAL DATA (WS FORM: F-6) , PAGE 2

                                          STATION:  TEMPLE
                                          MONTH:    MAY
                                          YEAR:     2016
                                          LATITUDE:   31  8 N
                                          LONGITUDE:  97 25 W

[TEMPERATURE DATA]      [PRECIPITATION DATA]       SYMBOLS USED IN COLUMN 16

AVERAGE MONTHLY: 70.2   TOTAL FOR MONTH:   3.62    1 = FOG OR MIST
DPTR FM NORMAL:  -2.2   DPTR FM NORMAL:    0.48    2 = FOG REDUCING VISIBILITY
HIGHEST:    91 ON 10    GRTST 24HR  1.82 ON 19-19      TO 1/4 MILE OR LESS
LOWEST:     46 ON  3                               3 = THUNDER
                        SNOW, ICE PELLETS, HAIL    4 = ICE PELLETS
                        TOTAL MONTH:   0.0 INCH    5 = HAIL
                        GRTST 24HR     0.0         6 = FREEZING RAIN OR DRIZZLE
                        GRTST DEPTH:   0           7 = DUSTSTORM OR SANDSTORM:
                                                       VSBY 1/2 MILE OR LESS
                                                   8 = SMOKE OR HAZE
[NO. OF DAYS WITH]      [WEATHER - DAYS WITH]      9 = BLOWING SNOW
                                                   X = TORNADO
MAX 32 OR BELOW:   0    0.01 INCH OR MORE:  10
MAX 90 OR ABOVE:   1    0.10 INCH OR MORE:   4
MIN 32 OR BELOW:   0    0.50 INCH OR MORE:   2
MIN  0 OR BELOW:   0    1.00 INCH OR MORE:   2

[HDD (BASE 65) ]
TOTAL THIS MO.    12    CLEAR  (SCALE 0-3)   8
DPTR FM NORMAL     6    PTCLDY (SCALE 4-7)  12
TOTAL FM JUL 1  1569    CLOUDY (SCALE 8-10)  3
DPTR FM NORMAL  -566

[CDD (BASE 65) ]
TOTAL THIS MO.   137
DPTR FM NORMAL   -43    [PRESSURE DATA]
TOTAL FM JAN 1   305    HIGHEST SLP M ON M
DPTR FM NORMAL   -20    LOWEST  SLP M ON M

[REMARKS]
