000
CXUS56 KSGX 241445
CF6TRM
PRELIMINARY LOCAL CLIMATOLOGICAL DATA (WS FORM: F-6)

                                          STATION:   THERMAL AIRPORT CA
                                          MONTH:     OCTOBER
                                          YEAR:      2014
                                          LATITUDE:   33 37 N
                                          LONGITUDE: 116 10 W

  TEMPERATURE IN F:       :PCPN:    SNOW:  WIND      :SUNSHINE: SKY     :PK WND
================================================================================
1   2   3   4   5  6A  6B    7    8   9   10  11  12  13   14  15   16   17  18
                                     12Z  AVG MX 2MIN
DY MAX MIN AVG DEP HDD CDD  WTR  SNW DPTH SPD SPD DIR MIN PSBL S-S WX    SPD DR
================================================================================

 1  99  60  80   2   0  15 0.00  0.0    0  3.8 10 290   M    M   0        13 320
 2  97  58  78   0   0  13 0.00  0.0    0  3.4 10 330   M    M   0 8      13 340
 3 102  51  77  -1   0  12 0.00  0.0    0  4.5 12 320   M    M   0 8      14 230
 4 105  57  81   4   0  16 0.00  0.0    0  4.8 13 120   M    M   0        17 150
 5  98  56  77   0   0  12 0.00  0.0    0  4.0 10 150   M    M   0        13 140
 6  94  57  76   0   0  11 0.00  0.0    0  4.3 12 150   M    M   0        15 150
 7  90  69  80   4   0  15    T  0.0    0  6.2 20 140   M    M   1 8      26 140
 8  91  62  77   1   0  12 0.00  0.0    0  4.0 15 140   M    M   0        20 130
 9  91  64  78   3   0  13 0.00  0.0    0  3.9  9 140   M    M   0        15  90
10  92  62  77   2   0  12 0.00  0.0    0  4.1 12 140   M    M   0        14 140
11  96  58  77   2   0  12 0.00  0.0    0  3.5 10 140   M    M   0        15 160
12 103  57  80   6   0  15 0.00  0.0    0  3.8 13 300   M    M   0        20 280
13  96  56  76   2   0  11 0.00  0.0    0  3.9 10 280   M    M   0        15 310
14  94  50  72  -2   0   7 0.00  0.0    0  5.0 15 130   M    M   0        21 140
15  91  58  75   2   0  10 0.00  0.0    0  5.0 15 330   M    M   0        20 330
16  91  65  78   5   0  13 0.00  0.0    0  7.6 17 330   M    M   0        25 320
17  92  69  81   9   0  16 0.00  0.0    0  7.4 17 330   M    M   0 8      24 320
18  93  70  82  10   0  17 0.00  0.0    0  9.7 16 330   M    M   0        22 330
19  95  70  83  11   0  18 0.00  0.0    0  6.4 13 330   M    M   0        16 340
20  92  58  75   3   0  10 0.00  0.0    0  4.0 13 310   M    M   0        18 320
21  94  62  78   7   0  13 0.00  0.0    0  3.6 10 340   M    M   0 8      14 130
22  94  53  74   3   0   9 0.00  0.0    0  4.7 12 130   M    M   0        15 140
23  95  54  75   5   0  10 0.00  0.0    0  3.6 13 150   M    M   0 8      16 150
================================================================================
SM 2185 1376         0 292    T      0.0 111.2          M        1
================================================================================
AV 95.0 59.8                               4.8 FASTST   M    M   0    MAX(MPH)
                                 MISC ---->  # 20 140               # 26  140
================================================================================
NOTES:
# LAST OF SEVERAL OCCURRENCES

COLUMN 17 PEAK WIND IN M.P.H.

PRELIMINARY LOCAL CLIMATOLOGICAL DATA (WS FORM: F-6) , PAGE 2

                                          STATION:  THERMAL AIRPORT CA
                                          MONTH:    OCTOBER
                                          YEAR:     2014
                                          LATITUDE:   33 37 N
                                          LONGITUDE: 116 10 W

[TEMPERATURE DATA]      [PRECIPITATION DATA]       SYMBOLS USED IN COLUMN 16

AVERAGE MONTHLY: 77.4   TOTAL FOR MONTH:      T    1 = FOG OR MIST
DPTR FM NORMAL:   3.1   DPTR FM NORMAL:   -0.17    2 = FOG REDUCING VISIBILITY
HIGHEST:   105 ON  4    GRTST 24HR    T  ON  7- 7      TO 1/4 MILE OR LESS
LOWEST:     50 ON 14                               3 = THUNDER
                        SNOW, ICE PELLETS, HAIL    4 = ICE PELLETS
                        TOTAL MONTH:   0.0 INCH    5 = HAIL
                        GRTST 24HR     0.0         6 = FREEZING RAIN OR DRIZZLE
                        GRTST DEPTH:   0           7 = DUSTSTORM OR SANDSTORM:
                                                       VSBY 1/2 MILE OR LESS
                                                   8 = SMOKE OR HAZE
[NO. OF DAYS WITH]      [WEATHER - DAYS WITH]      9 = BLOWING SNOW
                                                   X = TORNADO
MAX 32 OR BELOW:   0    0.01 INCH OR MORE:   0
MAX 90 OR ABOVE:  23    0.10 INCH OR MORE:   0
MIN 32 OR BELOW:   0    0.50 INCH OR MORE:   0
MIN  0 OR BELOW:   0    1.00 INCH OR MORE:   0

[HDD (BASE 65) ]
TOTAL THIS MO.     0    CLEAR  (SCALE 0-3)  23
DPTR FM NORMAL    -1    PTCLDY (SCALE 4-7)   0
TOTAL FM JUL 1     0    CLOUDY (SCALE 8-10)  0
DPTR FM NORMAL    -1

[CDD (BASE 65) ]
TOTAL THIS MO.   292
DPTR FM NORMAL    75    [PRESSURE DATA]
TOTAL FM JAN 1  4172    HIGHEST SLP M ON M
DPTR FM NORMAL   557    LOWEST  SLP 29.75 ON  1

[REMARKS]
