000
CXUS56 KPQR 281200
CF6TTD
PRELIMINARY LOCAL CLIMATOLOGICAL DATA (WS FORM: F-6)

                                          STATION:   TROUTDALE OR
                                          MONTH:     APRIL
                                          YEAR:      2017
                                          LATITUDE:   45 33 N
                                          LONGITUDE: 122 25 W

  TEMPERATURE IN F:       :PCPN:    SNOW:  WIND      :SUNSHINE: SKY     :PK WND
================================================================================
1   2   3   4   5  6A  6B    7    8   9   10  11  12  13   14  15   16   17  18
                                     12Z  AVG MX 2MIN
DY MAX MIN AVG DEP HDD CDD  WTR  SNW DPTH SPD SPD DIR MIN PSBL S-S WX    SPD DR
================================================================================

 1  58  44  51   1  14   0 0.03    M    M  3.2 12 290   M    M   8 1      16 290
 2  58  41  50   0  15   0    T    M    M  5.3 14 310   M    M   7        19 300
 3  58  34  46  -4  19   0 0.00  0.0    0  3.8 17  90   M    M   1        23  90
 4  58  49  54   4  11   0 0.01  0.0    0 15.3 23  90   M    M   7        28  90
 5  63  50  57   7   8   0 0.00  0.0    0 10.6 22  90   M    M   3        29  90
 6  63  49  56   6   9   0 0.40  0.0    0  8.3 23  90   M    M   8 1      29  90
 7  59  44  52   2  13   0 0.02    M    0 12.5 38 210   M    M   9        61 220
 8  54  42  48  -2  17   0 0.03    M    0  8.6 21 210   M    M   8        27 260
 9  60  38  49  -1  16   0 0.06    M    0  6.3 18 230   M    M   5        22 240
10  58  41  50  -1  15   0 0.09    M    0  7.5 25 220   M    M   7        36 230
11  59  41  50  -1  15   0 0.13    M    0 14.1 23 100   M    M   4        30  90
12  59  47  53   2  12   0 0.41    M    0  8.0 23  90   M    M   7 1      27  80
13  54  43  49  -2  16   0 0.41    M    0  5.6 21 210   M    M   8 1      26 210
14  56  41  49  -2  16   0 0.43    M    0  7.5 26 250   M    M   9 13     34 260
15  62  37  50  -1  15   0 0.00  0.0    0  4.0 16 100   M    M   3        21  90
16  63  49  56   5   9   0 0.01    M    0 16.0 26 210   M    M   3        34 210
17  60  48  54   2  11   0 0.37    M    0  5.3 12  90   M    M   9 1      15 180
18  65  48  57   5   8   0 0.09    M    0  6.4 17 240   M    M   6 1      23 260
19  57  47  52   0  13   0 0.25    M    0  6.4 18  90   M    M   8 1      24  80
20  60  43  52   0  13   0 0.10    M    0  4.7 21 250   M    M   9 1      26 250
21  69  40  55   3  10   0 0.00  0.0    0 11.3 21  90   M    M   1        27  90
22  64  51  58   6   7   0 0.12  0.0    0 11.5 25  90   M    M   6 1      34  90
23  57  48  53   1  12   0 0.29    M    0  5.4 20 250   M    M   9 1      27 250
24  54  45  50  -3  15   0 0.95    M    0  7.9 21  80   M    M  10 1      24  80
25  55  48  52  -1  13   0 0.19    M    0  5.3 15 240   M    M  10 1      20 240
26  59  45  52  -1  13   0 0.46    M    0  7.1 16 260   M    M   9 1      21 250
27  55  42  49  -4  16   0 0.26    M    0  6.0 16 210   M    M   8 138    23 230
================================================================================
SM 1597 1195       351   0  5.11     0.0 213.9          M      182
================================================================================
AV 59.2 44.3                               7.9 FASTST   M    M   7    MAX(MPH)
                                 MISC ---->  # 38 210               # 61  220
================================================================================
NOTES:
# LAST OF SEVERAL OCCURRENCES

COLUMN 17 PEAK WIND IN M.P.H.

PRELIMINARY LOCAL CLIMATOLOGICAL DATA (WS FORM: F-6) , PAGE 2

                                          STATION:  TROUTDALE OR
                                          MONTH:    APRIL
                                          YEAR:     2017
                                          LATITUDE:   45 33 N
                                          LONGITUDE: 122 25 W

[TEMPERATURE DATA]      [PRECIPITATION DATA]       SYMBOLS USED IN COLUMN 16

AVERAGE MONTHLY: 51.7   TOTAL FOR MONTH:   5.11    1 = FOG OR MIST
DPTR FM NORMAL:   0.5   DPTR FM NORMAL:    1.60    2 = FOG REDUCING VISIBILITY
HIGHEST:    69 ON 21    GRTST 24HR  0.95 ON 24-24      TO 1/4 MILE OR LESS
LOWEST:     34 ON  3                               3 = THUNDER
                        SNOW, ICE PELLETS, HAIL    4 = ICE PELLETS
                        TOTAL MONTH:   0.0 INCH    5 = HAIL
                        GRTST 24HR     0.0         6 = FREEZING RAIN OR DRIZZLE
                        GRTST DEPTH:   0           7 = DUSTSTORM OR SANDSTORM:
                                                       VSBY 1/2 MILE OR LESS
                                                   8 = SMOKE OR HAZE
[NO. OF DAYS WITH]      [WEATHER - DAYS WITH]      9 = BLOWING SNOW
                                                   X = TORNADO
MAX 32 OR BELOW:   0    0.01 INCH OR MORE:  22
MAX 90 OR ABOVE:   0    0.10 INCH OR MORE:  14
MIN 32 OR BELOW:   0    0.50 INCH OR MORE:   1
MIN  0 OR BELOW:   0    1.00 INCH OR MORE:   0

[HDD (BASE 65) ]
TOTAL THIS MO.   351    CLEAR  (SCALE 0-3)   3
DPTR FM NORMAL   -21    PTCLDY (SCALE 4-7)  13
TOTAL FM JUL 1  4020    CLOUDY (SCALE 8-10) 11
DPTR FM NORMAL  -214

[CDD (BASE 65) ]
TOTAL THIS MO.     0
DPTR FM NORMAL     0    [PRESSURE DATA]
TOTAL FM JAN 1     0    HIGHEST SLP M ON M
DPTR FM NORMAL     0    LOWEST  SLP 29.16 ON  7

[REMARKS]
