000
CXUS55 KTWC 190855
CF6TUS
PRELIMINARY LOCAL CLIMATOLOGICAL DATA (WS FORM: F-6)

                                          STATION:   TUCSON AZ
                                          MONTH:     FEBRUARY
                                          YEAR:      2017
                                          LATITUDE:   32  7 N
                                          LONGITUDE: 110 56 W

  TEMPERATURE IN F:       :PCPN:    SNOW:  WIND      :SUNSHINE: SKY     :PK WND
================================================================================
1   2   3   4   5  6A  6B    7    8   9   10  11  12  13   14  15   16   17  18
                                     12Z  AVG MX 2MIN
DY MAX MIN AVG DEP HDD CDD  WTR  SNW DPTH SPD SPD DIR MIN PSBL S-S WX    SPD DR
================================================================================

 1  77  43  60   6   5   0 0.00  0.0    0  7.0 14 150   M    M   0        15 140
 2  75  42  59   5   6   0 0.00  0.0    0  5.5 12 160   M    M   0        19 190
 3  76  44  60   6   5   0 0.00  0.0    0  6.2 16 140   M    M   0        18 130
 4  77  43  60   6   5   0 0.00  0.0    0  6.8 14 140   M    M   0        19 130
 5  79  47  63   9   2   0 0.00  0.0    0  7.4 15 290   M    M   0        20 300
 6  70  49  60   6   5   0    T    M    0  6.4 14 130   M    M   0        17 300
 7  71  45  58   4   7   0 0.00  0.0    0  4.8 16 310   M    M   0        21 330
 8  77  47  62   8   3   0 0.00  0.0    0  5.7 13 360   M    M   0        16 340
 9  86  46  66  11   0   1 0.00  0.0    M  5.8 15 340   M    M   0        20 170
10  89  49  69  14   0   4 0.00  0.0    0  4.9 14 160   M    M   0        16 160
11  83  54  69  14   0   4 0.00  0.0    0  8.5 18 260   M    M   0        25 180
12  73  52  63   8   2   0 0.01  0.0    0  7.3 17  80   M    M   1 3      25  70
13  68  52  60   5   5   0 0.01  0.0    0  8.2 25 130   M    M   M        31 120
14  71  48  60   5   5   0 0.00  0.0    0  6.6 16  60   M    M   M        20  60
15  70  51  61   6   4   0 0.00  0.0    0 13.3 28 110   M    M   M        37 120
16  74  41  58   3   7   0 0.00  0.0    0  5.9 14 350   M    M   M        18 340
17  72  50  61   5   4   0 0.00  0.0    0 10.3 26 200   M    M   M        32 200
18  66  50  58   2   7   0 0.05  0.0    0 15.7 33 200   M    M   M        43 200
================================================================================
SM 1354  853        72   9  0.07     0.0 136.3          M        1
================================================================================
AV 75.2 47.4                               7.6 FASTST   M    M   0    MAX(MPH)
                                 MISC ---->  # 33 200               # 43  200
================================================================================
NOTES:
# LAST OF SEVERAL OCCURRENCES

COLUMN 17 PEAK WIND IN M.P.H.

PRELIMINARY LOCAL CLIMATOLOGICAL DATA (WS FORM: F-6) , PAGE 2

                                          STATION:  TUCSON AZ
                                          MONTH:    FEBRUARY
                                          YEAR:     2017
                                          LATITUDE:   32  7 N
                                          LONGITUDE: 110 56 W

[TEMPERATURE DATA]      [PRECIPITATION DATA]       SYMBOLS USED IN COLUMN 16

AVERAGE MONTHLY: 61.3   TOTAL FOR MONTH:   0.07    1 = FOG OR MIST
DPTR FM NORMAL:   6.6   DPTR FM NORMAL:   -0.50    2 = FOG REDUCING VISIBILITY
HIGHEST:    89 ON 10    GRTST 24HR  0.05 ON 18-18      TO 1/4 MILE OR LESS
LOWEST:     41 ON 16                               3 = THUNDER
                        SNOW, ICE PELLETS, HAIL    4 = ICE PELLETS
                        TOTAL MONTH:   0.0 INCH    5 = HAIL
                        GRTST 24HR     0.0         6 = FREEZING RAIN OR DRIZZLE
                        GRTST DEPTH:   0           7 = DUSTSTORM OR SANDSTORM:
                                                       VSBY 1/2 MILE OR LESS
                                                   8 = SMOKE OR HAZE
[NO. OF DAYS WITH]      [WEATHER - DAYS WITH]      9 = BLOWING SNOW
                                                   X = TORNADO
MAX 32 OR BELOW:   0    0.01 INCH OR MORE:   3
MAX 90 OR ABOVE:   0    0.10 INCH OR MORE:   0
MIN 32 OR BELOW:   0    0.50 INCH OR MORE:   0
MIN  0 OR BELOW:   0    1.00 INCH OR MORE:   0

[HDD (BASE 65) ]
TOTAL THIS MO.    72    CLEAR  (SCALE 0-3)  12
DPTR FM NORMAL  -115    PTCLDY (SCALE 4-7)   0
TOTAL FM JUL 1   799    CLOUDY (SCALE 8-10)  0
DPTR FM NORMAL  -382

[CDD (BASE 65) ]
TOTAL THIS MO.     9
DPTR FM NORMAL     9    [PRESSURE DATA]
TOTAL FM JAN 1     9    HIGHEST SLP M ON M
DPTR FM NORMAL     8    LOWEST  SLP 29.47 ON 18

[REMARKS]
