461
CXUS55 KTWC 270855
CF6TUS
PRELIMINARY LOCAL CLIMATOLOGICAL DATA (WS FORM: F-6)

                                          STATION:   TUCSON AZ
                                          MONTH:     JULY
                                          YEAR:      2016
                                          LATITUDE:   32  7 N
                                          LONGITUDE: 110 56 W

  TEMPERATURE IN F:       :PCPN:    SNOW:  WIND      :SUNSHINE: SKY     :PK WND
================================================================================
1   2   3   4   5  6A  6B    7    8   9   10  11  12  13   14  15   16   17  18
                                     12Z  AVG MX 2MIN
DY MAX MIN AVG DEP HDD CDD  WTR  SNW DPTH SPD SPD DIR MIN PSBL S-S WX    SPD DR
================================================================================

 1  86  69  78 -10   0  13 0.83    M    M  6.9 20 260   M    M   4 13     26 250
 2  97  74  86  -2   0  21 0.00    M    M  5.0 14 340   M    M   1        18 350
 3 100  77  89   1   0  24 0.00    M    M  5.1 13 340   M    M   1        16 290
 4 104  77  91   3   0  26 0.00    M    M  5.6 15 200   M    M   1        18 320
 5 104  77  91   3   0  26 0.00    M    M  6.8 14 290   M    M   0 8      19 280
 6 101  80  91   3   0  26 0.00    M    M  9.3 26 170   M    M   1 3      31 170
 7 102  78  90   2   0  25 0.00    M    M  8.1 16 200   M    M   3        23 160
 8 103  81  92   4   0  27 0.00    M    M  5.8 15 280   M    M   2 3      19 270
 9 105  81  93   5   0  28 0.00    M    M  5.4 16 360   M    M   0        24 330
10 106  79  93   5   0  28 0.00    M    M  6.7 18 280   M    M   0        25 340
11 106  80  93   5   0  28 0.00    M    M  7.8 21 220   M    M   0        28 220
12 106  79  93   5   0  28 0.00    M    M  7.3 16 280   M    M   0        21 270
13 105  83  94   6   0  29 0.00    M    M  7.6 23 190   M    M   0        28 190
14 106  83  95   8   0  30 0.00    M    M  8.4 20 340   M    M   0        26 340
15 106  83  95   8   0  30 0.00    M    M  7.5 18 350   M    M   0        31 340
16 105  83  94   7   0  29 0.00    M    M 10.3 28 190   M    M   0        34 190
17  99  74  87   0   0  22 0.25    M    M 10.5 33 150   M    M   2 3      37 150
18  98  76  87   0   0  22    T  0.0    M  8.8 23 130   M    M   M 3      26 140
19 102  78  90   3   0  25    T  0.0    M  7.7 26 130   M    M   M 3      32 140
20 101  75  88   1   0  23 0.12  0.0    M  5.5 23  70   M    M   M 38     28 280
21 107  79  93   6   0  28 0.00  0.0    M  7.8 18 270   M    M   M        24 280
22 106  81  94   7   0  29 0.00  0.0    M  7.9 44 150   M    M   M 38     52 150
23 106  83  95   8   0  30 0.00  0.0    M  9.3 20 340   M    M   M        25 360
24 103  82  93   7   0  28    T  0.0    M 10.2 25 190   M    M   M        32 200
25 102  81  92   6   0  27 0.00    M    M  8.4 24 120   M    M   0        31 130
26 105  78  92   6   0  27 0.02    M    M  7.4 39 140   M    M   1 38     51 140
================================================================================
SM 2671 2051         0 679  1.22     0.0 197.1          M       16
================================================================================
AV102.7 78.9                               7.6 FASTST   M    M   1    MAX(MPH)
                                 MISC ---->  # 44 150               # 52  150
================================================================================
NOTES:
# LAST OF SEVERAL OCCURRENCES

COLUMN 17 PEAK WIND IN M.P.H.

PRELIMINARY LOCAL CLIMATOLOGICAL DATA (WS FORM: F-6) , PAGE 2

                                          STATION:  TUCSON AZ
                                          MONTH:    JULY
                                          YEAR:     2016
                                          LATITUDE:   32  7 N
                                          LONGITUDE: 110 56 W

[TEMPERATURE DATA]      [PRECIPITATION DATA]       SYMBOLS USED IN COLUMN 16

AVERAGE MONTHLY: 90.8   TOTAL FOR MONTH:   1.22    1 = FOG OR MIST
DPTR FM NORMAL:   3.4   DPTR FM NORMAL:   -0.55    2 = FOG REDUCING VISIBILITY
HIGHEST:   107 ON 21    GRTST 24HR  0.83 ON  1- 1      TO 1/4 MILE OR LESS
LOWEST:     69 ON  1                               3 = THUNDER
                        SNOW, ICE PELLETS, HAIL    4 = ICE PELLETS
                        TOTAL MONTH:   0.0 INCH    5 = HAIL
                        GRTST 24HR     0.0         6 = FREEZING RAIN OR DRIZZLE
                        GRTST DEPTH:  M  ON   M    7 = DUSTSTORM OR SANDSTORM:
                                                       VSBY 1/2 MILE OR LESS
                                                   8 = SMOKE OR HAZE
[NO. OF DAYS WITH]      [WEATHER - DAYS WITH]      9 = BLOWING SNOW
                                                   X = TORNADO
MAX 32 OR BELOW:   0    0.01 INCH OR MORE:   4
MAX 90 OR ABOVE:  25    0.10 INCH OR MORE:   3
MIN 32 OR BELOW:   0    0.50 INCH OR MORE:   1
MIN  0 OR BELOW:   0    1.00 INCH OR MORE:   0

[HDD (BASE 65) ]
TOTAL THIS MO.     0    CLEAR  (SCALE 0-3)  18
DPTR FM NORMAL     0    PTCLDY (SCALE 4-7)   1
TOTAL FM JUL 1     0    CLOUDY (SCALE 8-10)  0
DPTR FM NORMAL     0

[CDD (BASE 65) ]
TOTAL THIS MO.   679
DPTR FM NORMAL    98    [PRESSURE DATA]
TOTAL FM JAN 1  1956    HIGHEST SLP M ON M
DPTR FM NORMAL   279    LOWEST  SLP 29.65 ON M

[REMARKS]
