000
CXUS54 KJAN 221200
CF6TVR
PRELIMINARY LOCAL CLIMATOLOGICAL DATA (WS FORM: F-6)

                                          STATION:   VICKSBURG
                                          MONTH:     OCTOBER
                                          YEAR:      2017
                                          LATITUDE:   32 20 N
                                          LONGITUDE:  91  2 W

  TEMPERATURE IN F:       :PCPN:    SNOW:  WIND      :SUNSHINE: SKY     :PK WND
================================================================================
1   2   3   4   5  6A  6B    7    8   9   10  11  12  13   14  15   16   17  18
                                     12Z  AVG MX 2MIN
DY MAX MIN AVG DEP HDD CDD  WTR  SNW DPTH SPD SPD DIR MIN PSBL S-S WX    SPD DR
================================================================================

 1  86  64  75   4   0  10 0.00  0.0    0  8.8 17 140   M    M   4        21 120
 2  76  65  71   1   0   6 0.40  0.0    0  9.7 17 130   M    M   7 18     24 130
 3  87  69  78   8   0  13 0.00  0.0    0  8.9 16 140   M    M   1        22 150
 4  86  62  74   4   0   9 0.00  0.0    0  6.6 15 100   M    M   1        23 110
 5  85  58  72   3   0   7 0.00  0.0    0  3.1 13  40   M    M   0 1      15  80
 6  87  58  73   4   0   8 0.00  0.0    0  4.0 12 170   M    M   3 12     20 140
 7  85  70  78   9   0  13 0.00  0.0    0  6.7 18 150   M    M   4        24 150
 8  92  72  82  14   0  17 0.00  0.0    0  4.1 10 300   M    M   4        14 290
 9  91  71  81  13   0  16 0.00  0.0    0  4.4 20 160   M    M   3 1      23 160
10  93  72  83  15   0  18 0.00  0.0    0  3.2 10 320   M    M   4 1      16 310
11  81  60  71   4   0   6 0.00  0.0    0  5.6 15  10   M    M   1        17  10
12  83  56  70   3   0   5 0.00  0.0    0  4.3 10  20   M    M   0 1      16  30
13  89  56  73   6   0   8 0.00  0.0    0  1.5  8  20   M    M   0 1      11  40
14  91  64  78  12   0  13 0.00  0.0    0  4.3 14 150   M    M   1 1      17 170
15  90  61  76  10   0  11 0.17  0.0    0  6.6 24  20   M    M   6 13     31  20
16  72  50  61  -5   4   0    T  0.0    0 12.6 22  10   M    M   0        26 360
17  76  46  61  -4   4   0 0.00  0.0    0  5.7 13  20   M    M   0        14  10
18  79  44  62  -3   3   0 0.00  0.0    0  3.7 10  80   M    M   0 1      16 130
19  79  46  63  -2   2   0 0.00  0.0    0  2.5 10  80   M    M   0 1      14  50
20  82  55  69   5   0   4 0.00  0.0    0  5.9 14 150   M    M   1        21 100
21  86  63  75  11   0  10    T  0.0    0 10.0 24 140   M    M   3 3      30 140
================================================================================
SM 1776 1262        13 174  0.57     0.0 122.2          M       43
================================================================================
AV 84.6 60.1                               5.8 FASTST   M    M   2    MAX(MPH)
                                 MISC ---->  # 24  20               # 31   20
================================================================================
NOTES:
# LAST OF SEVERAL OCCURRENCES

COLUMN 17 PEAK WIND IN M.P.H.

PRELIMINARY LOCAL CLIMATOLOGICAL DATA (WS FORM: F-6) , PAGE 2

                                          STATION:  VICKSBURG
                                          MONTH:    OCTOBER
                                          YEAR:     2017
                                          LATITUDE:   32 20 N
                                          LONGITUDE:  91  2 W

[TEMPERATURE DATA]      [PRECIPITATION DATA]       SYMBOLS USED IN COLUMN 16

AVERAGE MONTHLY: 72.3   TOTAL FOR MONTH:   0.57    1 = FOG OR MIST
DPTR FM NORMAL:   5.0   DPTR FM NORMAL:   -2.65    2 = FOG REDUCING VISIBILITY
HIGHEST:    93 ON 10    GRTST 24HR  0.40 ON  2- 2      TO 1/4 MILE OR LESS
LOWEST:     44 ON 18                               3 = THUNDER
                        SNOW, ICE PELLETS, HAIL    4 = ICE PELLETS
                        TOTAL MONTH:   0.0 INCH    5 = HAIL
                        GRTST 24HR     0.0         6 = FREEZING RAIN OR DRIZZLE
                        GRTST DEPTH:   0           7 = DUSTSTORM OR SANDSTORM:
                                                       VSBY 1/2 MILE OR LESS
                                                   8 = SMOKE OR HAZE
[NO. OF DAYS WITH]      [WEATHER - DAYS WITH]      9 = BLOWING SNOW
                                                   X = TORNADO
MAX 32 OR BELOW:   0    0.01 INCH OR MORE:   2
MAX 90 OR ABOVE:   5    0.10 INCH OR MORE:   2
MIN 32 OR BELOW:   0    0.50 INCH OR MORE:   0
MIN  0 OR BELOW:   0    1.00 INCH OR MORE:   0

[HDD (BASE 65) ]
TOTAL THIS MO.    13    CLEAR  (SCALE 0-3)  15
DPTR FM NORMAL   -31    PTCLDY (SCALE 4-7)   6
TOTAL FM JUL 1    17    CLOUDY (SCALE 8-10)  0
DPTR FM NORMAL   -32

[CDD (BASE 65) ]
TOTAL THIS MO.   174
DPTR FM NORMAL    85    [PRESSURE DATA]
TOTAL FM JAN 1  2442    HIGHEST SLP M ON M
DPTR FM NORMAL   256    LOWEST  SLP 29.58 ON  8

[REMARKS]
