000
CXUS54 KSHV 181300
CF6TXK
PRELIMINARY LOCAL CLIMATOLOGICAL DATA (WS FORM: F-6)

                                          STATION:   TEXARKANA
                                          MONTH:     APRIL
                                          YEAR:      2014
                                          LATITUDE:   33 27 N
                                          LONGITUDE:  94  0 W

  TEMPERATURE IN F:       :PCPN:    SNOW:  WIND      :SUNSHINE: SKY     :PK WND
================================================================================
1   2   3   4   5  6A  6B    7    8   9   10  11  12  13   14  15   16   17  18
                                     12Z  AVG MX 2MIN
DY MAX MIN AVG DEP HDD CDD  WTR  SNW DPTH SPD SPD DIR MIN PSBL S-S WX    SPD DR
================================================================================

 1  75  59  67   7   0   2 0.00  0.0    0  7.8 15 170   M    M   6 1      20 150
 2  77  66  72  12   0   7 0.00  0.0    0 11.2 20 180   M    M   8 18     28 180
 3  83  61  72  11   0   7 0.19  0.0    0 13.3 31 290   M    M   7 13     40 290
 4  67  44  56  -5   9   0 0.01  0.0    0  8.1 21 310   M    M   0 3      30 320
 5  54  44  49 -12  16   0 0.04  0.0    0  5.8 14  60   M    M   3        18  40
 6  49  46  48 -13  17   0 1.37  0.0    0  9.3 21 250   M    M   9 13     25  40
 7  63  46  55  -7  10   0 0.02  0.0    0  8.2 15 290   M    M   7 18     18 290
 8  66  41  54  -8  11   0 0.04  0.0    0  8.3 31 310   M    M   3 3      41 350
 9  75  37  56  -6   9   0 0.00  0.0    0  4.7 13 220   M    M   0        17 180
10  82  53  68   6   0   3 0.00  0.0    0 12.1 22 180   M    M   0        30 210
11  79  57  68   5   0   3 0.00  0.0    0  9.5 17 150   M    M   3        23 180
12  78  60  69   6   0   4 0.00  0.0    0 12.0 22 150   M    M   3        29 150
13  73  63  68   5   0   3 0.08  0.0    0 13.3 28 180   M    M   6 13     37 170
14  63  39  51 -12  14   0 0.49    M    0 10.2 18 340   M    M   7 13     32 360
15  60  34  47 -17  18   0 0.00  0.0    0  5.1 14 330   M    M   0        17 330
16  63  39  51 -13  14   0 0.00  0.0    0  7.7 17 140   M    M   0        23 150
17  67  42  55  -9  10   0 0.00  0.0    0  3.9 10 140   M    M   4 3      14  50
================================================================================
SM 1174  831       128  29  2.24     0.0 150.5          M       66
================================================================================
AV 69.1 48.9                               8.9 FASTST   M    M   4    MAX(MPH)
                                 MISC ---->  # 31 290               # 41  350
================================================================================
NOTES:
# LAST OF SEVERAL OCCURRENCES

COLUMN 17 PEAK WIND IN M.P.H.

PRELIMINARY LOCAL CLIMATOLOGICAL DATA (WS FORM: F-6) , PAGE 2

                                          STATION:  TEXARKANA
                                          MONTH:    APRIL
                                          YEAR:     2014
                                          LATITUDE:   33 27 N
                                          LONGITUDE:  94  0 W

[TEMPERATURE DATA]      [PRECIPITATION DATA]       SYMBOLS USED IN COLUMN 16

AVERAGE MONTHLY: 59.0   TOTAL FOR MONTH:   2.24    1 = FOG OR MIST
DPTR FM NORMAL:  -3.1   DPTR FM NORMAL:    0.15    2 = FOG REDUCING VISIBILITY
HIGHEST:    83 ON  3    GRTST 24HR  1.39 ON  6- 7      TO 1/4 MILE OR LESS
LOWEST:     34 ON 15                               3 = THUNDER
                        SNOW, ICE PELLETS, HAIL    4 = ICE PELLETS
                        TOTAL MONTH:   0.0 INCH    5 = HAIL
                        GRTST 24HR     0.0         6 = FREEZING RAIN OR DRIZZLE
                        GRTST DEPTH:   0           7 = DUSTSTORM OR SANDSTORM:
                                                       VSBY 1/2 MILE OR LESS
                                                   8 = SMOKE OR HAZE
[NO. OF DAYS WITH]      [WEATHER - DAYS WITH]      9 = BLOWING SNOW
                                                   X = TORNADO
MAX 32 OR BELOW:   0    0.01 INCH OR MORE:   8
MAX 90 OR ABOVE:   0    0.10 INCH OR MORE:   3
MIN 32 OR BELOW:   0    0.50 INCH OR MORE:   1
MIN  0 OR BELOW:   0    1.00 INCH OR MORE:   1

[HDD (BASE 65) ]
TOTAL THIS MO.   128    CLEAR  (SCALE 0-3)   8
DPTR FM NORMAL    47    PTCLDY (SCALE 4-7)   8
TOTAL FM JUL 1  2990    CLOUDY (SCALE 8-10)  1
DPTR FM NORMAL   415

[CDD (BASE 65) ]
TOTAL THIS MO.    29
DPTR FM NORMAL    -3    [PRESSURE DATA]
TOTAL FM JAN 1    36    HIGHEST SLP M ON M
DPTR FM NORMAL   -19    LOWEST  SLP 29.67 ON 13

[REMARKS]
