000
CXUS54 KSHV 181300
CF6TXK
PRELIMINARY LOCAL CLIMATOLOGICAL DATA (WS FORM: F-6)

                                          STATION:   TEXARKANA
                                          MONTH:     DECEMBER
                                          YEAR:      2014
                                          LATITUDE:   33 27 N
                                          LONGITUDE:  94  0 W

  TEMPERATURE IN F:       :PCPN:    SNOW:  WIND      :SUNSHINE: SKY     :PK WND
================================================================================
1   2   3   4   5  6A  6B    7    8   9   10  11  12  13   14  15   16   17  18
                                     12Z  AVG MX 2MIN
DY MAX MIN AVG DEP HDD CDD  WTR  SNW DPTH SPD SPD DIR MIN PSBL S-S WX    SPD DR
================================================================================

 1  65  38  52   3  13   0 0.03  0.0    0  8.3 16 310   M    M   9 18     19 300
 2  48  35  42  -6  23   0 0.00  0.0    0  2.3  9 310   M    M   6 12     11 320
 3  49  38  44  -4  21   0    T  0.0    0  4.1 10  60   M    M  10 12     15 110
 4  58  48  53   5  12   0 0.00  0.0    0  3.5  7 120   M    M  10 12     11  90
 5  74  57  66  18   0   1 0.29  0.0    0  8.8 20 230   M    M   8 128    29 230
 6  65  50  58  11   7   0 0.00  0.0    0  8.0 16  20   M    M   5        22  20
 7  51  42  47   0  18   0 0.00  0.0    0  5.0 14  50   M    M   6 18     20  50
 8  60  34  47   0  18   0 0.00  0.0    0  3.9 10 320   M    M   0 18     14 300
 9  68  37  53   7  12   0 0.00  0.0    0  5.2 14 320   M    M   3 12     18 300
10  51  32  42  -4  23   0 0.00  0.0    0  3.8  9  80   M    M   3 1      13  80
11  44  42  43  -3  22   0 0.25  0.0    0  3.5  8 110   M    M  10 1      11 130
12  49  44  47   1  18   0 0.73  0.0    0  4.4  8  60   M    M   9 1      12 110
13  67  48  58  12   7   0 0.00  0.0    0  4.4  9 150   M    M   6 12     12 140
14  69  50  60  15   5   0 0.00  0.0    0  9.3 24 160   M    M   6 1      32 180
15  67  49  58  13   7   0 0.10  0.0    0 13.8 26 170   M    M   3 1      35 170
16  52  35  44  -1  21   0 0.00  0.0    0  8.1 21 290   M    M   0        25 290
17  41  31  36  -9  29   0 0.10  0.0    0  5.6 15 300   M    M   6 1      17 300
================================================================================
SM  978  710       256   1  1.50     0.0 102.0          M      100
================================================================================
AV 57.5 41.8                               6.0 FASTST   M    M   6    MAX(MPH)
                                 MISC ---->  # 26 170               # 35  170
================================================================================
NOTES:
# LAST OF SEVERAL OCCURRENCES

COLUMN 17 PEAK WIND IN M.P.H.

PRELIMINARY LOCAL CLIMATOLOGICAL DATA (WS FORM: F-6) , PAGE 2

                                          STATION:  TEXARKANA
                                          MONTH:    DECEMBER
                                          YEAR:     2014
                                          LATITUDE:   33 27 N
                                          LONGITUDE:  94  0 W

[TEMPERATURE DATA]      [PRECIPITATION DATA]       SYMBOLS USED IN COLUMN 16

AVERAGE MONTHLY: 49.6   TOTAL FOR MONTH:   1.50    1 = FOG OR MIST
DPTR FM NORMAL:   3.1   DPTR FM NORMAL:   -1.49    2 = FOG REDUCING VISIBILITY
HIGHEST:    74 ON  5    GRTST 24HR  0.74 ON 11-12      TO 1/4 MILE OR LESS
LOWEST:     31 ON 17                               3 = THUNDER
                        SNOW, ICE PELLETS, HAIL    4 = ICE PELLETS
                        TOTAL MONTH:   0.0 INCH    5 = HAIL
                        GRTST 24HR     0.0         6 = FREEZING RAIN OR DRIZZLE
                        GRTST DEPTH:   0           7 = DUSTSTORM OR SANDSTORM:
                                                       VSBY 1/2 MILE OR LESS
                                                   8 = SMOKE OR HAZE
[NO. OF DAYS WITH]      [WEATHER - DAYS WITH]      9 = BLOWING SNOW
                                                   X = TORNADO
MAX 32 OR BELOW:   0    0.01 INCH OR MORE:   6
MAX 90 OR ABOVE:   0    0.10 INCH OR MORE:   5
MIN 32 OR BELOW:   2    0.50 INCH OR MORE:   1
MIN  0 OR BELOW:   0    1.00 INCH OR MORE:   0

[HDD (BASE 65) ]
TOTAL THIS MO.   256    CLEAR  (SCALE 0-3)   4
DPTR FM NORMAL   -58    PTCLDY (SCALE 4-7)   8
TOTAL FM JUL 1   766    CLOUDY (SCALE 8-10)  5
DPTR FM NORMAL    -6

[CDD (BASE 65) ]
TOTAL THIS MO.     1
DPTR FM NORMAL     1    [PRESSURE DATA]
TOTAL FM JAN 1  2134    HIGHEST SLP M ON M
DPTR FM NORMAL   -70    LOWEST  SLP 29.84 ON 15

[REMARKS]
