000
CXUS54 KSHV 211300
CF6TYR
PRELIMINARY LOCAL CLIMATOLOGICAL DATA (WS FORM: F-6)

                                          STATION:   TYLER
                                          MONTH:     NOVEMBER
                                          YEAR:      2017
                                          LATITUDE:   32 22 N
                                          LONGITUDE:  95 24 W

  TEMPERATURE IN F:       :PCPN:    SNOW:  WIND      :SUNSHINE: SKY     :PK WND
================================================================================
1   2   3   4   5  6A  6B    7    8   9   10  11  12  13   14  15   16   17  18
                                     12Z  AVG MX 2MIN
DY MAX MIN AVG DEP HDD CDD  WTR  SNW DPTH SPD SPD DIR MIN PSBL S-S WX    SPD DR
================================================================================

 1  75  51  63   2   2   0 0.50  0.0    0  7.9 16 190   M    M   6 1      22 190
 2  85  69  77  16   0  12 0.00  0.0    0 13.8 23 200   M    M   5        29 200
 3  84  66  75  15   0  10 0.00  0.0    0  7.2 14 200   M    M   6 1      19 200
 4  83  67  75  15   0  10 0.00  0.0    0 10.6 17 200   M    M   6 1      23 200
 5  84  70  77  17   0  12 0.00  0.0    0 12.8 22 210   M    M   5        29 210
 6  85  63  74  15   0   9 0.00  0.0    0  8.6 21 200   M    M   5        26 200
 7  63  50  57  -2   8   0 0.00  0.0    0  7.9 17 350   M    M   8 1      22 350
 8  52  48  50  -8  15   0 0.87  0.0    0  7.7 16 350   M    M  10 1      20 360
 9  62  45  54  -4  11   0 0.00  0.0    0  3.8 13  40   M    M   4 18     17  30
10  66  40  53  -5  12   0 0.00  0.0    0  4.6 13 100   M    M   2        17 100
11  66  51  59   2   6   0    T  0.0    0  9.5 15 150   M    M  10        19 160
12  70  59  65   8   0   0 0.01  0.0    0  6.5 12  30   M    M  10        15  20
13  64  57  61   5   4   0    T  0.0    0  6.4 12 100   M    M   9 1      13  70
14  75  56  66  10   0   1 0.00  0.0    0  8.6 14 160   M    M   6        22 150
15  72  63  68  12   0   3 0.00  0.0    0  7.2 16 210   M    M  10        20 200
16  76  63  70  15   0   5 0.00  0.0    0  6.1 14 150   M    M   9 18     17 150
17  79  65  72  17   0   7 0.00  0.0    0 15.0 24 200   M    M   7        32 200
18  79  46  63   8   2   0    T  0.0    0 16.0 30 320   M    M   4        39 330
19  62  37  50  -4  15   0 0.00  0.0    0  4.1 15  40   M    M   0 8      21  20
20  63  36  50  -4  15   0 0.00  0.0    0  7.1 16 200   M    M   0        21 200
================================================================================
SM 1445 1102        90  69  1.38     0.0 171.4          M      122
================================================================================
AV 72.3 55.1                               8.6 FASTST   M    M   6    MAX(MPH)
                                 MISC ---->  # 30 320               # 39  330
================================================================================
NOTES:
# LAST OF SEVERAL OCCURRENCES

COLUMN 17 PEAK WIND IN M.P.H.

PRELIMINARY LOCAL CLIMATOLOGICAL DATA (WS FORM: F-6) , PAGE 2

                                          STATION:  TYLER
                                          MONTH:    NOVEMBER
                                          YEAR:     2017
                                          LATITUDE:   32 22 N
                                          LONGITUDE:  95 24 W

[TEMPERATURE DATA]      [PRECIPITATION DATA]       SYMBOLS USED IN COLUMN 16

AVERAGE MONTHLY: 63.7   TOTAL FOR MONTH:   1.38    1 = FOG OR MIST
DPTR FM NORMAL:   6.2   DPTR FM NORMAL:   -1.48    2 = FOG REDUCING VISIBILITY
HIGHEST:    85 ON  6, 2 GRTST 24HR  0.87 ON  8- 8      TO 1/4 MILE OR LESS
LOWEST:     36 ON 20                               3 = THUNDER
                        SNOW, ICE PELLETS, HAIL    4 = ICE PELLETS
                        TOTAL MONTH:   0.0 INCH    5 = HAIL
                        GRTST 24HR     0.0         6 = FREEZING RAIN OR DRIZZLE
                        GRTST DEPTH:   0           7 = DUSTSTORM OR SANDSTORM:
                                                       VSBY 1/2 MILE OR LESS
                                                   8 = SMOKE OR HAZE
[NO. OF DAYS WITH]      [WEATHER - DAYS WITH]      9 = BLOWING SNOW
                                                   X = TORNADO
MAX 32 OR BELOW:   0    0.01 INCH OR MORE:   3
MAX 90 OR ABOVE:   0    0.10 INCH OR MORE:   2
MIN 32 OR BELOW:   0    0.50 INCH OR MORE:   2
MIN  0 OR BELOW:   0    1.00 INCH OR MORE:   0

[HDD (BASE 65) ]
TOTAL THIS MO.    90    CLEAR  (SCALE 0-3)   3
DPTR FM NORMAL   -74    PTCLDY (SCALE 4-7)  10
TOTAL FM JUL 1   178    CLOUDY (SCALE 8-10)  7
DPTR FM NORMAL   -63

[CDD (BASE 65) ]
TOTAL THIS MO.    69
DPTR FM NORMAL    55    [PRESSURE DATA]
TOTAL FM JAN 1  2767    HIGHEST SLP M ON M
DPTR FM NORMAL   360    LOWEST  SLP 29.72 ON 18

[REMARKS]
